{"id":8725,"date":"2019-12-31T08:40:45","date_gmt":"2019-12-31T06:40:45","guid":{"rendered":"http:\/\/www.eoimalaga.com\/web\/?page_id=8725"},"modified":"2025-06-16T12:42:41","modified_gmt":"2025-06-16T10:42:41","slug":"pruebas-periodicas","status":"publish","type":"page","link":"https:\/\/www.eoimalaga.com\/web\/japones\/pruebas-periodicas\/","title":{"rendered":"Pruebas peri\u00f3dicas"},"content":{"rendered":"<div class=\"wpb-content-wrapper\"><p>[vc_row][vc_column][vc_column_text css=\u00bb\u00bb]<span style=\"font-size: 12pt;\"><strong><span style=\"color: #ff6600; font-family: times new roman,times,serif;\"><span class=\"Estilo37\" style=\"margin: 0px; padding: 0px; border: 0px; text-align: justify; text-transform: none; text-indent: 0px; letter-spacing: normal; font-style: normal; vertical-align: baseline; background-color: #ffffff;\"><u>Evaluaci\u00f3n de\u00a0<\/u><\/span><span class=\"Estilo46\" style=\"margin: 0px; padding: 0px; border: 0px; text-align: justify; text-transform: none; text-indent: 0px; letter-spacing: normal; font-style: normal; vertical-align: baseline; background-color: #ffffff;\"><u>Nivel B\u00e1sico A1, A2\u00a0 y primer curso del Nivel Avanzado B2.1<\/u><\/span><\/span><\/strong><\/span><\/p>\n<p><span style=\"font-family: georgia, palatino, serif; font-size: 14px;\">Para los alumnos de matriculaci\u00f3n oficial la evaluaci\u00f3n ser\u00e1 continua,\u00a0 realiz\u00e1ndose dos pruebas de\u00a0 evaluaci\u00f3n en las fechas oficiales fijadas por la Escuela.<\/span><\/p>\n<p><span style=\"font-family: georgia, palatino, serif; font-size: 14px;\">La puntuaci\u00f3n m\u00ednima para superar el curso ser\u00e1 del 50%<\/span><\/p>\n<p><span style=\"font-family: georgia, palatino, serif; font-size: 14px;\">Los ex\u00e1menes constar\u00e1n de cinco partes distribuidas por destrezas para evaluar las capacidades comunicativas del alumno:<\/span><\/p>\n<ul>\n<li><span style=\"font-family: georgia, palatino, serif; font-size: 14px;\">Comprensi\u00f3n oral<\/span><\/li>\n<li><span style=\"font-family: georgia, palatino, serif; font-size: 14px;\">Comprensi\u00f3n escrita<\/span><\/li>\n<li><span style=\"font-family: georgia, palatino, serif; font-size: 14px;\">Expresi\u00f3n escrita<\/span><\/li>\n<li><span style=\"font-family: georgia, palatino, serif; font-size: 14px;\">Expresi\u00f3n oral<\/span><\/li>\n<li><span style=\"font-family: georgia, palatino, serif; font-size: 14px;\">Mediaci\u00f3n<\/span><\/li>\n<\/ul>\n<p><span style=\"font-family: georgia, palatino, serif; font-size: 14px;\">Para superar el curso tienen que estar aprobadas las cinco destrezas. No obstante las destrezas aprobadas en Junio ser\u00e1n guardadas para la convocatoria de Septiembre donde el alumno solo se examinar\u00e1\u00a0 de las destrezas suspensas en Junio.<\/span>[\/vc_column_text][\/vc_column][\/vc_row]<\/p>\n<\/div>","protected":false},"excerpt":{"rendered":"<p>[vc_row][vc_column][vc_column_text css=\u00bb\u00bb]Evaluaci\u00f3n de\u00a0Nivel B\u00e1sico A1, A2\u00a0 y primer curso del Nivel Avanzado B2.1 Para los alumnos de matriculaci\u00f3n oficial la evaluaci\u00f3n ser\u00e1 continua,\u00a0 realiz\u00e1ndose dos pruebas de\u00a0 evaluaci\u00f3n en las fechas oficiales fijadas por la Escuela. La puntuaci\u00f3n m\u00ednima para superar el curso ser\u00e1 del 50% Los ex\u00e1menes constar\u00e1n de cinco partes distribuidas por destrezas [&hellip;]<\/p>\n","protected":false},"author":19,"featured_media":0,"parent":8704,"menu_order":0,"comment_status":"closed","ping_status":"closed","template":"","meta":{"inline_featured_image":false,"footnotes":""},"categories":[63],"tags":[],"class_list":["post-8725","page","type-page","status-publish","hentry","category-japones"],"yoast_head":"<!-- This site is optimized with the Yoast SEO plugin v26.5 - https:\/\/yoast.com\/wordpress\/plugins\/seo\/ -->\n<title>Pruebas peri\u00f3dicas - P\u00e1gina Oficial de la EOI de M\u00e1laga ::Los idiomas ponen el mundo a tus pies::<\/title>\n<meta name=\"robots\" content=\"index, follow, max-snippet:-1, max-image-preview:large, max-video-preview:-1\" \/>\n<link rel=\"canonical\" href=\"https:\/\/www.eoimalaga.com\/web\/japones\/pruebas-periodicas\/\" \/>\n<meta property=\"og:locale\" content=\"es_ES\" \/>\n<meta property=\"og:type\" content=\"article\" \/>\n<meta property=\"og:title\" content=\"Pruebas peri\u00f3dicas - P\u00e1gina Oficial de la EOI de M\u00e1laga ::Los idiomas ponen el mundo a tus pies::\" \/>\n<meta property=\"og:description\" content=\"[vc_row][vc_column][vc_column_text css=\u00bb\u00bb]Evaluaci\u00f3n de\u00a0Nivel B\u00e1sico A1, A2\u00a0 y primer curso del Nivel Avanzado B2.1 Para los alumnos de matriculaci\u00f3n oficial la evaluaci\u00f3n ser\u00e1 continua,\u00a0 realiz\u00e1ndose dos pruebas de\u00a0 evaluaci\u00f3n en las fechas oficiales fijadas por la Escuela. La puntuaci\u00f3n m\u00ednima para superar el curso ser\u00e1 del 50% Los ex\u00e1menes constar\u00e1n de cinco partes distribuidas por destrezas [&hellip;]\" \/>\n<meta property=\"og:url\" content=\"https:\/\/www.eoimalaga.com\/web\/japones\/pruebas-periodicas\/\" \/>\n<meta property=\"og:site_name\" content=\"P\u00e1gina Oficial de la EOI de M\u00e1laga ::Los idiomas ponen el mundo a tus pies::\" \/>\n<meta property=\"article:modified_time\" content=\"2025-06-16T10:42:41+00:00\" \/>\n<meta name=\"twitter:card\" content=\"summary_large_image\" \/>\n<meta name=\"twitter:label1\" content=\"Tiempo de lectura\" \/>\n\t<meta name=\"twitter:data1\" content=\"1 minuto\" \/>\n<script type=\"application\/ld+json\" class=\"yoast-schema-graph\">{\"@context\":\"https:\/\/schema.org\",\"@graph\":[{\"@type\":\"WebPage\",\"@id\":\"https:\/\/www.eoimalaga.com\/web\/japones\/pruebas-periodicas\/\",\"url\":\"https:\/\/www.eoimalaga.com\/web\/japones\/pruebas-periodicas\/\",\"name\":\"Pruebas peri\u00f3dicas - P\u00e1gina Oficial de la EOI de M\u00e1laga ::Los idiomas ponen el mundo a tus pies::\",\"isPartOf\":{\"@id\":\"https:\/\/www.eoimalaga.com\/web\/#website\"},\"datePublished\":\"2019-12-31T06:40:45+00:00\",\"dateModified\":\"2025-06-16T10:42:41+00:00\",\"breadcrumb\":{\"@id\":\"https:\/\/www.eoimalaga.com\/web\/japones\/pruebas-periodicas\/#breadcrumb\"},\"inLanguage\":\"es\",\"potentialAction\":[{\"@type\":\"ReadAction\",\"target\":[\"https:\/\/www.eoimalaga.com\/web\/japones\/pruebas-periodicas\/\"]}]},{\"@type\":\"BreadcrumbList\",\"@id\":\"https:\/\/www.eoimalaga.com\/web\/japones\/pruebas-periodicas\/#breadcrumb\",\"itemListElement\":[{\"@type\":\"ListItem\",\"position\":1,\"name\":\"Home\",\"item\":\"https:\/\/www.eoimalaga.com\/web\/\"},{\"@type\":\"ListItem\",\"position\":2,\"name\":\"JAPON\u00c9S\",\"item\":\"https:\/\/www.eoimalaga.com\/web\/japones\/\"},{\"@type\":\"ListItem\",\"position\":3,\"name\":\"Pruebas peri\u00f3dicas\"}]},{\"@type\":\"WebSite\",\"@id\":\"https:\/\/www.eoimalaga.com\/web\/#website\",\"url\":\"https:\/\/www.eoimalaga.com\/web\/\",\"name\":\"P\u00e1gina Oficial de la EOI de M\u00e1laga ::Los idiomas ponen el mundo a tus pies::\",\"description\":\"EOI M\u00e1laga\",\"potentialAction\":[{\"@type\":\"SearchAction\",\"target\":{\"@type\":\"EntryPoint\",\"urlTemplate\":\"https:\/\/www.eoimalaga.com\/web\/?s={search_term_string}\"},\"query-input\":{\"@type\":\"PropertyValueSpecification\",\"valueRequired\":true,\"valueName\":\"search_term_string\"}}],\"inLanguage\":\"es\"}]}<\/script>\n<!-- \/ Yoast SEO plugin. -->","yoast_head_json":{"title":"Pruebas peri\u00f3dicas - P\u00e1gina Oficial de la EOI de M\u00e1laga ::Los idiomas ponen el mundo a tus pies::","robots":{"index":"index","follow":"follow","max-snippet":"max-snippet:-1","max-image-preview":"max-image-preview:large","max-video-preview":"max-video-preview:-1"},"canonical":"https:\/\/www.eoimalaga.com\/web\/japones\/pruebas-periodicas\/","og_locale":"es_ES","og_type":"article","og_title":"Pruebas peri\u00f3dicas - P\u00e1gina Oficial de la EOI de M\u00e1laga ::Los idiomas ponen el mundo a tus pies::","og_description":"[vc_row][vc_column][vc_column_text css=\u00bb\u00bb]Evaluaci\u00f3n de\u00a0Nivel B\u00e1sico A1, A2\u00a0 y primer curso del Nivel Avanzado B2.1 Para los alumnos de matriculaci\u00f3n oficial la evaluaci\u00f3n ser\u00e1 continua,\u00a0 realiz\u00e1ndose dos pruebas de\u00a0 evaluaci\u00f3n en las fechas oficiales fijadas por la Escuela. La puntuaci\u00f3n m\u00ednima para superar el curso ser\u00e1 del 50% Los ex\u00e1menes constar\u00e1n de cinco partes distribuidas por destrezas [&hellip;]","og_url":"https:\/\/www.eoimalaga.com\/web\/japones\/pruebas-periodicas\/","og_site_name":"P\u00e1gina Oficial de la EOI de M\u00e1laga ::Los idiomas ponen el mundo a tus pies::","article_modified_time":"2025-06-16T10:42:41+00:00","twitter_card":"summary_large_image","twitter_misc":{"Tiempo de lectura":"1 minuto"},"schema":{"@context":"https:\/\/schema.org","@graph":[{"@type":"WebPage","@id":"https:\/\/www.eoimalaga.com\/web\/japones\/pruebas-periodicas\/","url":"https:\/\/www.eoimalaga.com\/web\/japones\/pruebas-periodicas\/","name":"Pruebas peri\u00f3dicas - P\u00e1gina Oficial de la EOI de M\u00e1laga ::Los idiomas ponen el mundo a tus pies::","isPartOf":{"@id":"https:\/\/www.eoimalaga.com\/web\/#website"},"datePublished":"2019-12-31T06:40:45+00:00","dateModified":"2025-06-16T10:42:41+00:00","breadcrumb":{"@id":"https:\/\/www.eoimalaga.com\/web\/japones\/pruebas-periodicas\/#breadcrumb"},"inLanguage":"es","potentialAction":[{"@type":"ReadAction","target":["https:\/\/www.eoimalaga.com\/web\/japones\/pruebas-periodicas\/"]}]},{"@type":"BreadcrumbList","@id":"https:\/\/www.eoimalaga.com\/web\/japones\/pruebas-periodicas\/#breadcrumb","itemListElement":[{"@type":"ListItem","position":1,"name":"Home","item":"https:\/\/www.eoimalaga.com\/web\/"},{"@type":"ListItem","position":2,"name":"JAPON\u00c9S","item":"https:\/\/www.eoimalaga.com\/web\/japones\/"},{"@type":"ListItem","position":3,"name":"Pruebas peri\u00f3dicas"}]},{"@type":"WebSite","@id":"https:\/\/www.eoimalaga.com\/web\/#website","url":"https:\/\/www.eoimalaga.com\/web\/","name":"P\u00e1gina Oficial de la EOI de M\u00e1laga ::Los idiomas ponen el mundo a tus pies::","description":"EOI M\u00e1laga","potentialAction":[{"@type":"SearchAction","target":{"@type":"EntryPoint","urlTemplate":"https:\/\/www.eoimalaga.com\/web\/?s={search_term_string}"},"query-input":{"@type":"PropertyValueSpecification","valueRequired":true,"valueName":"search_term_string"}}],"inLanguage":"es"}]}},"_links":{"self":[{"href":"https:\/\/www.eoimalaga.com\/web\/wp-json\/wp\/v2\/pages\/8725","targetHints":{"allow":["GET"]}}],"collection":[{"href":"https:\/\/www.eoimalaga.com\/web\/wp-json\/wp\/v2\/pages"}],"about":[{"href":"https:\/\/www.eoimalaga.com\/web\/wp-json\/wp\/v2\/types\/page"}],"author":[{"embeddable":true,"href":"https:\/\/www.eoimalaga.com\/web\/wp-json\/wp\/v2\/users\/19"}],"replies":[{"embeddable":true,"href":"https:\/\/www.eoimalaga.com\/web\/wp-json\/wp\/v2\/comments?post=8725"}],"version-history":[{"count":8,"href":"https:\/\/www.eoimalaga.com\/web\/wp-json\/wp\/v2\/pages\/8725\/revisions"}],"predecessor-version":[{"id":21929,"href":"https:\/\/www.eoimalaga.com\/web\/wp-json\/wp\/v2\/pages\/8725\/revisions\/21929"}],"up":[{"embeddable":true,"href":"https:\/\/www.eoimalaga.com\/web\/wp-json\/wp\/v2\/pages\/8704"}],"wp:attachment":[{"href":"https:\/\/www.eoimalaga.com\/web\/wp-json\/wp\/v2\/media?parent=8725"}],"wp:term":[{"taxonomy":"category","embeddable":true,"href":"https:\/\/www.eoimalaga.com\/web\/wp-json\/wp\/v2\/categories?post=8725"},{"taxonomy":"post_tag","embeddable":true,"href":"https:\/\/www.eoimalaga.com\/web\/wp-json\/wp\/v2\/tags?post=8725"}],"curies":[{"name":"wp","href":"https:\/\/api.w.org\/{rel}","templated":true}]}}