{"id":8714,"date":"2019-12-31T08:36:42","date_gmt":"2019-12-31T06:36:42","guid":{"rendered":"http:\/\/www.eoimalaga.com\/web\/?page_id=8714"},"modified":"2025-11-04T11:12:17","modified_gmt":"2025-11-04T09:12:17","slug":"actividades","status":"publish","type":"page","link":"https:\/\/www.eoimalaga.com\/web\/japones\/actividades\/","title":{"rendered":"Actividades"},"content":{"rendered":"<div class=\"wpb-content-wrapper\"><p>[vc_row][vc_column][vc_column_text css=\u00bb\u00bb]ACTIVIDADES 2025-26<\/p>\n<p>Taller de ikebana<\/p>\n<p>exposici\u00f3n cafeter\u00eda festivales japoneses<\/p>\n<p>fiesta gastron\u00f3mica fin de curso<\/p>\n<p>Karaoke<\/p>\n<p>[\/vc_column_text][vc_column_text css=\u00bb\u00bb]TALLER DE IKEBANA cursos pasados<\/p>\n<p><span style=\"background-color: #ffffff;font-size: 18pt;color: #ff9900\">\u751f\u3051\u82b1\u6559\u5ba4<\/span><\/p>\n<p><img loading=\"lazy\" decoding=\"async\" class=\"alignnone wp-image-16294 size-large\" src=\"https:\/\/www.eoimalaga.com\/web\/wp-content\/uploads\/2022\/12\/IMG20221221190551-461x1024.jpg\" alt=\"\" width=\"461\" height=\"1024\" srcset=\"https:\/\/www.eoimalaga.com\/web\/wp-content\/uploads\/2022\/12\/IMG20221221190551-461x1024.jpg 461w, https:\/\/www.eoimalaga.com\/web\/wp-content\/uploads\/2022\/12\/IMG20221221190551-135x300.jpg 135w, https:\/\/www.eoimalaga.com\/web\/wp-content\/uploads\/2022\/12\/IMG20221221190551-768x1707.jpg 768w, https:\/\/www.eoimalaga.com\/web\/wp-content\/uploads\/2022\/12\/IMG20221221190551-691x1536.jpg 691w, https:\/\/www.eoimalaga.com\/web\/wp-content\/uploads\/2022\/12\/IMG20221221190551-921x2048.jpg 921w, https:\/\/www.eoimalaga.com\/web\/wp-content\/uploads\/2022\/12\/IMG20221221190551-scaled.jpg 1152w\" sizes=\"auto, (max-width: 461px) 100vw, 461px\" \/><img loading=\"lazy\" decoding=\"async\" class=\"alignnone wp-image-16307 size-large\" src=\"https:\/\/www.eoimalaga.com\/web\/wp-content\/uploads\/2022\/12\/IMG20221221190425-1024x461.jpg\" alt=\"\" width=\"1024\" height=\"461\" srcset=\"https:\/\/www.eoimalaga.com\/web\/wp-content\/uploads\/2022\/12\/IMG20221221190425-1024x461.jpg 1024w, https:\/\/www.eoimalaga.com\/web\/wp-content\/uploads\/2022\/12\/IMG20221221190425-300x135.jpg 300w, https:\/\/www.eoimalaga.com\/web\/wp-content\/uploads\/2022\/12\/IMG20221221190425-768x345.jpg 768w, https:\/\/www.eoimalaga.com\/web\/wp-content\/uploads\/2022\/12\/IMG20221221190425-1536x691.jpg 1536w, https:\/\/www.eoimalaga.com\/web\/wp-content\/uploads\/2022\/12\/IMG20221221190425-2048x921.jpg 2048w\" sizes=\"auto, (max-width: 1024px) 100vw, 1024px\" \/><img loading=\"lazy\" decoding=\"async\" class=\"alignnone wp-image-16308 size-large\" src=\"https:\/\/www.eoimalaga.com\/web\/wp-content\/uploads\/2022\/12\/IMG20221221190539-1024x461.jpg\" alt=\"\" width=\"1024\" height=\"461\" srcset=\"https:\/\/www.eoimalaga.com\/web\/wp-content\/uploads\/2022\/12\/IMG20221221190539-1024x461.jpg 1024w, https:\/\/www.eoimalaga.com\/web\/wp-content\/uploads\/2022\/12\/IMG20221221190539-300x135.jpg 300w, https:\/\/www.eoimalaga.com\/web\/wp-content\/uploads\/2022\/12\/IMG20221221190539-768x345.jpg 768w, https:\/\/www.eoimalaga.com\/web\/wp-content\/uploads\/2022\/12\/IMG20221221190539-1536x691.jpg 1536w, https:\/\/www.eoimalaga.com\/web\/wp-content\/uploads\/2022\/12\/IMG20221221190539-2048x921.jpg 2048w\" sizes=\"auto, (max-width: 1024px) 100vw, 1024px\" \/><img loading=\"lazy\" decoding=\"async\" class=\"alignnone wp-image-16309 size-large\" src=\"https:\/\/www.eoimalaga.com\/web\/wp-content\/uploads\/2022\/12\/IMG20221221190615-461x1024.jpg\" alt=\"\" width=\"461\" height=\"1024\" srcset=\"https:\/\/www.eoimalaga.com\/web\/wp-content\/uploads\/2022\/12\/IMG20221221190615-461x1024.jpg 461w, https:\/\/www.eoimalaga.com\/web\/wp-content\/uploads\/2022\/12\/IMG20221221190615-135x300.jpg 135w, https:\/\/www.eoimalaga.com\/web\/wp-content\/uploads\/2022\/12\/IMG20221221190615-768x1707.jpg 768w, https:\/\/www.eoimalaga.com\/web\/wp-content\/uploads\/2022\/12\/IMG20221221190615-691x1536.jpg 691w, https:\/\/www.eoimalaga.com\/web\/wp-content\/uploads\/2022\/12\/IMG20221221190615-921x2048.jpg 921w, https:\/\/www.eoimalaga.com\/web\/wp-content\/uploads\/2022\/12\/IMG20221221190615-scaled.jpg 1152w\" sizes=\"auto, (max-width: 461px) 100vw, 461px\" \/><\/p>\n<p><img loading=\"lazy\" decoding=\"async\" class=\"wp-image-16296 size-large\" src=\"https:\/\/www.eoimalaga.com\/web\/wp-content\/uploads\/2022\/12\/IMG_20221221_183516-6-1024x768.jpg\" alt=\"\" width=\"1024\" height=\"768\" srcset=\"https:\/\/www.eoimalaga.com\/web\/wp-content\/uploads\/2022\/12\/IMG_20221221_183516-6-1024x768.jpg 1024w, https:\/\/www.eoimalaga.com\/web\/wp-content\/uploads\/2022\/12\/IMG_20221221_183516-6-300x225.jpg 300w, https:\/\/www.eoimalaga.com\/web\/wp-content\/uploads\/2022\/12\/IMG_20221221_183516-6-768x576.jpg 768w, https:\/\/www.eoimalaga.com\/web\/wp-content\/uploads\/2022\/12\/IMG_20221221_183516-6-1536x1152.jpg 1536w, https:\/\/www.eoimalaga.com\/web\/wp-content\/uploads\/2022\/12\/IMG_20221221_183516-6-2048x1536.jpg 2048w\" sizes=\"auto, (max-width: 1024px) 100vw, 1024px\" \/><\/p>\n<p><img loading=\"lazy\" decoding=\"async\" class=\"alignnone wp-image-16297 size-large\" src=\"https:\/\/www.eoimalaga.com\/web\/wp-content\/uploads\/2022\/12\/IMG-20221222-WA0005-3-1024x461.jpg\" alt=\"\" width=\"1024\" height=\"461\" srcset=\"https:\/\/www.eoimalaga.com\/web\/wp-content\/uploads\/2022\/12\/IMG-20221222-WA0005-3-1024x461.jpg 1024w, https:\/\/www.eoimalaga.com\/web\/wp-content\/uploads\/2022\/12\/IMG-20221222-WA0005-3-300x135.jpg 300w, https:\/\/www.eoimalaga.com\/web\/wp-content\/uploads\/2022\/12\/IMG-20221222-WA0005-3-768x345.jpg 768w, https:\/\/www.eoimalaga.com\/web\/wp-content\/uploads\/2022\/12\/IMG-20221222-WA0005-3-1536x691.jpg 1536w, https:\/\/www.eoimalaga.com\/web\/wp-content\/uploads\/2022\/12\/IMG-20221222-WA0005-3.jpg 2048w\" sizes=\"auto, (max-width: 1024px) 100vw, 1024px\" \/><\/p>\n<p><img loading=\"lazy\" decoding=\"async\" class=\"wp-image-16299 size-large\" src=\"https:\/\/www.eoimalaga.com\/web\/wp-content\/uploads\/2022\/12\/IMG_20221221_183516-5-1024x768.jpg\" alt=\"\" width=\"1024\" height=\"768\" srcset=\"https:\/\/www.eoimalaga.com\/web\/wp-content\/uploads\/2022\/12\/IMG_20221221_183516-5-1024x768.jpg 1024w, https:\/\/www.eoimalaga.com\/web\/wp-content\/uploads\/2022\/12\/IMG_20221221_183516-5-300x225.jpg 300w, https:\/\/www.eoimalaga.com\/web\/wp-content\/uploads\/2022\/12\/IMG_20221221_183516-5-768x576.jpg 768w, https:\/\/www.eoimalaga.com\/web\/wp-content\/uploads\/2022\/12\/IMG_20221221_183516-5-1536x1152.jpg 1536w, https:\/\/www.eoimalaga.com\/web\/wp-content\/uploads\/2022\/12\/IMG_20221221_183516-5-2048x1536.jpg 2048w\" sizes=\"auto, (max-width: 1024px) 100vw, 1024px\" \/>[\/vc_column_text][\/vc_column][\/vc_row][vc_row][vc_column][vc_row_inner disable_element=\u00bbyes\u00bb][vc_column_inner][vc_column_text css=\u00bb\u00bb]<span style=\"font-size: 18pt\">SEMANA CULTURAL DE JAPON<\/span><br \/>\n<a href=\"http:\/\/viviendo japon.es\">http:\/\/viviendo japon.es<br \/>\n<\/a><\/p>\n<p><span style=\"font-size: 18pt\">ACTIVIDADES CURSO 2017-18<\/span><\/p>\n<p><span style=\"font-size: 14pt\">25 ANIVERSARIO DEL DEPARTAMENTO DE JAPON\u00c9S<\/span><\/p>\n<p><a href=\"http:\/\/www.eoimalaga.com\/JAPONES\/wp-content\/uploads\/2018\/09\/thumbnail_Exhibici\u00f3n-de-judo-2.jpg\"><img loading=\"lazy\" decoding=\"async\" class=\"alignnone size-medium wp-image-6478\" src=\"http:\/\/www.eoimalaga.com\/JAPONES\/wp-content\/uploads\/2018\/09\/thumbnail_Exhibici\u00f3n-de-judo-2-300x200.jpg\" alt=\"\" width=\"300\" height=\"200\" \/><\/a><a href=\"http:\/\/www.eoimalaga.com\/JAPONES\/wp-content\/uploads\/2018\/09\/thumbnail_30742569_572600686441073_5139936557402161152_n.jpg\"><img loading=\"lazy\" decoding=\"async\" class=\"alignnone size-medium wp-image-6477\" src=\"http:\/\/www.eoimalaga.com\/JAPONES\/wp-content\/uploads\/2018\/09\/thumbnail_30742569_572600686441073_5139936557402161152_n-300x170.jpg\" alt=\"\" width=\"300\" height=\"170\" \/><\/a><a href=\"http:\/\/www.eoimalaga.com\/JAPONES\/wp-content\/uploads\/2018\/09\/thumbnail_IMG_3850.jpg\"><img loading=\"lazy\" decoding=\"async\" class=\"alignnone size-medium wp-image-6470\" src=\"http:\/\/www.eoimalaga.com\/JAPONES\/wp-content\/uploads\/2018\/09\/thumbnail_IMG_3850-300x200.jpg\" alt=\"\" width=\"300\" height=\"200\" \/><\/a><a href=\"http:\/\/www.eoimalaga.com\/JAPONES\/wp-content\/uploads\/2018\/09\/341b2d4f-83a5-437a-88e7-369c10dba250.jpg\"><img loading=\"lazy\" decoding=\"async\" class=\"alignnone size-medium wp-image-6474\" src=\"http:\/\/www.eoimalaga.com\/JAPONES\/wp-content\/uploads\/2018\/09\/341b2d4f-83a5-437a-88e7-369c10dba250-300x169.jpg\" alt=\"\" width=\"300\" height=\"169\" \/><\/a><a href=\"http:\/\/www.eoimalaga.com\/JAPONES\/wp-content\/uploads\/2018\/09\/thumbnail_IMG_4008.jpg\"><img loading=\"lazy\" decoding=\"async\" class=\"alignnone size-medium wp-image-6472\" src=\"http:\/\/www.eoimalaga.com\/JAPONES\/wp-content\/uploads\/2018\/09\/thumbnail_IMG_4008-300x200.jpg\" alt=\"\" width=\"300\" height=\"200\" \/><\/a><a href=\"http:\/\/www.eoimalaga.com\/JAPONES\/wp-content\/uploads\/2018\/09\/thumbnail_IMG_4675.jpg\"><img loading=\"lazy\" decoding=\"async\" class=\"alignnone size-medium wp-image-6473\" src=\"http:\/\/www.eoimalaga.com\/JAPONES\/wp-content\/uploads\/2018\/09\/thumbnail_IMG_4675-300x200.jpg\" alt=\"\" width=\"300\" height=\"200\" \/><\/a><a href=\"http:\/\/www.eoimalaga.com\/JAPONES\/wp-content\/uploads\/2018\/09\/30738544_572601036441038_7861988015294382080_n.jpg\"><img loading=\"lazy\" decoding=\"async\" class=\"alignnone size-medium wp-image-6475\" src=\"http:\/\/www.eoimalaga.com\/JAPONES\/wp-content\/uploads\/2018\/09\/30738544_572601036441038_7861988015294382080_n-223x300.jpg\" alt=\"\" width=\"223\" height=\"300\" \/><\/a>[\/vc_column_text][\/vc_column_inner][\/vc_row_inner][\/vc_column][\/vc_row]<\/p>\n<\/div>","protected":false},"excerpt":{"rendered":"<p>[vc_row][vc_column][vc_column_text css=\u00bb\u00bb]ACTIVIDADES 2025-26 Taller de ikebana exposici\u00f3n cafeter\u00eda festivales japoneses fiesta gastron\u00f3mica fin de curso Karaoke [\/vc_column_text][vc_column_text css=\u00bb\u00bb]TALLER DE IKEBANA cursos pasados \u751f\u3051\u82b1\u6559\u5ba4 [\/vc_column_text][\/vc_column][\/vc_row][vc_row][vc_column][vc_row_inner disable_element=\u00bbyes\u00bb][vc_column_inner][vc_column_text css=\u00bb\u00bb]SEMANA CULTURAL DE JAPON http:\/\/viviendo japon.es ACTIVIDADES CURSO 2017-18 25 ANIVERSARIO DEL DEPARTAMENTO DE JAPON\u00c9S [\/vc_column_text][\/vc_column_inner][\/vc_row_inner][\/vc_column][\/vc_row]<\/p>\n","protected":false},"author":19,"featured_media":0,"parent":8704,"menu_order":0,"comment_status":"closed","ping_status":"closed","template":"","meta":{"inline_featured_image":false,"footnotes":""},"categories":[63],"tags":[],"class_list":["post-8714","page","type-page","status-publish","hentry","category-japones"],"yoast_head":"<!-- This site is optimized with the Yoast SEO plugin v26.5 - https:\/\/yoast.com\/wordpress\/plugins\/seo\/ -->\n<title>Actividades - P\u00e1gina Oficial de la EOI de M\u00e1laga ::Los idiomas ponen el mundo a tus pies::<\/title>\n<meta name=\"robots\" content=\"index, follow, max-snippet:-1, max-image-preview:large, max-video-preview:-1\" \/>\n<link rel=\"canonical\" href=\"https:\/\/www.eoimalaga.com\/web\/japones\/actividades\/\" \/>\n<meta property=\"og:locale\" content=\"es_ES\" \/>\n<meta property=\"og:type\" content=\"article\" \/>\n<meta property=\"og:title\" content=\"Actividades - P\u00e1gina Oficial de la EOI de M\u00e1laga ::Los idiomas ponen el mundo a tus pies::\" \/>\n<meta property=\"og:description\" content=\"[vc_row][vc_column][vc_column_text css=\u00bb\u00bb]ACTIVIDADES 2025-26 Taller de ikebana exposici\u00f3n cafeter\u00eda festivales japoneses fiesta gastron\u00f3mica fin de curso Karaoke [\/vc_column_text][vc_column_text css=\u00bb\u00bb]TALLER DE IKEBANA cursos pasados \u751f\u3051\u82b1\u6559\u5ba4 [\/vc_column_text][\/vc_column][\/vc_row][vc_row][vc_column][vc_row_inner disable_element=\u00bbyes\u00bb][vc_column_inner][vc_column_text css=\u00bb\u00bb]SEMANA CULTURAL DE JAPON http:\/\/viviendo japon.es ACTIVIDADES CURSO 2017-18 25 ANIVERSARIO DEL DEPARTAMENTO DE JAPON\u00c9S [\/vc_column_text][\/vc_column_inner][\/vc_row_inner][\/vc_column][\/vc_row]\" \/>\n<meta property=\"og:url\" content=\"https:\/\/www.eoimalaga.com\/web\/japones\/actividades\/\" \/>\n<meta property=\"og:site_name\" content=\"P\u00e1gina Oficial de la EOI de M\u00e1laga ::Los idiomas ponen el mundo a tus pies::\" \/>\n<meta property=\"article:modified_time\" content=\"2025-11-04T09:12:17+00:00\" \/>\n<meta property=\"og:image\" content=\"https:\/\/www.eoimalaga.com\/web\/wp-content\/uploads\/2022\/12\/IMG20221221190551-scaled.jpg\" \/>\n\t<meta property=\"og:image:width\" content=\"1152\" \/>\n\t<meta property=\"og:image:height\" content=\"2560\" \/>\n\t<meta property=\"og:image:type\" content=\"image\/jpeg\" \/>\n<meta name=\"twitter:card\" content=\"summary_large_image\" \/>\n<meta name=\"twitter:label1\" content=\"Tiempo de lectura\" \/>\n\t<meta name=\"twitter:data1\" content=\"3 minutos\" \/>\n<script type=\"application\/ld+json\" class=\"yoast-schema-graph\">{\"@context\":\"https:\/\/schema.org\",\"@graph\":[{\"@type\":\"WebPage\",\"@id\":\"https:\/\/www.eoimalaga.com\/web\/japones\/actividades\/\",\"url\":\"https:\/\/www.eoimalaga.com\/web\/japones\/actividades\/\",\"name\":\"Actividades - P\u00e1gina Oficial de la EOI de M\u00e1laga ::Los idiomas ponen el mundo a tus pies::\",\"isPartOf\":{\"@id\":\"https:\/\/www.eoimalaga.com\/web\/#website\"},\"primaryImageOfPage\":{\"@id\":\"https:\/\/www.eoimalaga.com\/web\/japones\/actividades\/#primaryimage\"},\"image\":{\"@id\":\"https:\/\/www.eoimalaga.com\/web\/japones\/actividades\/#primaryimage\"},\"thumbnailUrl\":\"https:\/\/www.eoimalaga.com\/web\/wp-content\/uploads\/2022\/12\/IMG20221221190551-461x1024.jpg\",\"datePublished\":\"2019-12-31T06:36:42+00:00\",\"dateModified\":\"2025-11-04T09:12:17+00:00\",\"breadcrumb\":{\"@id\":\"https:\/\/www.eoimalaga.com\/web\/japones\/actividades\/#breadcrumb\"},\"inLanguage\":\"es\",\"potentialAction\":[{\"@type\":\"ReadAction\",\"target\":[\"https:\/\/www.eoimalaga.com\/web\/japones\/actividades\/\"]}]},{\"@type\":\"ImageObject\",\"inLanguage\":\"es\",\"@id\":\"https:\/\/www.eoimalaga.com\/web\/japones\/actividades\/#primaryimage\",\"url\":\"https:\/\/www.eoimalaga.com\/web\/wp-content\/uploads\/2022\/12\/IMG20221221190551-scaled.jpg\",\"contentUrl\":\"https:\/\/www.eoimalaga.com\/web\/wp-content\/uploads\/2022\/12\/IMG20221221190551-scaled.jpg\",\"width\":1152,\"height\":2560},{\"@type\":\"BreadcrumbList\",\"@id\":\"https:\/\/www.eoimalaga.com\/web\/japones\/actividades\/#breadcrumb\",\"itemListElement\":[{\"@type\":\"ListItem\",\"position\":1,\"name\":\"Home\",\"item\":\"https:\/\/www.eoimalaga.com\/web\/\"},{\"@type\":\"ListItem\",\"position\":2,\"name\":\"JAPON\u00c9S\",\"item\":\"https:\/\/www.eoimalaga.com\/web\/japones\/\"},{\"@type\":\"ListItem\",\"position\":3,\"name\":\"Actividades\"}]},{\"@type\":\"WebSite\",\"@id\":\"https:\/\/www.eoimalaga.com\/web\/#website\",\"url\":\"https:\/\/www.eoimalaga.com\/web\/\",\"name\":\"P\u00e1gina Oficial de la EOI de M\u00e1laga ::Los idiomas ponen el mundo a tus pies::\",\"description\":\"EOI M\u00e1laga\",\"potentialAction\":[{\"@type\":\"SearchAction\",\"target\":{\"@type\":\"EntryPoint\",\"urlTemplate\":\"https:\/\/www.eoimalaga.com\/web\/?s={search_term_string}\"},\"query-input\":{\"@type\":\"PropertyValueSpecification\",\"valueRequired\":true,\"valueName\":\"search_term_string\"}}],\"inLanguage\":\"es\"}]}<\/script>\n<!-- \/ Yoast SEO plugin. -->","yoast_head_json":{"title":"Actividades - P\u00e1gina Oficial de la EOI de M\u00e1laga ::Los idiomas ponen el mundo a tus pies::","robots":{"index":"index","follow":"follow","max-snippet":"max-snippet:-1","max-image-preview":"max-image-preview:large","max-video-preview":"max-video-preview:-1"},"canonical":"https:\/\/www.eoimalaga.com\/web\/japones\/actividades\/","og_locale":"es_ES","og_type":"article","og_title":"Actividades - P\u00e1gina Oficial de la EOI de M\u00e1laga ::Los idiomas ponen el mundo a tus pies::","og_description":"[vc_row][vc_column][vc_column_text css=\u00bb\u00bb]ACTIVIDADES 2025-26 Taller de ikebana exposici\u00f3n cafeter\u00eda festivales japoneses fiesta gastron\u00f3mica fin de curso Karaoke [\/vc_column_text][vc_column_text css=\u00bb\u00bb]TALLER DE IKEBANA cursos pasados \u751f\u3051\u82b1\u6559\u5ba4 [\/vc_column_text][\/vc_column][\/vc_row][vc_row][vc_column][vc_row_inner disable_element=\u00bbyes\u00bb][vc_column_inner][vc_column_text css=\u00bb\u00bb]SEMANA CULTURAL DE JAPON http:\/\/viviendo japon.es ACTIVIDADES CURSO 2017-18 25 ANIVERSARIO DEL DEPARTAMENTO DE JAPON\u00c9S [\/vc_column_text][\/vc_column_inner][\/vc_row_inner][\/vc_column][\/vc_row]","og_url":"https:\/\/www.eoimalaga.com\/web\/japones\/actividades\/","og_site_name":"P\u00e1gina Oficial de la EOI de M\u00e1laga ::Los idiomas ponen el mundo a tus pies::","article_modified_time":"2025-11-04T09:12:17+00:00","og_image":[{"width":1152,"height":2560,"url":"https:\/\/www.eoimalaga.com\/web\/wp-content\/uploads\/2022\/12\/IMG20221221190551-scaled.jpg","type":"image\/jpeg"}],"twitter_card":"summary_large_image","twitter_misc":{"Tiempo de lectura":"3 minutos"},"schema":{"@context":"https:\/\/schema.org","@graph":[{"@type":"WebPage","@id":"https:\/\/www.eoimalaga.com\/web\/japones\/actividades\/","url":"https:\/\/www.eoimalaga.com\/web\/japones\/actividades\/","name":"Actividades - P\u00e1gina Oficial de la EOI de M\u00e1laga ::Los idiomas ponen el mundo a tus pies::","isPartOf":{"@id":"https:\/\/www.eoimalaga.com\/web\/#website"},"primaryImageOfPage":{"@id":"https:\/\/www.eoimalaga.com\/web\/japones\/actividades\/#primaryimage"},"image":{"@id":"https:\/\/www.eoimalaga.com\/web\/japones\/actividades\/#primaryimage"},"thumbnailUrl":"https:\/\/www.eoimalaga.com\/web\/wp-content\/uploads\/2022\/12\/IMG20221221190551-461x1024.jpg","datePublished":"2019-12-31T06:36:42+00:00","dateModified":"2025-11-04T09:12:17+00:00","breadcrumb":{"@id":"https:\/\/www.eoimalaga.com\/web\/japones\/actividades\/#breadcrumb"},"inLanguage":"es","potentialAction":[{"@type":"ReadAction","target":["https:\/\/www.eoimalaga.com\/web\/japones\/actividades\/"]}]},{"@type":"ImageObject","inLanguage":"es","@id":"https:\/\/www.eoimalaga.com\/web\/japones\/actividades\/#primaryimage","url":"https:\/\/www.eoimalaga.com\/web\/wp-content\/uploads\/2022\/12\/IMG20221221190551-scaled.jpg","contentUrl":"https:\/\/www.eoimalaga.com\/web\/wp-content\/uploads\/2022\/12\/IMG20221221190551-scaled.jpg","width":1152,"height":2560},{"@type":"BreadcrumbList","@id":"https:\/\/www.eoimalaga.com\/web\/japones\/actividades\/#breadcrumb","itemListElement":[{"@type":"ListItem","position":1,"name":"Home","item":"https:\/\/www.eoimalaga.com\/web\/"},{"@type":"ListItem","position":2,"name":"JAPON\u00c9S","item":"https:\/\/www.eoimalaga.com\/web\/japones\/"},{"@type":"ListItem","position":3,"name":"Actividades"}]},{"@type":"WebSite","@id":"https:\/\/www.eoimalaga.com\/web\/#website","url":"https:\/\/www.eoimalaga.com\/web\/","name":"P\u00e1gina Oficial de la EOI de M\u00e1laga ::Los idiomas ponen el mundo a tus pies::","description":"EOI M\u00e1laga","potentialAction":[{"@type":"SearchAction","target":{"@type":"EntryPoint","urlTemplate":"https:\/\/www.eoimalaga.com\/web\/?s={search_term_string}"},"query-input":{"@type":"PropertyValueSpecification","valueRequired":true,"valueName":"search_term_string"}}],"inLanguage":"es"}]}},"_links":{"self":[{"href":"https:\/\/www.eoimalaga.com\/web\/wp-json\/wp\/v2\/pages\/8714","targetHints":{"allow":["GET"]}}],"collection":[{"href":"https:\/\/www.eoimalaga.com\/web\/wp-json\/wp\/v2\/pages"}],"about":[{"href":"https:\/\/www.eoimalaga.com\/web\/wp-json\/wp\/v2\/types\/page"}],"author":[{"embeddable":true,"href":"https:\/\/www.eoimalaga.com\/web\/wp-json\/wp\/v2\/users\/19"}],"replies":[{"embeddable":true,"href":"https:\/\/www.eoimalaga.com\/web\/wp-json\/wp\/v2\/comments?post=8714"}],"version-history":[{"count":6,"href":"https:\/\/www.eoimalaga.com\/web\/wp-json\/wp\/v2\/pages\/8714\/revisions"}],"predecessor-version":[{"id":22559,"href":"https:\/\/www.eoimalaga.com\/web\/wp-json\/wp\/v2\/pages\/8714\/revisions\/22559"}],"up":[{"embeddable":true,"href":"https:\/\/www.eoimalaga.com\/web\/wp-json\/wp\/v2\/pages\/8704"}],"wp:attachment":[{"href":"https:\/\/www.eoimalaga.com\/web\/wp-json\/wp\/v2\/media?parent=8714"}],"wp:term":[{"taxonomy":"category","embeddable":true,"href":"https:\/\/www.eoimalaga.com\/web\/wp-json\/wp\/v2\/categories?post=8714"},{"taxonomy":"post_tag","embeddable":true,"href":"https:\/\/www.eoimalaga.com\/web\/wp-json\/wp\/v2\/tags?post=8714"}],"curies":[{"name":"wp","href":"https:\/\/api.w.org\/{rel}","templated":true}]}}