{"id":8461,"date":"2019-12-29T10:20:35","date_gmt":"2019-12-29T08:20:35","guid":{"rendered":"http:\/\/www.eoimalaga.com\/web\/?page_id=8461"},"modified":"2019-12-29T10:44:43","modified_gmt":"2019-12-29T08:44:43","slug":"material-para-las-ausencias-c1","status":"publish","type":"page","link":"https:\/\/www.eoimalaga.com\/web\/frances\/material-para-las-ausencias\/material-para-las-ausencias-c1\/","title":{"rendered":"Material para las ausencias C1"},"content":{"rendered":"<h2><span style=\"color: #800000;\">Mat\u00e9rial primera sesi\u00f3n :&nbsp; &nbsp;<\/span>&nbsp;<span style=\"color: #000080;\"><a href=\"http:\/\/www.eoimalaga.com\/FRANCES\/wp-content\/uploads\/2018\/06\/C1-CE-\u00c0-demi-mot..pdf\">\u00c0 demi-mot.<\/a><\/span><\/h2>\n<h2><span style=\"color: #000080;\"><span style=\"color: #800000;\">Material segunda sesi\u00f3n :&nbsp;<\/span> &nbsp;<span style=\"color: #0000ff;\">&nbsp;<\/span><\/span><span style=\"color: #808080;\"><a href=\"http:\/\/www.eoimalaga.com\/FRANCES\/wp-content\/uploads\/2018\/06\/C1-CE-Lidentit\u00e9-malheureuse.-Finkielkraut.pdf\">L&#8217;identit\u00e9 malheureuse. Finkielkraut<\/a><\/span><\/h2>\n<h2><span style=\"color: #800000;\">Material cuarta sesi\u00f3n :<\/span>&nbsp;<a href=\"http:\/\/www.eoimalaga.com\/FRANCES\/wp-content\/uploads\/2018\/06\/C1-CE-Maupassant.-Les-liens..pdf\">&nbsp;Maupassant. Les liens.<\/a><\/h2>\n<h2><span style=\"color: #800000;\">Material quinta sesi\u00f3n :<\/span>&nbsp;<a href=\"http:\/\/www.eoimalaga.com\/FRANCES\/wp-content\/uploads\/2018\/06\/C1-CE-Propos-sur-le-bonheur.-Alain.pdf\">Propos sur le bonheur. Alain<\/a><\/h2>\n<h2><span style=\"color: #800000;\">Material sexta sesi\u00f3n :<\/span>&nbsp;<a href=\"http:\/\/www.eoimalaga.com\/FRANCES\/wp-content\/uploads\/2018\/06\/C1-EE-Le-blues-des-infirmi\u00e8res.pdf\">Le blues des infirmi\u00e8res<\/a><\/h2>\n<h3><\/h3>\n","protected":false},"excerpt":{"rendered":"<p>Mat\u00e9rial primera sesi\u00f3n :&nbsp; &nbsp;&nbsp;\u00c0 demi-mot. Material segunda sesi\u00f3n :&nbsp; &nbsp;&nbsp;L&#8217;identit\u00e9 malheureuse. Finkielkraut Material cuarta sesi\u00f3n :&nbsp;&nbsp;Maupassant. Les liens. Material quinta sesi\u00f3n :&nbsp;Propos sur le bonheur. Alain Material sexta sesi\u00f3n :&nbsp;Le blues des infirmi\u00e8res<\/p>\n","protected":false},"author":15,"featured_media":0,"parent":8451,"menu_order":0,"comment_status":"closed","ping_status":"closed","template":"","meta":{"inline_featured_image":false,"footnotes":""},"categories":[55],"tags":[],"class_list":["post-8461","page","type-page","status-publish","hentry","category-frances"],"yoast_head":"<!-- This site is optimized with the Yoast SEO plugin v26.5 - https:\/\/yoast.com\/wordpress\/plugins\/seo\/ -->\n<title>Material para las ausencias C1 - P\u00e1gina Oficial de la EOI de M\u00e1laga ::Los idiomas ponen el mundo a tus pies::<\/title>\n<meta name=\"robots\" content=\"index, follow, max-snippet:-1, max-image-preview:large, max-video-preview:-1\" \/>\n<link rel=\"canonical\" href=\"https:\/\/www.eoimalaga.com\/web\/frances\/material-para-las-ausencias\/material-para-las-ausencias-c1\/\" \/>\n<meta property=\"og:locale\" content=\"es_ES\" \/>\n<meta property=\"og:type\" content=\"article\" \/>\n<meta property=\"og:title\" content=\"Material para las ausencias C1 - P\u00e1gina Oficial de la EOI de M\u00e1laga ::Los idiomas ponen el mundo a tus pies::\" \/>\n<meta property=\"og:description\" content=\"Mat\u00e9rial primera sesi\u00f3n :&nbsp; &nbsp;&nbsp;\u00c0 demi-mot. Material segunda sesi\u00f3n :&nbsp; &nbsp;&nbsp;L&#8217;identit\u00e9 malheureuse. Finkielkraut Material cuarta sesi\u00f3n :&nbsp;&nbsp;Maupassant. Les liens. Material quinta sesi\u00f3n :&nbsp;Propos sur le bonheur. Alain Material sexta sesi\u00f3n :&nbsp;Le blues des infirmi\u00e8res\" \/>\n<meta property=\"og:url\" content=\"https:\/\/www.eoimalaga.com\/web\/frances\/material-para-las-ausencias\/material-para-las-ausencias-c1\/\" \/>\n<meta property=\"og:site_name\" content=\"P\u00e1gina Oficial de la EOI de M\u00e1laga ::Los idiomas ponen el mundo a tus pies::\" \/>\n<meta property=\"article:modified_time\" content=\"2019-12-29T08:44:43+00:00\" \/>\n<meta name=\"twitter:card\" content=\"summary_large_image\" \/>\n<script type=\"application\/ld+json\" class=\"yoast-schema-graph\">{\"@context\":\"https:\/\/schema.org\",\"@graph\":[{\"@type\":\"WebPage\",\"@id\":\"https:\/\/www.eoimalaga.com\/web\/frances\/material-para-las-ausencias\/material-para-las-ausencias-c1\/\",\"url\":\"https:\/\/www.eoimalaga.com\/web\/frances\/material-para-las-ausencias\/material-para-las-ausencias-c1\/\",\"name\":\"Material para las ausencias C1 - P\u00e1gina Oficial de la EOI de M\u00e1laga ::Los idiomas ponen el mundo a tus pies::\",\"isPartOf\":{\"@id\":\"https:\/\/www.eoimalaga.com\/web\/#website\"},\"datePublished\":\"2019-12-29T08:20:35+00:00\",\"dateModified\":\"2019-12-29T08:44:43+00:00\",\"breadcrumb\":{\"@id\":\"https:\/\/www.eoimalaga.com\/web\/frances\/material-para-las-ausencias\/material-para-las-ausencias-c1\/#breadcrumb\"},\"inLanguage\":\"es\",\"potentialAction\":[{\"@type\":\"ReadAction\",\"target\":[\"https:\/\/www.eoimalaga.com\/web\/frances\/material-para-las-ausencias\/material-para-las-ausencias-c1\/\"]}]},{\"@type\":\"BreadcrumbList\",\"@id\":\"https:\/\/www.eoimalaga.com\/web\/frances\/material-para-las-ausencias\/material-para-las-ausencias-c1\/#breadcrumb\",\"itemListElement\":[{\"@type\":\"ListItem\",\"position\":1,\"name\":\"Home\",\"item\":\"https:\/\/www.eoimalaga.com\/web\/\"},{\"@type\":\"ListItem\",\"position\":2,\"name\":\"FRANCES\",\"item\":\"https:\/\/www.eoimalaga.com\/web\/frances\/\"},{\"@type\":\"ListItem\",\"position\":3,\"name\":\"Material para las ausencias y el autoaprendizaje\",\"item\":\"https:\/\/www.eoimalaga.com\/web\/frances\/material-para-las-ausencias\/\"},{\"@type\":\"ListItem\",\"position\":4,\"name\":\"Material para las ausencias C1\"}]},{\"@type\":\"WebSite\",\"@id\":\"https:\/\/www.eoimalaga.com\/web\/#website\",\"url\":\"https:\/\/www.eoimalaga.com\/web\/\",\"name\":\"P\u00e1gina Oficial de la EOI de M\u00e1laga ::Los idiomas ponen el mundo a tus pies::\",\"description\":\"EOI M\u00e1laga\",\"potentialAction\":[{\"@type\":\"SearchAction\",\"target\":{\"@type\":\"EntryPoint\",\"urlTemplate\":\"https:\/\/www.eoimalaga.com\/web\/?s={search_term_string}\"},\"query-input\":{\"@type\":\"PropertyValueSpecification\",\"valueRequired\":true,\"valueName\":\"search_term_string\"}}],\"inLanguage\":\"es\"}]}<\/script>\n<!-- \/ Yoast SEO plugin. -->","yoast_head_json":{"title":"Material para las ausencias C1 - P\u00e1gina Oficial de la EOI de M\u00e1laga ::Los idiomas ponen el mundo a tus pies::","robots":{"index":"index","follow":"follow","max-snippet":"max-snippet:-1","max-image-preview":"max-image-preview:large","max-video-preview":"max-video-preview:-1"},"canonical":"https:\/\/www.eoimalaga.com\/web\/frances\/material-para-las-ausencias\/material-para-las-ausencias-c1\/","og_locale":"es_ES","og_type":"article","og_title":"Material para las ausencias C1 - P\u00e1gina Oficial de la EOI de M\u00e1laga ::Los idiomas ponen el mundo a tus pies::","og_description":"Mat\u00e9rial primera sesi\u00f3n :&nbsp; &nbsp;&nbsp;\u00c0 demi-mot. Material segunda sesi\u00f3n :&nbsp; &nbsp;&nbsp;L&#8217;identit\u00e9 malheureuse. Finkielkraut Material cuarta sesi\u00f3n :&nbsp;&nbsp;Maupassant. Les liens. Material quinta sesi\u00f3n :&nbsp;Propos sur le bonheur. Alain Material sexta sesi\u00f3n :&nbsp;Le blues des infirmi\u00e8res","og_url":"https:\/\/www.eoimalaga.com\/web\/frances\/material-para-las-ausencias\/material-para-las-ausencias-c1\/","og_site_name":"P\u00e1gina Oficial de la EOI de M\u00e1laga ::Los idiomas ponen el mundo a tus pies::","article_modified_time":"2019-12-29T08:44:43+00:00","twitter_card":"summary_large_image","schema":{"@context":"https:\/\/schema.org","@graph":[{"@type":"WebPage","@id":"https:\/\/www.eoimalaga.com\/web\/frances\/material-para-las-ausencias\/material-para-las-ausencias-c1\/","url":"https:\/\/www.eoimalaga.com\/web\/frances\/material-para-las-ausencias\/material-para-las-ausencias-c1\/","name":"Material para las ausencias C1 - P\u00e1gina Oficial de la EOI de M\u00e1laga ::Los idiomas ponen el mundo a tus pies::","isPartOf":{"@id":"https:\/\/www.eoimalaga.com\/web\/#website"},"datePublished":"2019-12-29T08:20:35+00:00","dateModified":"2019-12-29T08:44:43+00:00","breadcrumb":{"@id":"https:\/\/www.eoimalaga.com\/web\/frances\/material-para-las-ausencias\/material-para-las-ausencias-c1\/#breadcrumb"},"inLanguage":"es","potentialAction":[{"@type":"ReadAction","target":["https:\/\/www.eoimalaga.com\/web\/frances\/material-para-las-ausencias\/material-para-las-ausencias-c1\/"]}]},{"@type":"BreadcrumbList","@id":"https:\/\/www.eoimalaga.com\/web\/frances\/material-para-las-ausencias\/material-para-las-ausencias-c1\/#breadcrumb","itemListElement":[{"@type":"ListItem","position":1,"name":"Home","item":"https:\/\/www.eoimalaga.com\/web\/"},{"@type":"ListItem","position":2,"name":"FRANCES","item":"https:\/\/www.eoimalaga.com\/web\/frances\/"},{"@type":"ListItem","position":3,"name":"Material para las ausencias y el autoaprendizaje","item":"https:\/\/www.eoimalaga.com\/web\/frances\/material-para-las-ausencias\/"},{"@type":"ListItem","position":4,"name":"Material para las ausencias C1"}]},{"@type":"WebSite","@id":"https:\/\/www.eoimalaga.com\/web\/#website","url":"https:\/\/www.eoimalaga.com\/web\/","name":"P\u00e1gina Oficial de la EOI de M\u00e1laga ::Los idiomas ponen el mundo a tus pies::","description":"EOI M\u00e1laga","potentialAction":[{"@type":"SearchAction","target":{"@type":"EntryPoint","urlTemplate":"https:\/\/www.eoimalaga.com\/web\/?s={search_term_string}"},"query-input":{"@type":"PropertyValueSpecification","valueRequired":true,"valueName":"search_term_string"}}],"inLanguage":"es"}]}},"_links":{"self":[{"href":"https:\/\/www.eoimalaga.com\/web\/wp-json\/wp\/v2\/pages\/8461","targetHints":{"allow":["GET"]}}],"collection":[{"href":"https:\/\/www.eoimalaga.com\/web\/wp-json\/wp\/v2\/pages"}],"about":[{"href":"https:\/\/www.eoimalaga.com\/web\/wp-json\/wp\/v2\/types\/page"}],"author":[{"embeddable":true,"href":"https:\/\/www.eoimalaga.com\/web\/wp-json\/wp\/v2\/users\/15"}],"replies":[{"embeddable":true,"href":"https:\/\/www.eoimalaga.com\/web\/wp-json\/wp\/v2\/comments?post=8461"}],"version-history":[{"count":1,"href":"https:\/\/www.eoimalaga.com\/web\/wp-json\/wp\/v2\/pages\/8461\/revisions"}],"predecessor-version":[{"id":8462,"href":"https:\/\/www.eoimalaga.com\/web\/wp-json\/wp\/v2\/pages\/8461\/revisions\/8462"}],"up":[{"embeddable":true,"href":"https:\/\/www.eoimalaga.com\/web\/wp-json\/wp\/v2\/pages\/8451"}],"wp:attachment":[{"href":"https:\/\/www.eoimalaga.com\/web\/wp-json\/wp\/v2\/media?parent=8461"}],"wp:term":[{"taxonomy":"category","embeddable":true,"href":"https:\/\/www.eoimalaga.com\/web\/wp-json\/wp\/v2\/categories?post=8461"},{"taxonomy":"post_tag","embeddable":true,"href":"https:\/\/www.eoimalaga.com\/web\/wp-json\/wp\/v2\/tags?post=8461"}],"curies":[{"name":"wp","href":"https:\/\/api.w.org\/{rel}","templated":true}]}}