{"id":8419,"date":"2019-12-29T09:56:09","date_gmt":"2019-12-29T07:56:09","guid":{"rendered":"http:\/\/www.eoimalaga.com\/web\/?page_id=8419"},"modified":"2020-01-15T13:35:54","modified_gmt":"2020-01-15T11:35:54","slug":"pruebas-periodicas","status":"publish","type":"page","link":"https:\/\/www.eoimalaga.com\/web\/frances\/pruebas-periodicas\/","title":{"rendered":"Pruebas peri\u00f3dicas"},"content":{"rendered":"<div class=\"wpb-content-wrapper\"><p>PROCEDIMIENTOS DE EVALUACI\u00d3N<\/p>\n<p>1. EVALUACI\u00d3N Y NORMATIVA<br \/>\nLa evaluaci\u00f3n sigue las directrices de la normativa vigente:<br \/>\nLa orden de 18 de octubre de 2007 (BOJA n\u00ba 218, de 6-11-2007), por la que se establece la ordenaci\u00f3n de la evaluaci\u00f3n del proceso de aprendizaje del alumnado y las pruebas terminales espec\u00edficas de certificaci\u00f3n en las ense\u00f1anzas de idiomas de r\u00e9gimen especial en Andaluc\u00eda, establece en su art\u00edculo 2 que:<br \/>\n\u201c La evaluaci\u00f3n ser\u00e1 continua en cuanto estar\u00e1 inmersa en el proceso de ense\u00f1anza y aprendizaje del alumnado con el fin de detectar las dificultades en el momento en que se producen, averiguar sus causas y, en consecuencia, adoptar las medidas necesarias que permitan al alumnado continuar su proceso de aprendizaje. Asimismo, deber\u00e1 adecuarse a las caracter\u00edsticas propias del alumnado y al contexto sociocultural del centro.<\/p>\n<p>La evaluaci\u00f3n tendr\u00e1 un car\u00e1cter formativo y orientador del proceso educativo, al proporcionar una informaci\u00f3n constante que permita mejorar tanto los procesos, como los resultados de la intervenci\u00f3n educativa.<\/p>\n<p>El profesorado evaluar\u00e1 los aprendizajes del alumnado en relaci\u00f3n con el desarrollo de los objetivos y las competencias establecidos en el curr\u00edculo (\u2026)\u201d<br \/>\nLa Orden de 12 de diciembre de 2011, por la que se regula la elaboraci\u00f3n y la organizaci\u00f3n de las pruebas terminales espec\u00edficas de certificaci\u00f3n en las ense\u00f1anzas de idiomas de r\u00e9gimen especial (BOJA n\u00ba 1, de 3-1-2012), se centra en la evaluaci\u00f3n para la certificaci\u00f3n, relacionada con la evaluaci\u00f3n de dominio a la que se refiere el Marco Com\u00fan Europeo de Referencia de las lenguas, en la que se eval\u00faa la competencia comunicativa alcanzada por un alumno, lo que \u201csabe hacer\u201d en el idioma.<\/p>\n<p>2. LA EVALUACI\u00d3N FORMATIVA<\/p>\n<p>Basada en el trabajo diario del alumno y las notas de clase de las tareas y pruebas realizadas por \u00e9ste a lo largo del curso, la evaluaci\u00f3n continua o formativa tiene b\u00e1sicamente un car\u00e1cter informativo y de retroalimentaci\u00f3n tanto para el profesor como para el alumno. Se llevar\u00e1 a cabo de manera sistem\u00e1tica. Se informar\u00e1 al alumno peri\u00f3dicamente a lo largo del curso de sus progresos en el aprendizaje del idioma.<\/p>\n<p>El Departamento de Franc\u00e9s ha a determinado que utilizar\u00e1, como m\u00ednimo, un examen (lo m\u00e1s coordinado y lo m\u00e1s completo posible) cuya funci\u00f3n ser\u00e1 permitir a los alumnos tener un contacto con el examen final y darles pr\u00e1ctica para enfrentarse a \u00e9ste, intentando seguir los procedimientos de administraci\u00f3n, temporalizaci\u00f3n y formato que caracterizar\u00e1n a dicho examen final.<\/p>\n<p>3. LA EVALUACI\u00d3N PARA LA PROMOCI\u00d3N<\/p>\n<p>La evaluaci\u00f3n que determina la promoci\u00f3n de curso y el acceso a la titulaci\u00f3n correspondiente. Consistir\u00e1 en un examen final compuesto de varias pruebas. Estas pruebas ser\u00e1n obligatorias para todos los alumnos.<\/p>\n<p>Estas pruebas, como marca la normativa, \u201chan de realizarse seg\u00fan unos est\u00e1ndares que garanticen su validez, fiabilidad, viabilidad, equidad, transparencia e impacto positivo\u201d (Orden de 12 de diciembre de 2011) ya que conducen a una certificaci\u00f3n.<\/p>\n<p>NORMATIVA SOBRE LAS PRUEBAS: LA ELABORACI\u00d3N Y APLICACI\u00d3N DE LAS PRUEBAS TERMINALES ESPEC\u00cdFICAS DE CERTIFICACI\u00d3N<\/p>\n<p>La orden de 12 de diciembre de 2011, BOJA n\u00ba 1, de 3-1-2012, p\u00e1gs. 5 a 10, establece las Pruebas Unificadas de Certificaci\u00f3n (PUC) de aplicaci\u00f3n a todos los niveles \u2013 desde Nivel B\u00e1sico a C2 \u2013 de las ense\u00f1anzas de idiomas de r\u00e9gimen especial de Andaluc\u00eda. Las pruebas son comunes para todas las EE.OO.II. de la Comunidad Aut\u00f3noma de Andaluc\u00eda y se celebran en las mismas fechas.<\/p>\n<p>Elaboraci\u00f3n, administraci\u00f3n y evaluaci\u00f3n de las pruebas<\/p>\n<p>En el art\u00edculo 3, apartado 1, de dicha Orden se especifica que \u201cLas pruebas de los niveles intermedio, avanzado y C1 para cada curso escolar y convocatoria, ser\u00e1n elaboradas por una comisi\u00f3n organizadora que se constituir\u00e1 en el seno de la Direcci\u00f3n General competente en materia de ordenaci\u00f3n y evaluaci\u00f3n educativa\u201d (p\u00e1g. 5) a excepci\u00f3n del nivel b\u00e1sico.<\/p>\n<p>Cada EOI elaborar\u00e1 y aplicar\u00e1 sus pruebas terminales para el alumnado oficial y libre del nivel B\u00e1sico, siguiendo la tipolog\u00eda de las PUC seg\u00fan se describe en la normativa.<\/p>\n<p>Para la descripci\u00f3n de las pruebas consulten en las pesta\u00f1as correspondientes a cada n\u00edvel.[\/vc_column_text][\/vc_column][\/vc_row][vc_row][vc_column][vc_empty_space][\/vc_column][\/vc_row]<\/p>\n<\/div>","protected":false},"excerpt":{"rendered":"<p>PROCEDIMIENTOS DE EVALUACI\u00d3N 1. EVALUACI\u00d3N Y NORMATIVA La evaluaci\u00f3n sigue las directrices de la normativa vigente: La orden de 18 de octubre de 2007 (BOJA n\u00ba 218, de 6-11-2007), por la que se establece la ordenaci\u00f3n de la evaluaci\u00f3n del proceso de aprendizaje del alumnado y las pruebas terminales espec\u00edficas de certificaci\u00f3n en las ense\u00f1anzas [&hellip;]<\/p>\n","protected":false},"author":15,"featured_media":0,"parent":8396,"menu_order":0,"comment_status":"closed","ping_status":"closed","template":"","meta":{"inline_featured_image":false,"footnotes":""},"categories":[55],"tags":[],"class_list":["post-8419","page","type-page","status-publish","hentry","category-frances"],"yoast_head":"<!-- This site is optimized with the Yoast SEO plugin v26.5 - https:\/\/yoast.com\/wordpress\/plugins\/seo\/ -->\n<title>Pruebas peri\u00f3dicas - P\u00e1gina Oficial de la EOI de M\u00e1laga ::Los idiomas ponen el mundo a tus pies::<\/title>\n<meta name=\"robots\" content=\"index, follow, max-snippet:-1, max-image-preview:large, max-video-preview:-1\" \/>\n<link rel=\"canonical\" href=\"https:\/\/www.eoimalaga.com\/web\/frances\/pruebas-periodicas\/\" \/>\n<meta property=\"og:locale\" content=\"es_ES\" \/>\n<meta property=\"og:type\" content=\"article\" \/>\n<meta property=\"og:title\" content=\"Pruebas peri\u00f3dicas - P\u00e1gina Oficial de la EOI de M\u00e1laga ::Los idiomas ponen el mundo a tus pies::\" \/>\n<meta property=\"og:description\" content=\"PROCEDIMIENTOS DE EVALUACI\u00d3N 1. EVALUACI\u00d3N Y NORMATIVA La evaluaci\u00f3n sigue las directrices de la normativa vigente: La orden de 18 de octubre de 2007 (BOJA n\u00ba 218, de 6-11-2007), por la que se establece la ordenaci\u00f3n de la evaluaci\u00f3n del proceso de aprendizaje del alumnado y las pruebas terminales espec\u00edficas de certificaci\u00f3n en las ense\u00f1anzas [&hellip;]\" \/>\n<meta property=\"og:url\" content=\"https:\/\/www.eoimalaga.com\/web\/frances\/pruebas-periodicas\/\" \/>\n<meta property=\"og:site_name\" content=\"P\u00e1gina Oficial de la EOI de M\u00e1laga ::Los idiomas ponen el mundo a tus pies::\" \/>\n<meta property=\"article:modified_time\" content=\"2020-01-15T11:35:54+00:00\" \/>\n<meta name=\"twitter:card\" content=\"summary_large_image\" \/>\n<meta name=\"twitter:label1\" content=\"Tiempo de lectura\" \/>\n\t<meta name=\"twitter:data1\" content=\"4 minutos\" \/>\n<script type=\"application\/ld+json\" class=\"yoast-schema-graph\">{\"@context\":\"https:\/\/schema.org\",\"@graph\":[{\"@type\":\"WebPage\",\"@id\":\"https:\/\/www.eoimalaga.com\/web\/frances\/pruebas-periodicas\/\",\"url\":\"https:\/\/www.eoimalaga.com\/web\/frances\/pruebas-periodicas\/\",\"name\":\"Pruebas peri\u00f3dicas - P\u00e1gina Oficial de la EOI de M\u00e1laga ::Los idiomas ponen el mundo a tus pies::\",\"isPartOf\":{\"@id\":\"https:\/\/www.eoimalaga.com\/web\/#website\"},\"datePublished\":\"2019-12-29T07:56:09+00:00\",\"dateModified\":\"2020-01-15T11:35:54+00:00\",\"breadcrumb\":{\"@id\":\"https:\/\/www.eoimalaga.com\/web\/frances\/pruebas-periodicas\/#breadcrumb\"},\"inLanguage\":\"es\",\"potentialAction\":[{\"@type\":\"ReadAction\",\"target\":[\"https:\/\/www.eoimalaga.com\/web\/frances\/pruebas-periodicas\/\"]}]},{\"@type\":\"BreadcrumbList\",\"@id\":\"https:\/\/www.eoimalaga.com\/web\/frances\/pruebas-periodicas\/#breadcrumb\",\"itemListElement\":[{\"@type\":\"ListItem\",\"position\":1,\"name\":\"Home\",\"item\":\"https:\/\/www.eoimalaga.com\/web\/\"},{\"@type\":\"ListItem\",\"position\":2,\"name\":\"FRANCES\",\"item\":\"https:\/\/www.eoimalaga.com\/web\/frances\/\"},{\"@type\":\"ListItem\",\"position\":3,\"name\":\"Pruebas peri\u00f3dicas\"}]},{\"@type\":\"WebSite\",\"@id\":\"https:\/\/www.eoimalaga.com\/web\/#website\",\"url\":\"https:\/\/www.eoimalaga.com\/web\/\",\"name\":\"P\u00e1gina Oficial de la EOI de M\u00e1laga ::Los idiomas ponen el mundo a tus pies::\",\"description\":\"EOI M\u00e1laga\",\"potentialAction\":[{\"@type\":\"SearchAction\",\"target\":{\"@type\":\"EntryPoint\",\"urlTemplate\":\"https:\/\/www.eoimalaga.com\/web\/?s={search_term_string}\"},\"query-input\":{\"@type\":\"PropertyValueSpecification\",\"valueRequired\":true,\"valueName\":\"search_term_string\"}}],\"inLanguage\":\"es\"}]}<\/script>\n<!-- \/ Yoast SEO plugin. -->","yoast_head_json":{"title":"Pruebas peri\u00f3dicas - P\u00e1gina Oficial de la EOI de M\u00e1laga ::Los idiomas ponen el mundo a tus pies::","robots":{"index":"index","follow":"follow","max-snippet":"max-snippet:-1","max-image-preview":"max-image-preview:large","max-video-preview":"max-video-preview:-1"},"canonical":"https:\/\/www.eoimalaga.com\/web\/frances\/pruebas-periodicas\/","og_locale":"es_ES","og_type":"article","og_title":"Pruebas peri\u00f3dicas - P\u00e1gina Oficial de la EOI de M\u00e1laga ::Los idiomas ponen el mundo a tus pies::","og_description":"PROCEDIMIENTOS DE EVALUACI\u00d3N 1. EVALUACI\u00d3N Y NORMATIVA La evaluaci\u00f3n sigue las directrices de la normativa vigente: La orden de 18 de octubre de 2007 (BOJA n\u00ba 218, de 6-11-2007), por la que se establece la ordenaci\u00f3n de la evaluaci\u00f3n del proceso de aprendizaje del alumnado y las pruebas terminales espec\u00edficas de certificaci\u00f3n en las ense\u00f1anzas [&hellip;]","og_url":"https:\/\/www.eoimalaga.com\/web\/frances\/pruebas-periodicas\/","og_site_name":"P\u00e1gina Oficial de la EOI de M\u00e1laga ::Los idiomas ponen el mundo a tus pies::","article_modified_time":"2020-01-15T11:35:54+00:00","twitter_card":"summary_large_image","twitter_misc":{"Tiempo de lectura":"4 minutos"},"schema":{"@context":"https:\/\/schema.org","@graph":[{"@type":"WebPage","@id":"https:\/\/www.eoimalaga.com\/web\/frances\/pruebas-periodicas\/","url":"https:\/\/www.eoimalaga.com\/web\/frances\/pruebas-periodicas\/","name":"Pruebas peri\u00f3dicas - P\u00e1gina Oficial de la EOI de M\u00e1laga ::Los idiomas ponen el mundo a tus pies::","isPartOf":{"@id":"https:\/\/www.eoimalaga.com\/web\/#website"},"datePublished":"2019-12-29T07:56:09+00:00","dateModified":"2020-01-15T11:35:54+00:00","breadcrumb":{"@id":"https:\/\/www.eoimalaga.com\/web\/frances\/pruebas-periodicas\/#breadcrumb"},"inLanguage":"es","potentialAction":[{"@type":"ReadAction","target":["https:\/\/www.eoimalaga.com\/web\/frances\/pruebas-periodicas\/"]}]},{"@type":"BreadcrumbList","@id":"https:\/\/www.eoimalaga.com\/web\/frances\/pruebas-periodicas\/#breadcrumb","itemListElement":[{"@type":"ListItem","position":1,"name":"Home","item":"https:\/\/www.eoimalaga.com\/web\/"},{"@type":"ListItem","position":2,"name":"FRANCES","item":"https:\/\/www.eoimalaga.com\/web\/frances\/"},{"@type":"ListItem","position":3,"name":"Pruebas peri\u00f3dicas"}]},{"@type":"WebSite","@id":"https:\/\/www.eoimalaga.com\/web\/#website","url":"https:\/\/www.eoimalaga.com\/web\/","name":"P\u00e1gina Oficial de la EOI de M\u00e1laga ::Los idiomas ponen el mundo a tus pies::","description":"EOI M\u00e1laga","potentialAction":[{"@type":"SearchAction","target":{"@type":"EntryPoint","urlTemplate":"https:\/\/www.eoimalaga.com\/web\/?s={search_term_string}"},"query-input":{"@type":"PropertyValueSpecification","valueRequired":true,"valueName":"search_term_string"}}],"inLanguage":"es"}]}},"_links":{"self":[{"href":"https:\/\/www.eoimalaga.com\/web\/wp-json\/wp\/v2\/pages\/8419","targetHints":{"allow":["GET"]}}],"collection":[{"href":"https:\/\/www.eoimalaga.com\/web\/wp-json\/wp\/v2\/pages"}],"about":[{"href":"https:\/\/www.eoimalaga.com\/web\/wp-json\/wp\/v2\/types\/page"}],"author":[{"embeddable":true,"href":"https:\/\/www.eoimalaga.com\/web\/wp-json\/wp\/v2\/users\/15"}],"replies":[{"embeddable":true,"href":"https:\/\/www.eoimalaga.com\/web\/wp-json\/wp\/v2\/comments?post=8419"}],"version-history":[{"count":4,"href":"https:\/\/www.eoimalaga.com\/web\/wp-json\/wp\/v2\/pages\/8419\/revisions"}],"predecessor-version":[{"id":9262,"href":"https:\/\/www.eoimalaga.com\/web\/wp-json\/wp\/v2\/pages\/8419\/revisions\/9262"}],"up":[{"embeddable":true,"href":"https:\/\/www.eoimalaga.com\/web\/wp-json\/wp\/v2\/pages\/8396"}],"wp:attachment":[{"href":"https:\/\/www.eoimalaga.com\/web\/wp-json\/wp\/v2\/media?parent=8419"}],"wp:term":[{"taxonomy":"category","embeddable":true,"href":"https:\/\/www.eoimalaga.com\/web\/wp-json\/wp\/v2\/categories?post=8419"},{"taxonomy":"post_tag","embeddable":true,"href":"https:\/\/www.eoimalaga.com\/web\/wp-json\/wp\/v2\/tags?post=8419"}],"curies":[{"name":"wp","href":"https:\/\/api.w.org\/{rel}","templated":true}]}}