{"id":8341,"date":"2019-12-28T11:09:19","date_gmt":"2019-12-28T09:09:19","guid":{"rendered":"http:\/\/www.eoimalaga.com\/web\/?page_id=8341"},"modified":"2025-09-15T11:02:10","modified_gmt":"2025-09-15T09:02:10","slug":"contacto","status":"publish","type":"page","link":"https:\/\/www.eoimalaga.com\/web\/aleman\/contacto\/","title":{"rendered":"CONTACTO"},"content":{"rendered":"<div class=\"wpb-content-wrapper\"><p>[vc_row][vc_column][vc_empty_space][\/vc_column][\/vc_row][vc_row][vc_column width=\u00bb1\/3&#8243;][vc_message message_box_style=\u00bbsolid-icon\u00bb message_box_color=\u00bbvista_blue\u00bb icon_fontawesome=\u00bbfar fa-clock\u00bb css=\u00bb\u00bb]<strong>Horario de atenci\u00f3n al p\u00fablico:<\/strong><\/p>\n<p>Jueves 12.00-13.00<\/p>\n<p>Viernes 10.15-11.15[\/vc_message][\/vc_column][vc_column width=\u00bb1\/3&#8243;][vc_message message_box_style=\u00bbsolid-icon\u00bb message_box_color=\u00bbvista_blue\u00bb icon_fontawesome=\u00bbfas fa-phone-volume\u00bb]<span style=\"font-size: 12pt\">952 27 22 78\u00a0 \u00a0 \u00a0 <\/span><\/p>\n<p><span style=\"font-size: 12pt\">(Extensi\u00f3n 20)<\/span>[\/vc_message][\/vc_column][vc_column width=\u00bb1\/3&#8243;][vc_message message_box_style=\u00bbsolid-icon\u00bb message_box_color=\u00bbvista_blue\u00bb icon_fontawesome=\u00bbfar fa-envelope\u00bb]<strong>EMAIL<\/strong><\/p>\n<p>aleman@eoimalaga.com[\/vc_message][\/vc_column][\/vc_row][vc_row][vc_column][vc_column_text]El Departamento de Alem\u00e1n se encuentra en el <strong>M\u00f3dulo B, planta 1, al fondo del pasillo<\/strong>.[\/vc_column_text][\/vc_column][\/vc_row][vc_row disable_element=\u00bbyes\u00bb][vc_column][vc_column_text]<\/p>\n<table style=\"height: 74px;width: 76.488%\">\n<tbody>\n<tr>\n<td style=\"width: 14.1946%\"><img loading=\"lazy\" decoding=\"async\" class=\"alignnone wp-image-6364 size-full\" src=\"http:\/\/www.eoimalaga.com\/FRANCES\/wp-content\/uploads\/2018\/03\/telefono.png\" alt=\"\" width=\"64\" height=\"64\" \/><\/td>\n<td style=\"width: 84.5295%\"><strong>952 27 22 78\u00a0 \u00a0 \u00a0 (<\/strong><strong>Extensi\u00f3n 2)<\/strong><\/td>\n<\/tr>\n<tr>\n<td style=\"width: 14.1946%;vertical-align: middle\"><img loading=\"lazy\" decoding=\"async\" class=\"wp-image-6366 aligncenter\" src=\"http:\/\/www.eoimalaga.com\/FRANCES\/wp-content\/uploads\/2018\/03\/Reloj.png\" alt=\"\" width=\"65\" height=\"65\" \/><\/td>\n<td style=\"width: 84.5295%\"><strong>Horario de atenci\u00f3n al p\u00fablico:<\/strong><\/p>\n<p>&nbsp;<\/p>\n<p>Lunes y Mi\u00e9rcoles : De 12.30h a 14.30h.<\/p>\n<p>&nbsp;<\/td>\n<\/tr>\n<tr>\n<td style=\"width: 14.1946%\">\n<h3><span style=\"font-family: arial, helvetica, sans-serif\"><img loading=\"lazy\" decoding=\"async\" class=\"aligncenter wp-image-6365 size-full\" src=\"http:\/\/www.eoimalaga.com\/FRANCES\/wp-content\/uploads\/2018\/03\/mail64.png\" alt=\"\" width=\"64\" height=\"64\" \/><\/span><\/h3>\n<\/td>\n<td style=\"width: 84.5295%\"><span style=\"color: #0000ff\"><a style=\"color: #0000ff\" href=\"mailto:ingles@eoimalaga.com\">ingles@eoimalaga.com<\/a><\/span><\/td>\n<\/tr>\n<\/tbody>\n<\/table>\n<p><strong>Ubicaci\u00f3n<\/strong><\/p>\n<p>Planta Baja. M\u00f3dulo B.[\/vc_column_text][\/vc_column][\/vc_row]<\/p>\n<\/div>","protected":false},"excerpt":{"rendered":"<p>[vc_row][vc_column][vc_empty_space][\/vc_column][\/vc_row][vc_row][vc_column width=\u00bb1\/3&#8243;][vc_message message_box_style=\u00bbsolid-icon\u00bb message_box_color=\u00bbvista_blue\u00bb icon_fontawesome=\u00bbfar fa-clock\u00bb css=\u00bb\u00bb]Horario de atenci\u00f3n al p\u00fablico: Jueves 12.00-13.00 Viernes 10.15-11.15[\/vc_message][\/vc_column][vc_column width=\u00bb1\/3&#8243;][vc_message message_box_style=\u00bbsolid-icon\u00bb message_box_color=\u00bbvista_blue\u00bb icon_fontawesome=\u00bbfas fa-phone-volume\u00bb]952 27 22 78\u00a0 \u00a0 \u00a0 (Extensi\u00f3n 20)[\/vc_message][\/vc_column][vc_column width=\u00bb1\/3&#8243;][vc_message message_box_style=\u00bbsolid-icon\u00bb message_box_color=\u00bbvista_blue\u00bb icon_fontawesome=\u00bbfar fa-envelope\u00bb]EMAIL aleman@eoimalaga.com[\/vc_message][\/vc_column][\/vc_row][vc_row][vc_column][vc_column_text]El Departamento de Alem\u00e1n se encuentra en el M\u00f3dulo B, planta 1, al fondo del pasillo.[\/vc_column_text][\/vc_column][\/vc_row][vc_row disable_element=\u00bbyes\u00bb][vc_column][vc_column_text] 952 27 22 78\u00a0 \u00a0 \u00a0 [&hellip;]<\/p>\n","protected":false},"author":13,"featured_media":0,"parent":8288,"menu_order":0,"comment_status":"closed","ping_status":"closed","template":"","meta":{"inline_featured_image":false,"footnotes":""},"categories":[50],"tags":[],"class_list":["post-8341","page","type-page","status-publish","hentry","category-aleman"],"yoast_head":"<!-- This site is optimized with the Yoast SEO plugin v26.5 - https:\/\/yoast.com\/wordpress\/plugins\/seo\/ -->\n<title>CONTACTO - P\u00e1gina Oficial de la EOI de M\u00e1laga ::Los idiomas ponen el mundo a tus pies::<\/title>\n<meta name=\"robots\" content=\"index, follow, max-snippet:-1, max-image-preview:large, max-video-preview:-1\" \/>\n<link rel=\"canonical\" href=\"https:\/\/www.eoimalaga.com\/web\/aleman\/contacto\/\" \/>\n<meta property=\"og:locale\" content=\"es_ES\" \/>\n<meta property=\"og:type\" content=\"article\" \/>\n<meta property=\"og:title\" content=\"CONTACTO - P\u00e1gina Oficial de la EOI de M\u00e1laga ::Los idiomas ponen el mundo a tus pies::\" \/>\n<meta property=\"og:description\" content=\"[vc_row][vc_column][vc_empty_space][\/vc_column][\/vc_row][vc_row][vc_column width=\u00bb1\/3&#8243;][vc_message message_box_style=\u00bbsolid-icon\u00bb message_box_color=\u00bbvista_blue\u00bb icon_fontawesome=\u00bbfar fa-clock\u00bb css=\u00bb\u00bb]Horario de atenci\u00f3n al p\u00fablico: Jueves 12.00-13.00 Viernes 10.15-11.15[\/vc_message][\/vc_column][vc_column width=\u00bb1\/3&#8243;][vc_message message_box_style=\u00bbsolid-icon\u00bb message_box_color=\u00bbvista_blue\u00bb icon_fontawesome=\u00bbfas fa-phone-volume\u00bb]952 27 22 78\u00a0 \u00a0 \u00a0 (Extensi\u00f3n 20)[\/vc_message][\/vc_column][vc_column width=\u00bb1\/3&#8243;][vc_message message_box_style=\u00bbsolid-icon\u00bb message_box_color=\u00bbvista_blue\u00bb icon_fontawesome=\u00bbfar fa-envelope\u00bb]EMAIL aleman@eoimalaga.com[\/vc_message][\/vc_column][\/vc_row][vc_row][vc_column][vc_column_text]El Departamento de Alem\u00e1n se encuentra en el M\u00f3dulo B, planta 1, al fondo del pasillo.[\/vc_column_text][\/vc_column][\/vc_row][vc_row disable_element=\u00bbyes\u00bb][vc_column][vc_column_text] 952 27 22 78\u00a0 \u00a0 \u00a0 [&hellip;]\" \/>\n<meta property=\"og:url\" content=\"https:\/\/www.eoimalaga.com\/web\/aleman\/contacto\/\" \/>\n<meta property=\"og:site_name\" content=\"P\u00e1gina Oficial de la EOI de M\u00e1laga ::Los idiomas ponen el mundo a tus pies::\" \/>\n<meta property=\"article:modified_time\" content=\"2025-09-15T09:02:10+00:00\" \/>\n<meta property=\"og:image\" content=\"http:\/\/www.eoimalaga.com\/FRANCES\/wp-content\/uploads\/2018\/03\/telefono.png\" \/>\n<meta name=\"twitter:card\" content=\"summary_large_image\" \/>\n<meta name=\"twitter:label1\" content=\"Tiempo de lectura\" \/>\n\t<meta name=\"twitter:data1\" content=\"1 minuto\" \/>\n<script type=\"application\/ld+json\" class=\"yoast-schema-graph\">{\"@context\":\"https:\/\/schema.org\",\"@graph\":[{\"@type\":\"WebPage\",\"@id\":\"https:\/\/www.eoimalaga.com\/web\/aleman\/contacto\/\",\"url\":\"https:\/\/www.eoimalaga.com\/web\/aleman\/contacto\/\",\"name\":\"CONTACTO - P\u00e1gina Oficial de la EOI de M\u00e1laga ::Los idiomas ponen el mundo a tus pies::\",\"isPartOf\":{\"@id\":\"https:\/\/www.eoimalaga.com\/web\/#website\"},\"primaryImageOfPage\":{\"@id\":\"https:\/\/www.eoimalaga.com\/web\/aleman\/contacto\/#primaryimage\"},\"image\":{\"@id\":\"https:\/\/www.eoimalaga.com\/web\/aleman\/contacto\/#primaryimage\"},\"thumbnailUrl\":\"http:\/\/www.eoimalaga.com\/FRANCES\/wp-content\/uploads\/2018\/03\/telefono.png\",\"datePublished\":\"2019-12-28T09:09:19+00:00\",\"dateModified\":\"2025-09-15T09:02:10+00:00\",\"breadcrumb\":{\"@id\":\"https:\/\/www.eoimalaga.com\/web\/aleman\/contacto\/#breadcrumb\"},\"inLanguage\":\"es\",\"potentialAction\":[{\"@type\":\"ReadAction\",\"target\":[\"https:\/\/www.eoimalaga.com\/web\/aleman\/contacto\/\"]}]},{\"@type\":\"ImageObject\",\"inLanguage\":\"es\",\"@id\":\"https:\/\/www.eoimalaga.com\/web\/aleman\/contacto\/#primaryimage\",\"url\":\"http:\/\/www.eoimalaga.com\/FRANCES\/wp-content\/uploads\/2018\/03\/telefono.png\",\"contentUrl\":\"http:\/\/www.eoimalaga.com\/FRANCES\/wp-content\/uploads\/2018\/03\/telefono.png\"},{\"@type\":\"BreadcrumbList\",\"@id\":\"https:\/\/www.eoimalaga.com\/web\/aleman\/contacto\/#breadcrumb\",\"itemListElement\":[{\"@type\":\"ListItem\",\"position\":1,\"name\":\"Home\",\"item\":\"https:\/\/www.eoimalaga.com\/web\/\"},{\"@type\":\"ListItem\",\"position\":2,\"name\":\"ALEM\u00c1N\",\"item\":\"https:\/\/www.eoimalaga.com\/web\/aleman\/\"},{\"@type\":\"ListItem\",\"position\":3,\"name\":\"CONTACTO\"}]},{\"@type\":\"WebSite\",\"@id\":\"https:\/\/www.eoimalaga.com\/web\/#website\",\"url\":\"https:\/\/www.eoimalaga.com\/web\/\",\"name\":\"P\u00e1gina Oficial de la EOI de M\u00e1laga ::Los idiomas ponen el mundo a tus pies::\",\"description\":\"EOI M\u00e1laga\",\"potentialAction\":[{\"@type\":\"SearchAction\",\"target\":{\"@type\":\"EntryPoint\",\"urlTemplate\":\"https:\/\/www.eoimalaga.com\/web\/?s={search_term_string}\"},\"query-input\":{\"@type\":\"PropertyValueSpecification\",\"valueRequired\":true,\"valueName\":\"search_term_string\"}}],\"inLanguage\":\"es\"}]}<\/script>\n<!-- \/ Yoast SEO plugin. -->","yoast_head_json":{"title":"CONTACTO - P\u00e1gina Oficial de la EOI de M\u00e1laga ::Los idiomas ponen el mundo a tus pies::","robots":{"index":"index","follow":"follow","max-snippet":"max-snippet:-1","max-image-preview":"max-image-preview:large","max-video-preview":"max-video-preview:-1"},"canonical":"https:\/\/www.eoimalaga.com\/web\/aleman\/contacto\/","og_locale":"es_ES","og_type":"article","og_title":"CONTACTO - P\u00e1gina Oficial de la EOI de M\u00e1laga ::Los idiomas ponen el mundo a tus pies::","og_description":"[vc_row][vc_column][vc_empty_space][\/vc_column][\/vc_row][vc_row][vc_column width=\u00bb1\/3&#8243;][vc_message message_box_style=\u00bbsolid-icon\u00bb message_box_color=\u00bbvista_blue\u00bb icon_fontawesome=\u00bbfar fa-clock\u00bb css=\u00bb\u00bb]Horario de atenci\u00f3n al p\u00fablico: Jueves 12.00-13.00 Viernes 10.15-11.15[\/vc_message][\/vc_column][vc_column width=\u00bb1\/3&#8243;][vc_message message_box_style=\u00bbsolid-icon\u00bb message_box_color=\u00bbvista_blue\u00bb icon_fontawesome=\u00bbfas fa-phone-volume\u00bb]952 27 22 78\u00a0 \u00a0 \u00a0 (Extensi\u00f3n 20)[\/vc_message][\/vc_column][vc_column width=\u00bb1\/3&#8243;][vc_message message_box_style=\u00bbsolid-icon\u00bb message_box_color=\u00bbvista_blue\u00bb icon_fontawesome=\u00bbfar fa-envelope\u00bb]EMAIL aleman@eoimalaga.com[\/vc_message][\/vc_column][\/vc_row][vc_row][vc_column][vc_column_text]El Departamento de Alem\u00e1n se encuentra en el M\u00f3dulo B, planta 1, al fondo del pasillo.[\/vc_column_text][\/vc_column][\/vc_row][vc_row disable_element=\u00bbyes\u00bb][vc_column][vc_column_text] 952 27 22 78\u00a0 \u00a0 \u00a0 [&hellip;]","og_url":"https:\/\/www.eoimalaga.com\/web\/aleman\/contacto\/","og_site_name":"P\u00e1gina Oficial de la EOI de M\u00e1laga ::Los idiomas ponen el mundo a tus pies::","article_modified_time":"2025-09-15T09:02:10+00:00","og_image":[{"url":"http:\/\/www.eoimalaga.com\/FRANCES\/wp-content\/uploads\/2018\/03\/telefono.png","type":"","width":"","height":""}],"twitter_card":"summary_large_image","twitter_misc":{"Tiempo de lectura":"1 minuto"},"schema":{"@context":"https:\/\/schema.org","@graph":[{"@type":"WebPage","@id":"https:\/\/www.eoimalaga.com\/web\/aleman\/contacto\/","url":"https:\/\/www.eoimalaga.com\/web\/aleman\/contacto\/","name":"CONTACTO - P\u00e1gina Oficial de la EOI de M\u00e1laga ::Los idiomas ponen el mundo a tus pies::","isPartOf":{"@id":"https:\/\/www.eoimalaga.com\/web\/#website"},"primaryImageOfPage":{"@id":"https:\/\/www.eoimalaga.com\/web\/aleman\/contacto\/#primaryimage"},"image":{"@id":"https:\/\/www.eoimalaga.com\/web\/aleman\/contacto\/#primaryimage"},"thumbnailUrl":"http:\/\/www.eoimalaga.com\/FRANCES\/wp-content\/uploads\/2018\/03\/telefono.png","datePublished":"2019-12-28T09:09:19+00:00","dateModified":"2025-09-15T09:02:10+00:00","breadcrumb":{"@id":"https:\/\/www.eoimalaga.com\/web\/aleman\/contacto\/#breadcrumb"},"inLanguage":"es","potentialAction":[{"@type":"ReadAction","target":["https:\/\/www.eoimalaga.com\/web\/aleman\/contacto\/"]}]},{"@type":"ImageObject","inLanguage":"es","@id":"https:\/\/www.eoimalaga.com\/web\/aleman\/contacto\/#primaryimage","url":"http:\/\/www.eoimalaga.com\/FRANCES\/wp-content\/uploads\/2018\/03\/telefono.png","contentUrl":"http:\/\/www.eoimalaga.com\/FRANCES\/wp-content\/uploads\/2018\/03\/telefono.png"},{"@type":"BreadcrumbList","@id":"https:\/\/www.eoimalaga.com\/web\/aleman\/contacto\/#breadcrumb","itemListElement":[{"@type":"ListItem","position":1,"name":"Home","item":"https:\/\/www.eoimalaga.com\/web\/"},{"@type":"ListItem","position":2,"name":"ALEM\u00c1N","item":"https:\/\/www.eoimalaga.com\/web\/aleman\/"},{"@type":"ListItem","position":3,"name":"CONTACTO"}]},{"@type":"WebSite","@id":"https:\/\/www.eoimalaga.com\/web\/#website","url":"https:\/\/www.eoimalaga.com\/web\/","name":"P\u00e1gina Oficial de la EOI de M\u00e1laga ::Los idiomas ponen el mundo a tus pies::","description":"EOI M\u00e1laga","potentialAction":[{"@type":"SearchAction","target":{"@type":"EntryPoint","urlTemplate":"https:\/\/www.eoimalaga.com\/web\/?s={search_term_string}"},"query-input":{"@type":"PropertyValueSpecification","valueRequired":true,"valueName":"search_term_string"}}],"inLanguage":"es"}]}},"_links":{"self":[{"href":"https:\/\/www.eoimalaga.com\/web\/wp-json\/wp\/v2\/pages\/8341","targetHints":{"allow":["GET"]}}],"collection":[{"href":"https:\/\/www.eoimalaga.com\/web\/wp-json\/wp\/v2\/pages"}],"about":[{"href":"https:\/\/www.eoimalaga.com\/web\/wp-json\/wp\/v2\/types\/page"}],"author":[{"embeddable":true,"href":"https:\/\/www.eoimalaga.com\/web\/wp-json\/wp\/v2\/users\/13"}],"replies":[{"embeddable":true,"href":"https:\/\/www.eoimalaga.com\/web\/wp-json\/wp\/v2\/comments?post=8341"}],"version-history":[{"count":10,"href":"https:\/\/www.eoimalaga.com\/web\/wp-json\/wp\/v2\/pages\/8341\/revisions"}],"predecessor-version":[{"id":22225,"href":"https:\/\/www.eoimalaga.com\/web\/wp-json\/wp\/v2\/pages\/8341\/revisions\/22225"}],"up":[{"embeddable":true,"href":"https:\/\/www.eoimalaga.com\/web\/wp-json\/wp\/v2\/pages\/8288"}],"wp:attachment":[{"href":"https:\/\/www.eoimalaga.com\/web\/wp-json\/wp\/v2\/media?parent=8341"}],"wp:term":[{"taxonomy":"category","embeddable":true,"href":"https:\/\/www.eoimalaga.com\/web\/wp-json\/wp\/v2\/categories?post=8341"},{"taxonomy":"post_tag","embeddable":true,"href":"https:\/\/www.eoimalaga.com\/web\/wp-json\/wp\/v2\/tags?post=8341"}],"curies":[{"name":"wp","href":"https:\/\/api.w.org\/{rel}","templated":true}]}}