{"id":8306,"date":"2019-12-28T10:49:54","date_gmt":"2019-12-28T08:49:54","guid":{"rendered":"http:\/\/www.eoimalaga.com\/web\/?page_id=8306"},"modified":"2026-01-28T08:43:37","modified_gmt":"2026-01-28T06:43:37","slug":"actividades","status":"publish","type":"page","link":"https:\/\/www.eoimalaga.com\/web\/aleman\/actividades\/","title":{"rendered":"Actividades"},"content":{"rendered":"<div class=\"wpb-content-wrapper\"><p>[vc_row][vc_column][vc_column_text css=\u00bb\u00bb]<span style=\"font-size: 21px\"><strong>Curso 2025\/2026<\/strong><\/span><\/p>\n<p><span style=\"text-decoration: underline\">Actividad por San Valent\u00edn\u00a0<\/span><\/p>\n<p><img loading=\"lazy\" decoding=\"async\" class=\"alignnone wp-image-22872\" src=\"https:\/\/www.eoimalaga.com\/web\/wp-content\/uploads\/2026\/01\/Actividad-San-Valentin-213x300.png\" alt=\"\" width=\"377\" height=\"531\" srcset=\"https:\/\/www.eoimalaga.com\/web\/wp-content\/uploads\/2026\/01\/Actividad-San-Valentin-213x300.png 213w, https:\/\/www.eoimalaga.com\/web\/wp-content\/uploads\/2026\/01\/Actividad-San-Valentin-726x1024.png 726w, https:\/\/www.eoimalaga.com\/web\/wp-content\/uploads\/2026\/01\/Actividad-San-Valentin-768x1083.png 768w, https:\/\/www.eoimalaga.com\/web\/wp-content\/uploads\/2026\/01\/Actividad-San-Valentin-1090x1536.png 1090w, https:\/\/www.eoimalaga.com\/web\/wp-content\/uploads\/2026\/01\/Actividad-San-Valentin.png 1240w\" sizes=\"auto, (max-width: 377px) 100vw, 377px\" \/><\/p>\n<p><span style=\"text-decoration: underline\">Sankt Martinstags<\/span><\/p>\n<p><img loading=\"lazy\" decoding=\"async\" class=\"alignnone size-medium wp-image-22486\" src=\"https:\/\/www.eoimalaga.com\/web\/wp-content\/uploads\/2025\/10\/Sankt-Martin-1-240x300.png\" alt=\"\" width=\"240\" height=\"300\" srcset=\"https:\/\/www.eoimalaga.com\/web\/wp-content\/uploads\/2025\/10\/Sankt-Martin-1-240x300.png 240w, https:\/\/www.eoimalaga.com\/web\/wp-content\/uploads\/2025\/10\/Sankt-Martin-1-819x1024.png 819w, https:\/\/www.eoimalaga.com\/web\/wp-content\/uploads\/2025\/10\/Sankt-Martin-1-768x960.png 768w, https:\/\/www.eoimalaga.com\/web\/wp-content\/uploads\/2025\/10\/Sankt-Martin-1.png 1080w\" sizes=\"auto, (max-width: 240px) 100vw, 240px\" \/><\/p>\n<p><span style=\"text-decoration: underline\">Charla informativa: Intercambio escolar<\/span><\/p>\n<p>\u00bfNo has podido asistir a la reuni\u00f3n? Kein Problem!<\/p>\n<p>Aqu\u00ed tienes el formulario de inscripci\u00f3n para entregar antes del\u00a0<span style=\"text-decoration: underline\">15 de noviembre 2025<\/span> bien a tu profesor\/a o por mail a aleman@eoimalaga.com<\/p>\n<p><a href=\"https:\/\/docs.google.com\/document\/d\/19UjprJ5XcPPhg5brt8O0S8omoA1e_wgS\/copy\">Klick!<\/a><\/p>\n<p>&nbsp;<\/p>\n<p><img loading=\"lazy\" decoding=\"async\" class=\" wp-image-22444 aligncenter\" src=\"https:\/\/www.eoimalaga.com\/web\/wp-content\/uploads\/2025\/10\/Cartel-HKK-240x300.jpg\" alt=\"\" width=\"339\" height=\"424\" srcset=\"https:\/\/www.eoimalaga.com\/web\/wp-content\/uploads\/2025\/10\/Cartel-HKK-240x300.jpg 240w, https:\/\/www.eoimalaga.com\/web\/wp-content\/uploads\/2025\/10\/Cartel-HKK-819x1024.jpg 819w, https:\/\/www.eoimalaga.com\/web\/wp-content\/uploads\/2025\/10\/Cartel-HKK-768x960.jpg 768w, https:\/\/www.eoimalaga.com\/web\/wp-content\/uploads\/2025\/10\/Cartel-HKK.jpg 1080w\" sizes=\"auto, (max-width: 339px) 100vw, 339px\" \/><\/p>\n<p><span style=\"text-decoration: underline\">Taller de teatro en alem\u00e1n<\/span><\/p>\n<p><img loading=\"lazy\" decoding=\"async\" class=\"aligncenter wp-image-22387 \" src=\"https:\/\/www.eoimalaga.com\/web\/wp-content\/uploads\/2025\/09\/Deutsch-Theater-Gruppe-1-169x300.jpg\" alt=\"\" width=\"261\" height=\"463\" srcset=\"https:\/\/www.eoimalaga.com\/web\/wp-content\/uploads\/2025\/09\/Deutsch-Theater-Gruppe-1-169x300.jpg 169w, https:\/\/www.eoimalaga.com\/web\/wp-content\/uploads\/2025\/09\/Deutsch-Theater-Gruppe-1-576x1024.jpg 576w, https:\/\/www.eoimalaga.com\/web\/wp-content\/uploads\/2025\/09\/Deutsch-Theater-Gruppe-1-768x1365.jpg 768w, https:\/\/www.eoimalaga.com\/web\/wp-content\/uploads\/2025\/09\/Deutsch-Theater-Gruppe-1-864x1536.jpg 864w, https:\/\/www.eoimalaga.com\/web\/wp-content\/uploads\/2025\/09\/Deutsch-Theater-Gruppe-1.jpg 1080w\" sizes=\"auto, (max-width: 261px) 100vw, 261px\" \/><\/p>\n<p>Puedes consultar aqu\u00ed el <a href=\"https:\/\/dace-eoi-malaga.blogspot.com\/\" target=\"_blank\" rel=\"noopener noreferrer\">Blog del Departamento de Actividades Culturales<\/a>.[\/vc_column_text][\/vc_column][\/vc_row]<\/p>\n<\/div>","protected":false},"excerpt":{"rendered":"<p>[vc_row][vc_column][vc_column_text css=\u00bb\u00bb]Curso 2025\/2026 Actividad por San Valent\u00edn\u00a0 Sankt Martinstags Charla informativa: Intercambio escolar \u00bfNo has podido asistir a la reuni\u00f3n? Kein Problem! Aqu\u00ed tienes el formulario de inscripci\u00f3n para entregar antes del\u00a015 de noviembre 2025 bien a tu profesor\/a o por mail a aleman@eoimalaga.com Klick! &nbsp; Taller de teatro en alem\u00e1n Puedes consultar aqu\u00ed el [&hellip;]<\/p>\n","protected":false},"author":13,"featured_media":0,"parent":8288,"menu_order":0,"comment_status":"closed","ping_status":"closed","template":"","meta":{"inline_featured_image":false,"footnotes":""},"categories":[50],"tags":[],"class_list":["post-8306","page","type-page","status-publish","hentry","category-aleman"],"yoast_head":"<!-- This site is optimized with the Yoast SEO plugin v26.5 - https:\/\/yoast.com\/wordpress\/plugins\/seo\/ -->\n<title>Actividades - P\u00e1gina Oficial de la EOI de M\u00e1laga ::Los idiomas ponen el mundo a tus pies::<\/title>\n<meta name=\"robots\" content=\"index, follow, max-snippet:-1, max-image-preview:large, max-video-preview:-1\" \/>\n<link rel=\"canonical\" href=\"https:\/\/www.eoimalaga.com\/web\/aleman\/actividades\/\" \/>\n<meta property=\"og:locale\" content=\"es_ES\" \/>\n<meta property=\"og:type\" content=\"article\" \/>\n<meta property=\"og:title\" content=\"Actividades - P\u00e1gina Oficial de la EOI de M\u00e1laga ::Los idiomas ponen el mundo a tus pies::\" \/>\n<meta property=\"og:description\" content=\"[vc_row][vc_column][vc_column_text css=\u00bb\u00bb]Curso 2025\/2026 Actividad por San Valent\u00edn\u00a0 Sankt Martinstags Charla informativa: Intercambio escolar \u00bfNo has podido asistir a la reuni\u00f3n? Kein Problem! Aqu\u00ed tienes el formulario de inscripci\u00f3n para entregar antes del\u00a015 de noviembre 2025 bien a tu profesor\/a o por mail a aleman@eoimalaga.com Klick! &nbsp; Taller de teatro en alem\u00e1n Puedes consultar aqu\u00ed el [&hellip;]\" \/>\n<meta property=\"og:url\" content=\"https:\/\/www.eoimalaga.com\/web\/aleman\/actividades\/\" \/>\n<meta property=\"og:site_name\" content=\"P\u00e1gina Oficial de la EOI de M\u00e1laga ::Los idiomas ponen el mundo a tus pies::\" \/>\n<meta property=\"article:modified_time\" content=\"2026-01-28T06:43:37+00:00\" \/>\n<meta property=\"og:image\" content=\"https:\/\/www.eoimalaga.com\/web\/wp-content\/uploads\/2026\/01\/Actividad-San-Valentin.png\" \/>\n\t<meta property=\"og:image:width\" content=\"1240\" \/>\n\t<meta property=\"og:image:height\" content=\"1748\" \/>\n\t<meta property=\"og:image:type\" content=\"image\/png\" \/>\n<meta name=\"twitter:card\" content=\"summary_large_image\" \/>\n<meta name=\"twitter:label1\" content=\"Tiempo de lectura\" \/>\n\t<meta name=\"twitter:data1\" content=\"2 minutos\" \/>\n<script type=\"application\/ld+json\" class=\"yoast-schema-graph\">{\"@context\":\"https:\/\/schema.org\",\"@graph\":[{\"@type\":\"WebPage\",\"@id\":\"https:\/\/www.eoimalaga.com\/web\/aleman\/actividades\/\",\"url\":\"https:\/\/www.eoimalaga.com\/web\/aleman\/actividades\/\",\"name\":\"Actividades - P\u00e1gina Oficial de la EOI de M\u00e1laga ::Los idiomas ponen el mundo a tus pies::\",\"isPartOf\":{\"@id\":\"https:\/\/www.eoimalaga.com\/web\/#website\"},\"primaryImageOfPage\":{\"@id\":\"https:\/\/www.eoimalaga.com\/web\/aleman\/actividades\/#primaryimage\"},\"image\":{\"@id\":\"https:\/\/www.eoimalaga.com\/web\/aleman\/actividades\/#primaryimage\"},\"thumbnailUrl\":\"https:\/\/www.eoimalaga.com\/web\/wp-content\/uploads\/2026\/01\/Actividad-San-Valentin-213x300.png\",\"datePublished\":\"2019-12-28T08:49:54+00:00\",\"dateModified\":\"2026-01-28T06:43:37+00:00\",\"breadcrumb\":{\"@id\":\"https:\/\/www.eoimalaga.com\/web\/aleman\/actividades\/#breadcrumb\"},\"inLanguage\":\"es\",\"potentialAction\":[{\"@type\":\"ReadAction\",\"target\":[\"https:\/\/www.eoimalaga.com\/web\/aleman\/actividades\/\"]}]},{\"@type\":\"ImageObject\",\"inLanguage\":\"es\",\"@id\":\"https:\/\/www.eoimalaga.com\/web\/aleman\/actividades\/#primaryimage\",\"url\":\"https:\/\/www.eoimalaga.com\/web\/wp-content\/uploads\/2026\/01\/Actividad-San-Valentin.png\",\"contentUrl\":\"https:\/\/www.eoimalaga.com\/web\/wp-content\/uploads\/2026\/01\/Actividad-San-Valentin.png\",\"width\":1240,\"height\":1748},{\"@type\":\"BreadcrumbList\",\"@id\":\"https:\/\/www.eoimalaga.com\/web\/aleman\/actividades\/#breadcrumb\",\"itemListElement\":[{\"@type\":\"ListItem\",\"position\":1,\"name\":\"Home\",\"item\":\"https:\/\/www.eoimalaga.com\/web\/\"},{\"@type\":\"ListItem\",\"position\":2,\"name\":\"ALEM\u00c1N\",\"item\":\"https:\/\/www.eoimalaga.com\/web\/aleman\/\"},{\"@type\":\"ListItem\",\"position\":3,\"name\":\"Actividades\"}]},{\"@type\":\"WebSite\",\"@id\":\"https:\/\/www.eoimalaga.com\/web\/#website\",\"url\":\"https:\/\/www.eoimalaga.com\/web\/\",\"name\":\"P\u00e1gina Oficial de la EOI de M\u00e1laga ::Los idiomas ponen el mundo a tus pies::\",\"description\":\"EOI M\u00e1laga\",\"potentialAction\":[{\"@type\":\"SearchAction\",\"target\":{\"@type\":\"EntryPoint\",\"urlTemplate\":\"https:\/\/www.eoimalaga.com\/web\/?s={search_term_string}\"},\"query-input\":{\"@type\":\"PropertyValueSpecification\",\"valueRequired\":true,\"valueName\":\"search_term_string\"}}],\"inLanguage\":\"es\"}]}<\/script>\n<!-- \/ Yoast SEO plugin. -->","yoast_head_json":{"title":"Actividades - P\u00e1gina Oficial de la EOI de M\u00e1laga ::Los idiomas ponen el mundo a tus pies::","robots":{"index":"index","follow":"follow","max-snippet":"max-snippet:-1","max-image-preview":"max-image-preview:large","max-video-preview":"max-video-preview:-1"},"canonical":"https:\/\/www.eoimalaga.com\/web\/aleman\/actividades\/","og_locale":"es_ES","og_type":"article","og_title":"Actividades - P\u00e1gina Oficial de la EOI de M\u00e1laga ::Los idiomas ponen el mundo a tus pies::","og_description":"[vc_row][vc_column][vc_column_text css=\u00bb\u00bb]Curso 2025\/2026 Actividad por San Valent\u00edn\u00a0 Sankt Martinstags Charla informativa: Intercambio escolar \u00bfNo has podido asistir a la reuni\u00f3n? Kein Problem! Aqu\u00ed tienes el formulario de inscripci\u00f3n para entregar antes del\u00a015 de noviembre 2025 bien a tu profesor\/a o por mail a aleman@eoimalaga.com Klick! &nbsp; Taller de teatro en alem\u00e1n Puedes consultar aqu\u00ed el [&hellip;]","og_url":"https:\/\/www.eoimalaga.com\/web\/aleman\/actividades\/","og_site_name":"P\u00e1gina Oficial de la EOI de M\u00e1laga ::Los idiomas ponen el mundo a tus pies::","article_modified_time":"2026-01-28T06:43:37+00:00","og_image":[{"width":1240,"height":1748,"url":"https:\/\/www.eoimalaga.com\/web\/wp-content\/uploads\/2026\/01\/Actividad-San-Valentin.png","type":"image\/png"}],"twitter_card":"summary_large_image","twitter_misc":{"Tiempo de lectura":"2 minutos"},"schema":{"@context":"https:\/\/schema.org","@graph":[{"@type":"WebPage","@id":"https:\/\/www.eoimalaga.com\/web\/aleman\/actividades\/","url":"https:\/\/www.eoimalaga.com\/web\/aleman\/actividades\/","name":"Actividades - P\u00e1gina Oficial de la EOI de M\u00e1laga ::Los idiomas ponen el mundo a tus pies::","isPartOf":{"@id":"https:\/\/www.eoimalaga.com\/web\/#website"},"primaryImageOfPage":{"@id":"https:\/\/www.eoimalaga.com\/web\/aleman\/actividades\/#primaryimage"},"image":{"@id":"https:\/\/www.eoimalaga.com\/web\/aleman\/actividades\/#primaryimage"},"thumbnailUrl":"https:\/\/www.eoimalaga.com\/web\/wp-content\/uploads\/2026\/01\/Actividad-San-Valentin-213x300.png","datePublished":"2019-12-28T08:49:54+00:00","dateModified":"2026-01-28T06:43:37+00:00","breadcrumb":{"@id":"https:\/\/www.eoimalaga.com\/web\/aleman\/actividades\/#breadcrumb"},"inLanguage":"es","potentialAction":[{"@type":"ReadAction","target":["https:\/\/www.eoimalaga.com\/web\/aleman\/actividades\/"]}]},{"@type":"ImageObject","inLanguage":"es","@id":"https:\/\/www.eoimalaga.com\/web\/aleman\/actividades\/#primaryimage","url":"https:\/\/www.eoimalaga.com\/web\/wp-content\/uploads\/2026\/01\/Actividad-San-Valentin.png","contentUrl":"https:\/\/www.eoimalaga.com\/web\/wp-content\/uploads\/2026\/01\/Actividad-San-Valentin.png","width":1240,"height":1748},{"@type":"BreadcrumbList","@id":"https:\/\/www.eoimalaga.com\/web\/aleman\/actividades\/#breadcrumb","itemListElement":[{"@type":"ListItem","position":1,"name":"Home","item":"https:\/\/www.eoimalaga.com\/web\/"},{"@type":"ListItem","position":2,"name":"ALEM\u00c1N","item":"https:\/\/www.eoimalaga.com\/web\/aleman\/"},{"@type":"ListItem","position":3,"name":"Actividades"}]},{"@type":"WebSite","@id":"https:\/\/www.eoimalaga.com\/web\/#website","url":"https:\/\/www.eoimalaga.com\/web\/","name":"P\u00e1gina Oficial de la EOI de M\u00e1laga ::Los idiomas ponen el mundo a tus pies::","description":"EOI M\u00e1laga","potentialAction":[{"@type":"SearchAction","target":{"@type":"EntryPoint","urlTemplate":"https:\/\/www.eoimalaga.com\/web\/?s={search_term_string}"},"query-input":{"@type":"PropertyValueSpecification","valueRequired":true,"valueName":"search_term_string"}}],"inLanguage":"es"}]}},"_links":{"self":[{"href":"https:\/\/www.eoimalaga.com\/web\/wp-json\/wp\/v2\/pages\/8306","targetHints":{"allow":["GET"]}}],"collection":[{"href":"https:\/\/www.eoimalaga.com\/web\/wp-json\/wp\/v2\/pages"}],"about":[{"href":"https:\/\/www.eoimalaga.com\/web\/wp-json\/wp\/v2\/types\/page"}],"author":[{"embeddable":true,"href":"https:\/\/www.eoimalaga.com\/web\/wp-json\/wp\/v2\/users\/13"}],"replies":[{"embeddable":true,"href":"https:\/\/www.eoimalaga.com\/web\/wp-json\/wp\/v2\/comments?post=8306"}],"version-history":[{"count":13,"href":"https:\/\/www.eoimalaga.com\/web\/wp-json\/wp\/v2\/pages\/8306\/revisions"}],"predecessor-version":[{"id":22873,"href":"https:\/\/www.eoimalaga.com\/web\/wp-json\/wp\/v2\/pages\/8306\/revisions\/22873"}],"up":[{"embeddable":true,"href":"https:\/\/www.eoimalaga.com\/web\/wp-json\/wp\/v2\/pages\/8288"}],"wp:attachment":[{"href":"https:\/\/www.eoimalaga.com\/web\/wp-json\/wp\/v2\/media?parent=8306"}],"wp:term":[{"taxonomy":"category","embeddable":true,"href":"https:\/\/www.eoimalaga.com\/web\/wp-json\/wp\/v2\/categories?post=8306"},{"taxonomy":"post_tag","embeddable":true,"href":"https:\/\/www.eoimalaga.com\/web\/wp-json\/wp\/v2\/tags?post=8306"}],"curies":[{"name":"wp","href":"https:\/\/api.w.org\/{rel}","templated":true}]}}