{"id":8291,"date":"2019-12-28T10:24:52","date_gmt":"2019-12-28T08:24:52","guid":{"rendered":"http:\/\/www.eoimalaga.com\/web\/?page_id=8291"},"modified":"2023-01-12T20:14:16","modified_gmt":"2023-01-12T18:14:16","slug":"cursos","status":"publish","type":"page","link":"https:\/\/www.eoimalaga.com\/web\/aleman\/cursos\/","title":{"rendered":"Cursos"},"content":{"rendered":"<div class=\"wpb-content-wrapper\"><p>[vc_row][vc_column][vc_column_text]<\/p>\n<h3><span style=\"color: #103b6b;\"><b>Niveles que se imparten<\/b><\/span><\/h3>\n<div class=\"ds-text \">\n<ul style=\"list-style-type: disc;\">\n<li><strong>A1<\/strong>: un curso acad\u00e9mico.<\/li>\n<li><strong>A2<\/strong>: un curso acad\u00e9mico.<\/li>\n<li><strong>B1<\/strong>: un curso acad\u00e9mico.<\/li>\n<li><strong>B2<\/strong>: dos cursos acad\u00e9micos (B2.1 y B2.2).<\/li>\n<li><strong>C1<\/strong>: dos cursos acad\u00e9micos (C1.1 y C1.2).<\/li>\n<\/ul>\n<h3><span style=\"color: #134984;\"><strong>Modalidades de ense\u00f1anza:<\/strong><\/span><\/h3>\n<ul>\n<li><strong><u>presencial<\/u><\/strong>: 4,5 horas de docencia presencial a la semana, repartidas en:\n<ul style=\"list-style-type: disc;\">\n<li>todos los niveles<\/li>\n<li>dos sesiones de dos horas y cuarto cada una<\/li>\n<\/ul>\n<\/li>\n<li><strong><u>semipresencial<\/u><\/strong>: 4,5 horas de docencia a la semana, repartidas en:\n<ul style=\"list-style-type: disc;\">\n<li>s\u00f3lo A1, A2 y B1<\/li>\n<li>2 horas de docencia presencial<\/li>\n<li>resto de horas hasta 4,5, de docencia telem\u00e1tica<\/li>\n<li>consulta la <span style=\"color: #0000ff;\"><a style=\"color: #0000ff;\" href=\"https:\/\/www.eoimalaga.com\/web\/semipresencial\/\" target=\"_blank\" rel=\"noopener noreferrer\">web de la modalidad<\/a><\/span> para m\u00e1s informaci\u00f3n<\/li>\n<\/ul>\n<\/li>\n<li><strong><u>a distancia<\/u><\/strong>:\n<ul style=\"list-style-type: disc;\">\n<li>s\u00f3lo B1, B2.1 y B2.2<\/li>\n<li>consulta la <span style=\"color: #0000ff;\"><a style=\"color: #0000ff;\" href=\"https:\/\/www.eoimalaga.com\/web\/adistancia\/\" target=\"_blank\" rel=\"noopener noreferrer\">web de la modalidad<\/a><\/span> para m\u00e1s informaci\u00f3n<\/li>\n<\/ul>\n<\/li>\n<\/ul>\n<h3><span style=\"color: #134984;\"><strong>Ex\u00e1menes de certificaci\u00f3n:<\/strong> es posible examinarse (sin asistir a clase) para obtener la certificaci\u00f3n de A2, B1, B2, C1:<\/span><\/h3>\n<ul>\n<li>convocatoria doble (junio y septiembre)<\/li>\n<li>matr\u00edcula para los ex\u00e1menes: primera quincena de abril.<\/li>\n<\/ul>\n<p>Para mayor informaci\u00f3n sobre las pruebas de certificaci\u00f3n consulta <a href=\"https:\/\/www.eoimalaga.com\/web\/pruebas-especificas-de-certificacion\/\" target=\"_blank\" rel=\"noopener noreferrer\">nuestra web<\/a>.<\/p>\n<\/div>\n<p>[\/vc_column_text][\/vc_column][\/vc_row][vc_row disable_element=\u00bbyes\u00bb][vc_column][vc_column_text]<\/p>\n<h3><span style=\"color: #103b6b;\"><b>Niveles que se imparten<\/b><\/span><\/h3>\n<div class=\"ds-text \">\n<ul style=\"list-style-type: disc;\">\n<li><strong>A1<\/strong>: un curso acad\u00e9mico.<\/li>\n<li><strong>A2<\/strong>: un curso acad\u00e9mico.<\/li>\n<li><strong>B1<\/strong>: un curso acad\u00e9mico.<\/li>\n<li><strong>B2<\/strong>: dos cursos acad\u00e9micos (B2.1 y B2.2).<\/li>\n<li><strong>C1<\/strong>: dos cursos acad\u00e9micos (C1.1 y C1.2).<\/li>\n<\/ul>\n<p>En la EOI de M\u00e1laga impartimos los niveles A1, A2 de Nivel B\u00e1sico, B1, B2.1, B2.2 de Nivel Intermedio, C1.1 y C1.2 de Nivel Avanzado en la modalidad presencial.<\/p>\n<p>Asimismo ofrecemos la ense\u00f1anza semipresencial en los cursos A1, A2 y B1.<\/p>\n<p>La ense\u00f1anza a distancia oferta B1, B2.1 y B2.2.<\/p>\n<p>Por otro lado, el alumnado libre puede acceder directamente mediante una Prueba de Certificaci\u00f3n a los siguientes niveles: B\u00e1sico, Intermedio B1, Intermedio B2 y Avanzado C1.<\/p>\n<table style=\"width: 421px; height: 190px;\">\n<tbody>\n<tr>\n<td style=\"width: 170.545px;\"><strong>PRESENCIAL<\/strong><\/td>\n<td style=\"width: 215.636px;\"><strong>SEMIPRESENCIAL<\/strong><\/td>\n<td style=\"width: 215.636px;\"><strong>LIBRE<\/strong><\/td>\n<\/tr>\n<tr>\n<td style=\"width: 170.545px;\">A1<\/td>\n<td style=\"width: 215.636px;\">A1<\/td>\n<td style=\"width: 215.636px;\"><\/td>\n<\/tr>\n<tr>\n<td style=\"width: 170.545px;\">A2<\/td>\n<td style=\"width: 215.636px;\">A2<\/td>\n<td style=\"width: 215.636px;\">A2<\/td>\n<\/tr>\n<tr>\n<td style=\"width: 170.545px;\">B1<\/td>\n<td style=\"width: 215.636px;\">B1<\/td>\n<td style=\"width: 215.636px;\">B1<\/td>\n<\/tr>\n<tr>\n<td style=\"width: 170.545px;\">B2.1<\/td>\n<td style=\"width: 215.636px;\"><\/td>\n<td style=\"width: 215.636px;\"><\/td>\n<\/tr>\n<tr>\n<td style=\"width: 170.545px;\">B2.2<\/td>\n<td style=\"width: 215.636px;\"><\/td>\n<td style=\"width: 215.636px;\">B2.2<\/td>\n<\/tr>\n<tr>\n<td style=\"width: 170.545px;\">C1.1<\/td>\n<td style=\"width: 215.636px;\"><\/td>\n<td style=\"width: 215.636px;\"><\/td>\n<\/tr>\n<tr>\n<td style=\"width: 170.545px;\">C1.2<\/td>\n<td style=\"width: 215.636px;\"><\/td>\n<td style=\"width: 215.636px;\">C1.2<\/td>\n<\/tr>\n<\/tbody>\n<\/table>\n<h4><b>Pruebas de Certificaci\u00f3n<\/b><\/h4>\n<p>Se realizan Pruebas de Certificaci\u00f3n para la obtenci\u00f3n de los certificados de Nivel: B\u00e1sico, Intermedio B1, Intermedio B2 y Avanzado C1.<\/p>\n<\/div>\n<div class=\"ds-subtitle\">\u00a0<b><u>1. Ense\u00f1anza Presencial<\/u><\/b><\/div>\n<div class=\"ds-text \">\n<p>El alumnado que se matricula en esta modalidad\u00a0 debe asistir a clase. La duraci\u00f3n de las clases es de cuatro horas y media semanales, organizadas en dos sesiones semanales adem\u00e1s de una sesi\u00f3n extra un viernes al mes.<\/p>\n<p>El Nivel B\u00e1sico (A1\/A2) se puede realizar en cuatro cursos acad\u00e9micos.<\/p>\n<p>Para completar los niveles Intermedio (B1) y Avanzado (B2), el alumnado dispone de seis cursos.<\/p>\n<p>Para completar el nivel C1, el alumnado dispone de dos cursos acad\u00e9micos.<\/p>\n<p>En cada curso acad\u00e9mico hay dos convocatorias : ordinaria en el mes de junio y extraordinaria en el mes de septiembre.<\/p>\n<p class=\"text-size-4\"><b><u>2. Ense\u00f1anza semipresencial<\/u><\/b><\/p>\n<p>El Departamento ofrece ense\u00f1anza semipresencial en los niveles A1, A2 y B1. En esta modalidad los alumnos s\u00f3lo disponen de una sesi\u00f3n presencial de 120 minutos por semana. El resto se imparte de modo telem\u00e1tico.<\/p>\n<p>Para m\u00e1s informaci\u00f3n consulte el siguiente<a href=\"https:\/\/15f8034cdff6595cbfa1-1dd67c28d3aade9d3442ee99310d18bd.ssl.cf3.rackcdn.com\/e3f7b3c2f0c7e027c89425a322a7b05b\/folleto_semipresencial_2.pdf\">\u00a0<b><u>enlace<\/u><\/b><\/a><b><\/b><b><\/b><b><\/b><\/p>\n<p><span style=\"text-decoration: underline;\"><strong>3. Ense\u00f1anza a distancia<\/strong><\/span><\/p>\n<p>El Departamento ofrece ense\u00f1anza a distancia en los niveles B1, B2.1 y B2.2.<\/p>\n<p>La ense\u00f1anza se imparte \u00edntegramente de forma telem\u00e1tica.<\/p>\n<p class=\"text-size-5\"><b>4. R\u00e9gimen libre<\/b><\/p>\n<p>El alumnado s\u00f3lo se presenta a las Pruebas de Certificaci\u00f3n para obtener los certificados de Nivel B\u00e1sico, Nivel Intermedio B1, Nivel Intermedio B2 o Nivel Avanzado C1. Dispone de dos convocatorias por curso: ordinaria (junio) y extraordinaria (septiembre). No tiene l\u00edmite de cursos para completar los niveles. Puede presentarse al nivel que desee.<\/p>\n<p>&nbsp;<\/p>\n<\/div>\n<p>[\/vc_column_text][\/vc_column][\/vc_row]<\/p>\n<\/div>","protected":false},"excerpt":{"rendered":"<p>[vc_row][vc_column][vc_column_text] Niveles que se imparten A1: un curso acad\u00e9mico. A2: un curso acad\u00e9mico. B1: un curso acad\u00e9mico. B2: dos cursos acad\u00e9micos (B2.1 y B2.2). C1: dos cursos acad\u00e9micos (C1.1 y C1.2). Modalidades de ense\u00f1anza: presencial: 4,5 horas de docencia presencial a la semana, repartidas en: todos los niveles dos sesiones de dos horas y cuarto [&hellip;]<\/p>\n","protected":false},"author":13,"featured_media":0,"parent":8288,"menu_order":0,"comment_status":"closed","ping_status":"closed","template":"","meta":{"inline_featured_image":false,"footnotes":""},"categories":[50],"tags":[],"class_list":["post-8291","page","type-page","status-publish","hentry","category-aleman"],"yoast_head":"<!-- This site is optimized with the Yoast SEO plugin v26.5 - https:\/\/yoast.com\/wordpress\/plugins\/seo\/ -->\n<title>Cursos - P\u00e1gina Oficial de la EOI de M\u00e1laga ::Los idiomas ponen el mundo a tus pies::<\/title>\n<meta name=\"robots\" content=\"index, follow, max-snippet:-1, max-image-preview:large, max-video-preview:-1\" \/>\n<link rel=\"canonical\" href=\"https:\/\/www.eoimalaga.com\/web\/aleman\/cursos\/\" \/>\n<meta property=\"og:locale\" content=\"es_ES\" \/>\n<meta property=\"og:type\" content=\"article\" \/>\n<meta property=\"og:title\" content=\"Cursos - P\u00e1gina Oficial de la EOI de M\u00e1laga ::Los idiomas ponen el mundo a tus pies::\" \/>\n<meta property=\"og:description\" content=\"[vc_row][vc_column][vc_column_text] Niveles que se imparten A1: un curso acad\u00e9mico. A2: un curso acad\u00e9mico. B1: un curso acad\u00e9mico. B2: dos cursos acad\u00e9micos (B2.1 y B2.2). C1: dos cursos acad\u00e9micos (C1.1 y C1.2). Modalidades de ense\u00f1anza: presencial: 4,5 horas de docencia presencial a la semana, repartidas en: todos los niveles dos sesiones de dos horas y cuarto [&hellip;]\" \/>\n<meta property=\"og:url\" content=\"https:\/\/www.eoimalaga.com\/web\/aleman\/cursos\/\" \/>\n<meta property=\"og:site_name\" content=\"P\u00e1gina Oficial de la EOI de M\u00e1laga ::Los idiomas ponen el mundo a tus pies::\" \/>\n<meta property=\"article:modified_time\" content=\"2023-01-12T18:14:16+00:00\" \/>\n<meta name=\"twitter:card\" content=\"summary_large_image\" \/>\n<meta name=\"twitter:label1\" content=\"Tiempo de lectura\" \/>\n\t<meta name=\"twitter:data1\" content=\"3 minutos\" \/>\n<script type=\"application\/ld+json\" class=\"yoast-schema-graph\">{\"@context\":\"https:\/\/schema.org\",\"@graph\":[{\"@type\":\"WebPage\",\"@id\":\"https:\/\/www.eoimalaga.com\/web\/aleman\/cursos\/\",\"url\":\"https:\/\/www.eoimalaga.com\/web\/aleman\/cursos\/\",\"name\":\"Cursos - P\u00e1gina Oficial de la EOI de M\u00e1laga ::Los idiomas ponen el mundo a tus pies::\",\"isPartOf\":{\"@id\":\"https:\/\/www.eoimalaga.com\/web\/#website\"},\"datePublished\":\"2019-12-28T08:24:52+00:00\",\"dateModified\":\"2023-01-12T18:14:16+00:00\",\"breadcrumb\":{\"@id\":\"https:\/\/www.eoimalaga.com\/web\/aleman\/cursos\/#breadcrumb\"},\"inLanguage\":\"es\",\"potentialAction\":[{\"@type\":\"ReadAction\",\"target\":[\"https:\/\/www.eoimalaga.com\/web\/aleman\/cursos\/\"]}]},{\"@type\":\"BreadcrumbList\",\"@id\":\"https:\/\/www.eoimalaga.com\/web\/aleman\/cursos\/#breadcrumb\",\"itemListElement\":[{\"@type\":\"ListItem\",\"position\":1,\"name\":\"Home\",\"item\":\"https:\/\/www.eoimalaga.com\/web\/\"},{\"@type\":\"ListItem\",\"position\":2,\"name\":\"ALEM\u00c1N\",\"item\":\"https:\/\/www.eoimalaga.com\/web\/aleman\/\"},{\"@type\":\"ListItem\",\"position\":3,\"name\":\"Cursos\"}]},{\"@type\":\"WebSite\",\"@id\":\"https:\/\/www.eoimalaga.com\/web\/#website\",\"url\":\"https:\/\/www.eoimalaga.com\/web\/\",\"name\":\"P\u00e1gina Oficial de la EOI de M\u00e1laga ::Los idiomas ponen el mundo a tus pies::\",\"description\":\"EOI M\u00e1laga\",\"potentialAction\":[{\"@type\":\"SearchAction\",\"target\":{\"@type\":\"EntryPoint\",\"urlTemplate\":\"https:\/\/www.eoimalaga.com\/web\/?s={search_term_string}\"},\"query-input\":{\"@type\":\"PropertyValueSpecification\",\"valueRequired\":true,\"valueName\":\"search_term_string\"}}],\"inLanguage\":\"es\"}]}<\/script>\n<!-- \/ Yoast SEO plugin. -->","yoast_head_json":{"title":"Cursos - P\u00e1gina Oficial de la EOI de M\u00e1laga ::Los idiomas ponen el mundo a tus pies::","robots":{"index":"index","follow":"follow","max-snippet":"max-snippet:-1","max-image-preview":"max-image-preview:large","max-video-preview":"max-video-preview:-1"},"canonical":"https:\/\/www.eoimalaga.com\/web\/aleman\/cursos\/","og_locale":"es_ES","og_type":"article","og_title":"Cursos - P\u00e1gina Oficial de la EOI de M\u00e1laga ::Los idiomas ponen el mundo a tus pies::","og_description":"[vc_row][vc_column][vc_column_text] Niveles que se imparten A1: un curso acad\u00e9mico. A2: un curso acad\u00e9mico. B1: un curso acad\u00e9mico. B2: dos cursos acad\u00e9micos (B2.1 y B2.2). C1: dos cursos acad\u00e9micos (C1.1 y C1.2). Modalidades de ense\u00f1anza: presencial: 4,5 horas de docencia presencial a la semana, repartidas en: todos los niveles dos sesiones de dos horas y cuarto [&hellip;]","og_url":"https:\/\/www.eoimalaga.com\/web\/aleman\/cursos\/","og_site_name":"P\u00e1gina Oficial de la EOI de M\u00e1laga ::Los idiomas ponen el mundo a tus pies::","article_modified_time":"2023-01-12T18:14:16+00:00","twitter_card":"summary_large_image","twitter_misc":{"Tiempo de lectura":"3 minutos"},"schema":{"@context":"https:\/\/schema.org","@graph":[{"@type":"WebPage","@id":"https:\/\/www.eoimalaga.com\/web\/aleman\/cursos\/","url":"https:\/\/www.eoimalaga.com\/web\/aleman\/cursos\/","name":"Cursos - P\u00e1gina Oficial de la EOI de M\u00e1laga ::Los idiomas ponen el mundo a tus pies::","isPartOf":{"@id":"https:\/\/www.eoimalaga.com\/web\/#website"},"datePublished":"2019-12-28T08:24:52+00:00","dateModified":"2023-01-12T18:14:16+00:00","breadcrumb":{"@id":"https:\/\/www.eoimalaga.com\/web\/aleman\/cursos\/#breadcrumb"},"inLanguage":"es","potentialAction":[{"@type":"ReadAction","target":["https:\/\/www.eoimalaga.com\/web\/aleman\/cursos\/"]}]},{"@type":"BreadcrumbList","@id":"https:\/\/www.eoimalaga.com\/web\/aleman\/cursos\/#breadcrumb","itemListElement":[{"@type":"ListItem","position":1,"name":"Home","item":"https:\/\/www.eoimalaga.com\/web\/"},{"@type":"ListItem","position":2,"name":"ALEM\u00c1N","item":"https:\/\/www.eoimalaga.com\/web\/aleman\/"},{"@type":"ListItem","position":3,"name":"Cursos"}]},{"@type":"WebSite","@id":"https:\/\/www.eoimalaga.com\/web\/#website","url":"https:\/\/www.eoimalaga.com\/web\/","name":"P\u00e1gina Oficial de la EOI de M\u00e1laga ::Los idiomas ponen el mundo a tus pies::","description":"EOI M\u00e1laga","potentialAction":[{"@type":"SearchAction","target":{"@type":"EntryPoint","urlTemplate":"https:\/\/www.eoimalaga.com\/web\/?s={search_term_string}"},"query-input":{"@type":"PropertyValueSpecification","valueRequired":true,"valueName":"search_term_string"}}],"inLanguage":"es"}]}},"_links":{"self":[{"href":"https:\/\/www.eoimalaga.com\/web\/wp-json\/wp\/v2\/pages\/8291","targetHints":{"allow":["GET"]}}],"collection":[{"href":"https:\/\/www.eoimalaga.com\/web\/wp-json\/wp\/v2\/pages"}],"about":[{"href":"https:\/\/www.eoimalaga.com\/web\/wp-json\/wp\/v2\/types\/page"}],"author":[{"embeddable":true,"href":"https:\/\/www.eoimalaga.com\/web\/wp-json\/wp\/v2\/users\/13"}],"replies":[{"embeddable":true,"href":"https:\/\/www.eoimalaga.com\/web\/wp-json\/wp\/v2\/comments?post=8291"}],"version-history":[{"count":8,"href":"https:\/\/www.eoimalaga.com\/web\/wp-json\/wp\/v2\/pages\/8291\/revisions"}],"predecessor-version":[{"id":16330,"href":"https:\/\/www.eoimalaga.com\/web\/wp-json\/wp\/v2\/pages\/8291\/revisions\/16330"}],"up":[{"embeddable":true,"href":"https:\/\/www.eoimalaga.com\/web\/wp-json\/wp\/v2\/pages\/8288"}],"wp:attachment":[{"href":"https:\/\/www.eoimalaga.com\/web\/wp-json\/wp\/v2\/media?parent=8291"}],"wp:term":[{"taxonomy":"category","embeddable":true,"href":"https:\/\/www.eoimalaga.com\/web\/wp-json\/wp\/v2\/categories?post=8291"},{"taxonomy":"post_tag","embeddable":true,"href":"https:\/\/www.eoimalaga.com\/web\/wp-json\/wp\/v2\/tags?post=8291"}],"curies":[{"name":"wp","href":"https:\/\/api.w.org\/{rel}","templated":true}]}}