{"id":8288,"date":"2019-12-28T10:19:07","date_gmt":"2019-12-28T08:19:07","guid":{"rendered":"http:\/\/www.eoimalaga.com\/web\/?page_id=8288"},"modified":"2025-10-30T13:54:04","modified_gmt":"2025-10-30T11:54:04","slug":"aleman","status":"publish","type":"page","link":"https:\/\/www.eoimalaga.com\/web\/aleman\/","title":{"rendered":"ALEM\u00c1N"},"content":{"rendered":"<div class=\"wpb-content-wrapper\"><p>[vc_row][vc_column][vc_empty_space height=\u00bb100px\u00bb][vc_column_text css=\u00bb\u00bb]<\/p>\n<p class=\"Estilo29\" align=\"left\"><strong>\u00a1Bienvenidos al Departamento de Alem\u00e1n de la Escuela Oficial de Idiomas de M\u00e1laga!<\/strong><\/p>\n<p align=\"left\"><strong>Willkommen in der Deutschabteilung der Escuela Oficial de Idiomas M\u00e1laga!<\/strong><\/p>\n<p align=\"left\">La importancia de este idioma es innegable en Europa, donde cuenta con cerca de 100 millones de hablantes nativos, siendo la lengua m\u00e1s hablada del continente. La lengua alemana nos abre puertas en el trabajo, las telecomunicaciones, los estudios, la investigaci\u00f3n, por citar s\u00f3lo algunos campos. Por otro lado, en la Costa del Sol contamos con un flujo constante de turistas y residentes procedentes de pa\u00edses de habla alemana. Aprender su idioma puede convertirse en una aventura maravillosa. <strong>\u00a1An\u00edmate!<\/strong><\/p>\n<p>[\/vc_column_text][\/vc_column][\/vc_row]<\/p>\n<\/div>","protected":false},"excerpt":{"rendered":"<p>[vc_row][vc_column][vc_empty_space height=\u00bb100px\u00bb][vc_column_text css=\u00bb\u00bb] \u00a1Bienvenidos al Departamento de Alem\u00e1n de la Escuela Oficial de Idiomas de M\u00e1laga! Willkommen in der Deutschabteilung der Escuela Oficial de Idiomas M\u00e1laga! La importancia de este idioma es innegable en Europa, donde cuenta con cerca de 100 millones de hablantes nativos, siendo la lengua m\u00e1s hablada del continente. La lengua alemana [&hellip;]<\/p>\n","protected":false},"author":13,"featured_media":0,"parent":0,"menu_order":0,"comment_status":"closed","ping_status":"closed","template":"","meta":{"inline_featured_image":false,"footnotes":""},"categories":[50],"tags":[],"class_list":["post-8288","page","type-page","status-publish","hentry","category-aleman"],"yoast_head":"<!-- This site is optimized with the Yoast SEO plugin v26.5 - https:\/\/yoast.com\/wordpress\/plugins\/seo\/ -->\n<title>ALEM\u00c1N - P\u00e1gina Oficial de la EOI de M\u00e1laga ::Los idiomas ponen el mundo a tus pies::<\/title>\n<meta name=\"robots\" content=\"index, follow, max-snippet:-1, max-image-preview:large, max-video-preview:-1\" \/>\n<link rel=\"canonical\" href=\"https:\/\/www.eoimalaga.com\/web\/aleman\/\" \/>\n<meta property=\"og:locale\" content=\"es_ES\" \/>\n<meta property=\"og:type\" content=\"article\" \/>\n<meta property=\"og:title\" content=\"ALEM\u00c1N - P\u00e1gina Oficial de la EOI de M\u00e1laga ::Los idiomas ponen el mundo a tus pies::\" \/>\n<meta property=\"og:description\" content=\"[vc_row][vc_column][vc_empty_space height=\u00bb100px\u00bb][vc_column_text css=\u00bb\u00bb] \u00a1Bienvenidos al Departamento de Alem\u00e1n de la Escuela Oficial de Idiomas de M\u00e1laga! Willkommen in der Deutschabteilung der Escuela Oficial de Idiomas M\u00e1laga! La importancia de este idioma es innegable en Europa, donde cuenta con cerca de 100 millones de hablantes nativos, siendo la lengua m\u00e1s hablada del continente. La lengua alemana [&hellip;]\" \/>\n<meta property=\"og:url\" content=\"https:\/\/www.eoimalaga.com\/web\/aleman\/\" \/>\n<meta property=\"og:site_name\" content=\"P\u00e1gina Oficial de la EOI de M\u00e1laga ::Los idiomas ponen el mundo a tus pies::\" \/>\n<meta property=\"article:modified_time\" content=\"2025-10-30T11:54:04+00:00\" \/>\n<meta name=\"twitter:card\" content=\"summary_large_image\" \/>\n<meta name=\"twitter:label1\" content=\"Tiempo de lectura\" \/>\n\t<meta name=\"twitter:data1\" content=\"1 minuto\" \/>\n<script type=\"application\/ld+json\" class=\"yoast-schema-graph\">{\"@context\":\"https:\/\/schema.org\",\"@graph\":[{\"@type\":\"WebPage\",\"@id\":\"https:\/\/www.eoimalaga.com\/web\/aleman\/\",\"url\":\"https:\/\/www.eoimalaga.com\/web\/aleman\/\",\"name\":\"ALEM\u00c1N - P\u00e1gina Oficial de la EOI de M\u00e1laga ::Los idiomas ponen el mundo a tus pies::\",\"isPartOf\":{\"@id\":\"https:\/\/www.eoimalaga.com\/web\/#website\"},\"datePublished\":\"2019-12-28T08:19:07+00:00\",\"dateModified\":\"2025-10-30T11:54:04+00:00\",\"breadcrumb\":{\"@id\":\"https:\/\/www.eoimalaga.com\/web\/aleman\/#breadcrumb\"},\"inLanguage\":\"es\",\"potentialAction\":[{\"@type\":\"ReadAction\",\"target\":[\"https:\/\/www.eoimalaga.com\/web\/aleman\/\"]}]},{\"@type\":\"BreadcrumbList\",\"@id\":\"https:\/\/www.eoimalaga.com\/web\/aleman\/#breadcrumb\",\"itemListElement\":[{\"@type\":\"ListItem\",\"position\":1,\"name\":\"Home\",\"item\":\"https:\/\/www.eoimalaga.com\/web\/\"},{\"@type\":\"ListItem\",\"position\":2,\"name\":\"ALEM\u00c1N\"}]},{\"@type\":\"WebSite\",\"@id\":\"https:\/\/www.eoimalaga.com\/web\/#website\",\"url\":\"https:\/\/www.eoimalaga.com\/web\/\",\"name\":\"P\u00e1gina Oficial de la EOI de M\u00e1laga ::Los idiomas ponen el mundo a tus pies::\",\"description\":\"EOI M\u00e1laga\",\"potentialAction\":[{\"@type\":\"SearchAction\",\"target\":{\"@type\":\"EntryPoint\",\"urlTemplate\":\"https:\/\/www.eoimalaga.com\/web\/?s={search_term_string}\"},\"query-input\":{\"@type\":\"PropertyValueSpecification\",\"valueRequired\":true,\"valueName\":\"search_term_string\"}}],\"inLanguage\":\"es\"}]}<\/script>\n<!-- \/ Yoast SEO plugin. -->","yoast_head_json":{"title":"ALEM\u00c1N - P\u00e1gina Oficial de la EOI de M\u00e1laga ::Los idiomas ponen el mundo a tus pies::","robots":{"index":"index","follow":"follow","max-snippet":"max-snippet:-1","max-image-preview":"max-image-preview:large","max-video-preview":"max-video-preview:-1"},"canonical":"https:\/\/www.eoimalaga.com\/web\/aleman\/","og_locale":"es_ES","og_type":"article","og_title":"ALEM\u00c1N - P\u00e1gina Oficial de la EOI de M\u00e1laga ::Los idiomas ponen el mundo a tus pies::","og_description":"[vc_row][vc_column][vc_empty_space height=\u00bb100px\u00bb][vc_column_text css=\u00bb\u00bb] \u00a1Bienvenidos al Departamento de Alem\u00e1n de la Escuela Oficial de Idiomas de M\u00e1laga! Willkommen in der Deutschabteilung der Escuela Oficial de Idiomas M\u00e1laga! La importancia de este idioma es innegable en Europa, donde cuenta con cerca de 100 millones de hablantes nativos, siendo la lengua m\u00e1s hablada del continente. La lengua alemana [&hellip;]","og_url":"https:\/\/www.eoimalaga.com\/web\/aleman\/","og_site_name":"P\u00e1gina Oficial de la EOI de M\u00e1laga ::Los idiomas ponen el mundo a tus pies::","article_modified_time":"2025-10-30T11:54:04+00:00","twitter_card":"summary_large_image","twitter_misc":{"Tiempo de lectura":"1 minuto"},"schema":{"@context":"https:\/\/schema.org","@graph":[{"@type":"WebPage","@id":"https:\/\/www.eoimalaga.com\/web\/aleman\/","url":"https:\/\/www.eoimalaga.com\/web\/aleman\/","name":"ALEM\u00c1N - P\u00e1gina Oficial de la EOI de M\u00e1laga ::Los idiomas ponen el mundo a tus pies::","isPartOf":{"@id":"https:\/\/www.eoimalaga.com\/web\/#website"},"datePublished":"2019-12-28T08:19:07+00:00","dateModified":"2025-10-30T11:54:04+00:00","breadcrumb":{"@id":"https:\/\/www.eoimalaga.com\/web\/aleman\/#breadcrumb"},"inLanguage":"es","potentialAction":[{"@type":"ReadAction","target":["https:\/\/www.eoimalaga.com\/web\/aleman\/"]}]},{"@type":"BreadcrumbList","@id":"https:\/\/www.eoimalaga.com\/web\/aleman\/#breadcrumb","itemListElement":[{"@type":"ListItem","position":1,"name":"Home","item":"https:\/\/www.eoimalaga.com\/web\/"},{"@type":"ListItem","position":2,"name":"ALEM\u00c1N"}]},{"@type":"WebSite","@id":"https:\/\/www.eoimalaga.com\/web\/#website","url":"https:\/\/www.eoimalaga.com\/web\/","name":"P\u00e1gina Oficial de la EOI de M\u00e1laga ::Los idiomas ponen el mundo a tus pies::","description":"EOI M\u00e1laga","potentialAction":[{"@type":"SearchAction","target":{"@type":"EntryPoint","urlTemplate":"https:\/\/www.eoimalaga.com\/web\/?s={search_term_string}"},"query-input":{"@type":"PropertyValueSpecification","valueRequired":true,"valueName":"search_term_string"}}],"inLanguage":"es"}]}},"_links":{"self":[{"href":"https:\/\/www.eoimalaga.com\/web\/wp-json\/wp\/v2\/pages\/8288","targetHints":{"allow":["GET"]}}],"collection":[{"href":"https:\/\/www.eoimalaga.com\/web\/wp-json\/wp\/v2\/pages"}],"about":[{"href":"https:\/\/www.eoimalaga.com\/web\/wp-json\/wp\/v2\/types\/page"}],"author":[{"embeddable":true,"href":"https:\/\/www.eoimalaga.com\/web\/wp-json\/wp\/v2\/users\/13"}],"replies":[{"embeddable":true,"href":"https:\/\/www.eoimalaga.com\/web\/wp-json\/wp\/v2\/comments?post=8288"}],"version-history":[{"count":11,"href":"https:\/\/www.eoimalaga.com\/web\/wp-json\/wp\/v2\/pages\/8288\/revisions"}],"predecessor-version":[{"id":22540,"href":"https:\/\/www.eoimalaga.com\/web\/wp-json\/wp\/v2\/pages\/8288\/revisions\/22540"}],"wp:attachment":[{"href":"https:\/\/www.eoimalaga.com\/web\/wp-json\/wp\/v2\/media?parent=8288"}],"wp:term":[{"taxonomy":"category","embeddable":true,"href":"https:\/\/www.eoimalaga.com\/web\/wp-json\/wp\/v2\/categories?post=8288"},{"taxonomy":"post_tag","embeddable":true,"href":"https:\/\/www.eoimalaga.com\/web\/wp-json\/wp\/v2\/tags?post=8288"}],"curies":[{"name":"wp","href":"https:\/\/api.w.org\/{rel}","templated":true}]}}

ALEMÁN

<div class="wpb-content-wrapper"><p>[vc_row][vc_column][vc_empty_space height=»100px»][vc_column_text css=»»]</p>
<p class="Estilo29" align="left"><strong>¡Bienvenidos al Departamento de Alemán de la Escuela Oficial de Idiomas de Málaga!</strong></p>
<p align="left"><strong>Willkommen in der Deutschabteilung der Escuela Oficial de Idiomas Málaga!</strong></p>
<p align="left">La importancia de este idioma es innegable en Europa, donde cuenta con cerca de 100 millones de hablantes nativos, siendo la lengua más hablada del continente. La lengua alemana nos abre puertas en el trabajo, las telecomunicaciones, los estudios, la investigación, por citar sólo algunos campos. Por otro lado, en la Costa del Sol contamos con un flujo constante de turistas y residentes procedentes de países de habla alemana. Aprender su idioma puede convertirse en una aventura maravillosa. <strong>¡Anímate!</strong></p>
<p>[/vc_column_text][/vc_column][/vc_row]</p>
</div>

<p>[vc_row][vc_column][vc_empty_space height=»100px»][vc_column_text css=»»] ¡Bienvenidos al Departamento de Alemán de la Escuela Oficial de Idiomas de Málaga! Willkommen in der Deutschabteilung der Escuela Oficial de Idiomas Málaga! La importancia de este idioma es innegable en Europa, donde cuenta con cerca de 100 millones de hablantes nativos, siendo la lengua más hablada del continente. La lengua alemana [&hellip;]</p>

<!-- This site is optimized with the Yoast SEO plugin v26.5 - https://yoast.com/wordpress/plugins/seo/ -->
<title>ALEMÁN - Página Oficial de la EOI de Málaga ::Los idiomas ponen el mundo a tus pies::</title>
<meta name="robots" content="index, follow, max-snippet:-1, max-image-preview:large, max-video-preview:-1" />
<link rel="canonical" href="https://www.eoimalaga.com/web/aleman/" />
<meta property="og:locale" content="es_ES" />
<meta property="og:type" content="article" />
<meta property="og:title" content="ALEMÁN - Página Oficial de la EOI de Málaga ::Los idiomas ponen el mundo a tus pies::" />
<meta property="og:description" content="[vc_row][vc_column][vc_empty_space height=»100px»][vc_column_text css=»»] ¡Bienvenidos al Departamento de Alemán de la Escuela Oficial de Idiomas de Málaga! Willkommen in der Deutschabteilung der Escuela Oficial de Idiomas Málaga! La importancia de este idioma es innegable en Europa, donde cuenta con cerca de 100 millones de hablantes nativos, siendo la lengua más hablada del continente. La lengua alemana [&hellip;]" />
<meta property="og:url" content="https://www.eoimalaga.com/web/aleman/" />
<meta property="og:site_name" content="Página Oficial de la EOI de Málaga ::Los idiomas ponen el mundo a tus pies::" />
<meta property="article:modified_time" content="2025-10-30T11:54:04+00:00" />
<meta name="twitter:card" content="summary_large_image" />
<meta name="twitter:label1" content="Tiempo de lectura" />
	<meta name="twitter:data1" content="1 minuto" />
<script type="application/ld+json" class="yoast-schema-graph">{"@context":"https://schema.org","@graph":[{"@type":"WebPage","@id":"https://www.eoimalaga.com/web/aleman/","url":"https://www.eoimalaga.com/web/aleman/","name":"ALEMÁN - Página Oficial de la EOI de Málaga ::Los idiomas ponen el mundo a tus pies::","isPartOf":{"@id":"https://www.eoimalaga.com/web/#website"},"datePublished":"2019-12-28T08:19:07+00:00","dateModified":"2025-10-30T11:54:04+00:00","breadcrumb":{"@id":"https://www.eoimalaga.com/web/aleman/#breadcrumb"},"inLanguage":"es","potentialAction":[{"@type":"ReadAction","target":["https://www.eoimalaga.com/web/aleman/"]}]},{"@type":"BreadcrumbList","@id":"https://www.eoimalaga.com/web/aleman/#breadcrumb","itemListElement":[{"@type":"ListItem","position":1,"name":"Home","item":"https://www.eoimalaga.com/web/"},{"@type":"ListItem","position":2,"name":"ALEMÁN"}]},{"@type":"WebSite","@id":"https://www.eoimalaga.com/web/#website","url":"https://www.eoimalaga.com/web/","name":"Página Oficial de la EOI de Málaga ::Los idiomas ponen el mundo a tus pies::","description":"EOI Málaga","potentialAction":[{"@type":"SearchAction","target":{"@type":"EntryPoint","urlTemplate":"https://www.eoimalaga.com/web/?s={search_term_string}"},"query-input":{"@type":"PropertyValueSpecification","valueRequired":true,"valueName":"search_term_string"}}],"inLanguage":"es"}]}</script>
<!-- / Yoast SEO plugin. -->

ALEMÁN - Página Oficial de la EOI de Málaga ::Los idiomas ponen el mundo a tus pies::

[vc_row][vc_column][vc_empty_space height=»100px»][vc_column_text css=»»] ¡Bienvenidos al Departamento de Alemán de la Escuela Oficial de Idiomas de Málaga! Willkommen in der Deutschabteilung der Escuela Oficial de Idiomas Málaga! La importancia de este idioma es innegable en Europa, donde cuenta con cerca de 100 millones de hablantes nativos, siendo la lengua más hablada del continente. La lengua alemana [&hellip;]

Página Oficial de la EOI de Málaga ::Los idiomas ponen el mundo a tus pies::

EOI Málaga
