{"id":4900,"date":"2017-02-02T12:41:05","date_gmt":"2017-02-02T10:41:05","guid":{"rendered":"http:\/\/www.eoimalaga.com\/web\/?page_id=4900"},"modified":"2025-12-05T23:26:21","modified_gmt":"2025-12-05T21:26:21","slug":"thats-english","status":"publish","type":"page","link":"https:\/\/www.eoimalaga.com\/web\/thats-english\/","title":{"rendered":"THAT&#8217;S ENGLISH!"},"content":{"rendered":"<div class=\"wpb-content-wrapper\"><p>[vc_row full_width=\u00bbstretch_row_content\u00bb css=\u00bb.vc_custom_1635945383916{background-image: url(https:\/\/www.eoimalaga.com\/web\/wp-content\/uploads\/2021\/11\/thats-english_eoi-malaga.jpg?id=13681) !important;background-position: center !important;background-repeat: no-repeat !important;background-size: cover !important;}\u00bb el_class=\u00bbcabecera-te\u00bb][vc_column][vc_single_image image=\u00bb13683&#8243; img_size=\u00bbmedium\u00bb][\/vc_column][\/vc_row][vc_row][vc_column][vc_column_text]<\/p>\n<h1><strong>THAT\u2019S ENGLISH!<\/strong><\/h1>\n<p>&nbsp;<\/p>\n<p>&nbsp;<\/p>\n<table style=\"border-collapse: collapse; width: 100%;\">\n<tbody>\n<tr>\n<td style=\"width: 100%;\">\n<p style=\"text-align: center;\"><span style=\"font-size: 14pt;\"><strong><em>THAT&#8217;S ENGLISH!<\/em>\u00a0 SE EXTINGUI\u00d3 EN ANDALUC\u00cdA TRAS EL A\u00d1O ACAD\u00c9MICO 2021-22.<\/strong><\/span><\/p>\n<p style=\"text-align: center;\"><span style=\"text-decoration: underline;\">GRACIAS<\/span> A TODAS LAS PERSONAS QUE HAN HECHO POSIBLE UNA MODALIDAD DE ENSE\u00d1ANZA PIONERA EN SU MOMENTO:\u00a0 ALUMNOS, TUTORES, Y PERSONAL DE ADMINISTRACI\u00d3N Y SERVICIOS DE ESTA EOI Y DE LOS CENTROS COLABORADORES.<\/p>\n<\/td>\n<\/tr>\n<\/tbody>\n<\/table>\n<p>&nbsp;<\/p>\n<p>Para solicitar un bolet\u00edn de notas si fue alumno hace tiempo, contacte dando nombre completo y n\u00famero de DNI y a\u00f1o aproximado de fin de estudios con:<\/p>\n<p><strong>thatsenglish@thatsenglish.com<\/strong><\/p>\n<p>&nbsp;<\/p>\n<h3><strong>OPCIONES para antiguos alumnos de That&#8217;s:<\/strong><\/h3>\n<h3><span style=\"color: #ff6600;\">1. Para continuar el aprendizaje en el nivel B2.1<\/span><\/h3>\n<p style=\"text-align: justify;\">Si consigui\u00f3 aprobar el 3\u00ba curso, equivalente al nivel Intermedio B1, encontrar\u00e1 varias opciones similares al programa That&#8217;s English!:<\/p>\n<ul>\n<li><strong>Modalidad\u00a0 semipresencial<\/strong>: clase una vez por semana, dos horas, y trabajo aut\u00f3nomo en plataforma educativa. Visite <span style=\"color: #993300;\"><a style=\"color: #993300;\" href=\"https:\/\/www.eoimalaga.com\/web\/semipresencial\/\" target=\"_blank\" rel=\"noopener noreferrer\"><strong>esta p\u00e1gina<\/strong><\/a><\/span> para m\u00e1s informaci\u00f3n y la posibilidad de acceder a los materiales en abierto.<\/li>\n<li><strong>Modalidad a distancia<\/strong>: esta modalidad es totalmente online salvo los ex\u00e1menes. Esta EOI no ofrece ingl\u00e9s a distancia, pero <span style=\"color: #800000;\"><a style=\"color: #800000;\" href=\"https:\/\/www.eoimalaga.com\/web\/ensenanzas-a-distancia-en-andalucia\/\" target=\"_blank\" rel=\"noopener noreferrer\"><strong>aqu\u00ed<\/strong><\/a> <\/span>podr\u00e1 contactar con las Escuelas que lo coordinan.<\/li>\n<\/ul>\n<p>Tambi\u00e9n puede probar la <strong>modalidad ordinaria presencial<\/strong>, con sesiones dos veces por semana, de 2h15 min de duraci\u00f3n cada una.<\/p>\n<p>Si no realizara preinscripci\u00f3n en mayo (ver en nuestro sitio web el apartado \u00abEstudiar en la EOI\u00bb), a finales de septiembre puede optar a matricularse en las plazas vacantes que se ofrezcan de cualquiera de las modalidades.<\/p>\n<h3><span style=\"color: #ff6600;\">2.\u00a0Para retomar el estudio del ingl\u00e9s si fue alumno\/a hace tiempo<\/span><\/h3>\n<p>Le recomendamos matricularse en alguno de nuestros cursos CAPE o monogr\u00e1ficos, que son cursos anuales de dos sesiones semanales, como en la modalidad ordinaria presencial, donde se practican las destrezas orales y se refuerzan los contenidos de diversos niveles. Se solicitan en mayo. La oferta var\u00eda cada curso.<\/p>\n<p>Si prefiere incorporarse a nuestros cursos est\u00e1ndar: Si usted dej\u00f3 That&#8217;s con 1\u00ba aprobado, le corresponder\u00eda matricularse en A2; si lo dej\u00f3 con 2\u00ba aprobado, en B1; si aprob\u00f3 los m\u00f3dulos de los tres cursos &#8211; de 1\u00ba a 3\u00ba-,\u00a0 en B2.1 (primero de nivel intermedio B2).<\/p>\n<h3><span style=\"color: #ff6600;\">3. Para presentarse directamente a la Prueba de Certificaci\u00f3n de B1<\/span><\/h3>\n<p>Si no lo obtuvo en su momento y le interesa conseguir el t\u00edtulo de Nivel Intermedio B1 prepar\u00e1ndose por su cuenta, puede matricularse como alumno libre y presentarse a la Prueba Espec\u00edfica de Certificaci\u00f3n de B1. La matr\u00edcula en esta modalidad libre\u00a0 se suele abrir entre el 1 y el 15 de abril. En nuestro sitio web, en la pesta\u00f1a Alumnado &#8212; Ex\u00e1menes PEC, tiene m\u00e1s detalles sobre las Pruebas de Certificaci\u00f3n. En la modalidad libre puede presentarse directamente al nivel que desee (A2,B1, B2, C1, C2). M\u00e1s informaci\u00f3n, <span style=\"text-decoration: underline;\"><a href=\"https:\/\/www.eoimalaga.com\/web\/ensenanza-libre\/\" target=\"_blank\" rel=\"noopener\">aqu\u00ed.<\/a><\/span><\/p>\n<p>&nbsp;<\/p>\n<\/div>","protected":false},"excerpt":{"rendered":"<p>[vc_row full_width=\u00bbstretch_row_content\u00bb css=\u00bb.vc_custom_1635945383916{background-image: url(https:\/\/www.eoimalaga.com\/web\/wp-content\/uploads\/2021\/11\/thats-english_eoi-malaga.jpg?id=13681) !important;background-position: center !important;background-repeat: no-repeat !important;background-size: cover !important;}\u00bb el_class=\u00bbcabecera-te\u00bb][vc_column][vc_single_image image=\u00bb13683&#8243; img_size=\u00bbmedium\u00bb][\/vc_column][\/vc_row][vc_row][vc_column][vc_column_text] THAT\u2019S ENGLISH! &nbsp; &nbsp; THAT&#8217;S ENGLISH!\u00a0 SE EXTINGUI\u00d3 EN ANDALUC\u00cdA TRAS EL A\u00d1O ACAD\u00c9MICO 2021-22. GRACIAS A TODAS LAS PERSONAS QUE HAN HECHO POSIBLE UNA MODALIDAD DE ENSE\u00d1ANZA PIONERA EN SU MOMENTO:\u00a0 ALUMNOS, TUTORES, Y PERSONAL DE ADMINISTRACI\u00d3N Y SERVICIOS DE [&hellip;]<\/p>\n","protected":false},"author":9,"featured_media":0,"parent":0,"menu_order":0,"comment_status":"closed","ping_status":"closed","template":"","meta":{"inline_featured_image":false,"footnotes":""},"categories":[],"tags":[],"class_list":["post-4900","page","type-page","status-publish","hentry"],"yoast_head":"<!-- This site is optimized with the Yoast SEO plugin v26.5 - https:\/\/yoast.com\/wordpress\/plugins\/seo\/ -->\n<title>THAT&#039;S ENGLISH! - P\u00e1gina Oficial de la EOI de M\u00e1laga ::Los idiomas ponen el mundo a tus pies::<\/title>\n<meta name=\"robots\" content=\"index, follow, max-snippet:-1, max-image-preview:large, max-video-preview:-1\" \/>\n<link rel=\"canonical\" href=\"https:\/\/www.eoimalaga.com\/web\/thats-english\/\" \/>\n<meta property=\"og:locale\" content=\"es_ES\" \/>\n<meta property=\"og:type\" content=\"article\" \/>\n<meta property=\"og:title\" content=\"THAT&#039;S ENGLISH! - P\u00e1gina Oficial de la EOI de M\u00e1laga ::Los idiomas ponen el mundo a tus pies::\" \/>\n<meta property=\"og:description\" content=\"[vc_row full_width=\u00bbstretch_row_content\u00bb css=\u00bb.vc_custom_1635945383916{background-image: url(https:\/\/www.eoimalaga.com\/web\/wp-content\/uploads\/2021\/11\/thats-english_eoi-malaga.jpg?id=13681) !important;background-position: center !important;background-repeat: no-repeat !important;background-size: cover !important;}\u00bb el_class=\u00bbcabecera-te\u00bb][vc_column][vc_single_image image=\u00bb13683&#8243; img_size=\u00bbmedium\u00bb][\/vc_column][\/vc_row][vc_row][vc_column][vc_column_text] THAT\u2019S ENGLISH! &nbsp; &nbsp; THAT&#8217;S ENGLISH!\u00a0 SE EXTINGUI\u00d3 EN ANDALUC\u00cdA TRAS EL A\u00d1O ACAD\u00c9MICO 2021-22. GRACIAS A TODAS LAS PERSONAS QUE HAN HECHO POSIBLE UNA MODALIDAD DE ENSE\u00d1ANZA PIONERA EN SU MOMENTO:\u00a0 ALUMNOS, TUTORES, Y PERSONAL DE ADMINISTRACI\u00d3N Y SERVICIOS DE [&hellip;]\" \/>\n<meta property=\"og:url\" content=\"https:\/\/www.eoimalaga.com\/web\/thats-english\/\" \/>\n<meta property=\"og:site_name\" content=\"P\u00e1gina Oficial de la EOI de M\u00e1laga ::Los idiomas ponen el mundo a tus pies::\" \/>\n<meta property=\"article:modified_time\" content=\"2025-12-05T21:26:21+00:00\" \/>\n<meta name=\"twitter:card\" content=\"summary_large_image\" \/>\n<meta name=\"twitter:label1\" content=\"Tiempo de lectura\" \/>\n\t<meta name=\"twitter:data1\" content=\"3 minutos\" \/>\n<script type=\"application\/ld+json\" class=\"yoast-schema-graph\">{\"@context\":\"https:\/\/schema.org\",\"@graph\":[{\"@type\":\"WebPage\",\"@id\":\"https:\/\/www.eoimalaga.com\/web\/thats-english\/\",\"url\":\"https:\/\/www.eoimalaga.com\/web\/thats-english\/\",\"name\":\"THAT'S ENGLISH! - P\u00e1gina Oficial de la EOI de M\u00e1laga ::Los idiomas ponen el mundo a tus pies::\",\"isPartOf\":{\"@id\":\"https:\/\/www.eoimalaga.com\/web\/#website\"},\"datePublished\":\"2017-02-02T10:41:05+00:00\",\"dateModified\":\"2025-12-05T21:26:21+00:00\",\"breadcrumb\":{\"@id\":\"https:\/\/www.eoimalaga.com\/web\/thats-english\/#breadcrumb\"},\"inLanguage\":\"es\",\"potentialAction\":[{\"@type\":\"ReadAction\",\"target\":[\"https:\/\/www.eoimalaga.com\/web\/thats-english\/\"]}]},{\"@type\":\"BreadcrumbList\",\"@id\":\"https:\/\/www.eoimalaga.com\/web\/thats-english\/#breadcrumb\",\"itemListElement\":[{\"@type\":\"ListItem\",\"position\":1,\"name\":\"Home\",\"item\":\"https:\/\/www.eoimalaga.com\/web\/\"},{\"@type\":\"ListItem\",\"position\":2,\"name\":\"THAT&#8217;S ENGLISH!\"}]},{\"@type\":\"WebSite\",\"@id\":\"https:\/\/www.eoimalaga.com\/web\/#website\",\"url\":\"https:\/\/www.eoimalaga.com\/web\/\",\"name\":\"P\u00e1gina Oficial de la EOI de M\u00e1laga ::Los idiomas ponen el mundo a tus pies::\",\"description\":\"EOI M\u00e1laga\",\"potentialAction\":[{\"@type\":\"SearchAction\",\"target\":{\"@type\":\"EntryPoint\",\"urlTemplate\":\"https:\/\/www.eoimalaga.com\/web\/?s={search_term_string}\"},\"query-input\":{\"@type\":\"PropertyValueSpecification\",\"valueRequired\":true,\"valueName\":\"search_term_string\"}}],\"inLanguage\":\"es\"}]}<\/script>\n<!-- \/ Yoast SEO plugin. -->","yoast_head_json":{"title":"THAT'S ENGLISH! - P\u00e1gina Oficial de la EOI de M\u00e1laga ::Los idiomas ponen el mundo a tus pies::","robots":{"index":"index","follow":"follow","max-snippet":"max-snippet:-1","max-image-preview":"max-image-preview:large","max-video-preview":"max-video-preview:-1"},"canonical":"https:\/\/www.eoimalaga.com\/web\/thats-english\/","og_locale":"es_ES","og_type":"article","og_title":"THAT'S ENGLISH! - P\u00e1gina Oficial de la EOI de M\u00e1laga ::Los idiomas ponen el mundo a tus pies::","og_description":"[vc_row full_width=\u00bbstretch_row_content\u00bb css=\u00bb.vc_custom_1635945383916{background-image: url(https:\/\/www.eoimalaga.com\/web\/wp-content\/uploads\/2021\/11\/thats-english_eoi-malaga.jpg?id=13681) !important;background-position: center !important;background-repeat: no-repeat !important;background-size: cover !important;}\u00bb el_class=\u00bbcabecera-te\u00bb][vc_column][vc_single_image image=\u00bb13683&#8243; img_size=\u00bbmedium\u00bb][\/vc_column][\/vc_row][vc_row][vc_column][vc_column_text] THAT\u2019S ENGLISH! &nbsp; &nbsp; THAT&#8217;S ENGLISH!\u00a0 SE EXTINGUI\u00d3 EN ANDALUC\u00cdA TRAS EL A\u00d1O ACAD\u00c9MICO 2021-22. GRACIAS A TODAS LAS PERSONAS QUE HAN HECHO POSIBLE UNA MODALIDAD DE ENSE\u00d1ANZA PIONERA EN SU MOMENTO:\u00a0 ALUMNOS, TUTORES, Y PERSONAL DE ADMINISTRACI\u00d3N Y SERVICIOS DE [&hellip;]","og_url":"https:\/\/www.eoimalaga.com\/web\/thats-english\/","og_site_name":"P\u00e1gina Oficial de la EOI de M\u00e1laga ::Los idiomas ponen el mundo a tus pies::","article_modified_time":"2025-12-05T21:26:21+00:00","twitter_card":"summary_large_image","twitter_misc":{"Tiempo de lectura":"3 minutos"},"schema":{"@context":"https:\/\/schema.org","@graph":[{"@type":"WebPage","@id":"https:\/\/www.eoimalaga.com\/web\/thats-english\/","url":"https:\/\/www.eoimalaga.com\/web\/thats-english\/","name":"THAT'S ENGLISH! - P\u00e1gina Oficial de la EOI de M\u00e1laga ::Los idiomas ponen el mundo a tus pies::","isPartOf":{"@id":"https:\/\/www.eoimalaga.com\/web\/#website"},"datePublished":"2017-02-02T10:41:05+00:00","dateModified":"2025-12-05T21:26:21+00:00","breadcrumb":{"@id":"https:\/\/www.eoimalaga.com\/web\/thats-english\/#breadcrumb"},"inLanguage":"es","potentialAction":[{"@type":"ReadAction","target":["https:\/\/www.eoimalaga.com\/web\/thats-english\/"]}]},{"@type":"BreadcrumbList","@id":"https:\/\/www.eoimalaga.com\/web\/thats-english\/#breadcrumb","itemListElement":[{"@type":"ListItem","position":1,"name":"Home","item":"https:\/\/www.eoimalaga.com\/web\/"},{"@type":"ListItem","position":2,"name":"THAT&#8217;S ENGLISH!"}]},{"@type":"WebSite","@id":"https:\/\/www.eoimalaga.com\/web\/#website","url":"https:\/\/www.eoimalaga.com\/web\/","name":"P\u00e1gina Oficial de la EOI de M\u00e1laga ::Los idiomas ponen el mundo a tus pies::","description":"EOI M\u00e1laga","potentialAction":[{"@type":"SearchAction","target":{"@type":"EntryPoint","urlTemplate":"https:\/\/www.eoimalaga.com\/web\/?s={search_term_string}"},"query-input":{"@type":"PropertyValueSpecification","valueRequired":true,"valueName":"search_term_string"}}],"inLanguage":"es"}]}},"_links":{"self":[{"href":"https:\/\/www.eoimalaga.com\/web\/wp-json\/wp\/v2\/pages\/4900","targetHints":{"allow":["GET"]}}],"collection":[{"href":"https:\/\/www.eoimalaga.com\/web\/wp-json\/wp\/v2\/pages"}],"about":[{"href":"https:\/\/www.eoimalaga.com\/web\/wp-json\/wp\/v2\/types\/page"}],"author":[{"embeddable":true,"href":"https:\/\/www.eoimalaga.com\/web\/wp-json\/wp\/v2\/users\/9"}],"replies":[{"embeddable":true,"href":"https:\/\/www.eoimalaga.com\/web\/wp-json\/wp\/v2\/comments?post=4900"}],"version-history":[{"count":189,"href":"https:\/\/www.eoimalaga.com\/web\/wp-json\/wp\/v2\/pages\/4900\/revisions"}],"predecessor-version":[{"id":22684,"href":"https:\/\/www.eoimalaga.com\/web\/wp-json\/wp\/v2\/pages\/4900\/revisions\/22684"}],"wp:attachment":[{"href":"https:\/\/www.eoimalaga.com\/web\/wp-json\/wp\/v2\/media?parent=4900"}],"wp:term":[{"taxonomy":"category","embeddable":true,"href":"https:\/\/www.eoimalaga.com\/web\/wp-json\/wp\/v2\/categories?post=4900"},{"taxonomy":"post_tag","embeddable":true,"href":"https:\/\/www.eoimalaga.com\/web\/wp-json\/wp\/v2\/tags?post=4900"}],"curies":[{"name":"wp","href":"https:\/\/api.w.org\/{rel}","templated":true}]}}