{"id":23139,"date":"2026-04-13T13:05:40","date_gmt":"2026-04-13T11:05:40","guid":{"rendered":"https:\/\/www.eoimalaga.com\/web\/?page_id=23139"},"modified":"2026-04-13T13:05:40","modified_gmt":"2026-04-13T11:05:40","slug":"calendario-pec-inicial","status":"publish","type":"page","link":"https:\/\/www.eoimalaga.com\/web\/calendario-pec-inicial\/","title":{"rendered":"Calendario PEC inicial"},"content":{"rendered":"<div class=\"wpb-content-wrapper\"><p>[vc_row][vc_column][vc_column_text css=\u00bb\u00bb]Las fechas y horarios de las pruebas escritas son los definitivos.<\/p>\n<p>Los fechas y horarios de las pruebas orales podr\u00e1n verse aumentados por necesidades del centro. Ser\u00e1n definitivos una vez concluya la matriculaci\u00f3n y la confirmaci\u00f3n de la participaci\u00f3n.[\/vc_column_text][vc_empty_space][\/vc_column][\/vc_row][vc_row][vc_column width=\u00bb1\/3&#8243;][\/vc_column][vc_column width=\u00bb1\/3&#8243;][vc_btn title=\u00bbAcceso al calendario\u00bb color=\u00bbinfo\u00bb css=\u00bb\u00bb link=\u00bburl:https%3A%2F%2Fwww.eoimalaga.com%2Fweb%2Fwp-content%2Fuploads%2F2026%2F03%2FCuadrante-general-fechas-PEC-MAY-JUN26.pdf|title:Ver\u00bb][\/vc_column][vc_column width=\u00bb1\/3&#8243;][\/vc_column][\/vc_row]<\/p>\n<\/div>","protected":false},"excerpt":{"rendered":"<p>[vc_row][vc_column][vc_column_text css=\u00bb\u00bb]Las fechas y horarios de las pruebas escritas son los definitivos. Los fechas y horarios de las pruebas orales podr\u00e1n verse aumentados por necesidades del centro. Ser\u00e1n definitivos una vez concluya la matriculaci\u00f3n y la confirmaci\u00f3n de la participaci\u00f3n.[\/vc_column_text][vc_empty_space][\/vc_column][\/vc_row][vc_row][vc_column width=\u00bb1\/3&#8243;][\/vc_column][vc_column width=\u00bb1\/3&#8243;][vc_btn title=\u00bbAcceso al calendario\u00bb color=\u00bbinfo\u00bb css=\u00bb\u00bb link=\u00bburl:https%3A%2F%2Fwww.eoimalaga.com%2Fweb%2Fwp-content%2Fuploads%2F2026%2F03%2FCuadrante-general-fechas-PEC-MAY-JUN26.pdf|title:Ver\u00bb][\/vc_column][vc_column width=\u00bb1\/3&#8243;][\/vc_column][\/vc_row]<\/p>\n","protected":false},"author":12,"featured_media":0,"parent":0,"menu_order":0,"comment_status":"closed","ping_status":"closed","template":"","meta":{"inline_featured_image":false,"footnotes":""},"categories":[],"tags":[],"class_list":["post-23139","page","type-page","status-publish","hentry"],"yoast_head":"<!-- This site is optimized with the Yoast SEO plugin v26.5 - https:\/\/yoast.com\/wordpress\/plugins\/seo\/ -->\n<title>Calendario PEC inicial - P\u00e1gina Oficial de la EOI de M\u00e1laga ::Los idiomas ponen el mundo a tus pies::<\/title>\n<meta name=\"robots\" content=\"index, follow, max-snippet:-1, max-image-preview:large, max-video-preview:-1\" \/>\n<link rel=\"canonical\" href=\"https:\/\/www.eoimalaga.com\/web\/calendario-pec-inicial\/\" \/>\n<meta property=\"og:locale\" content=\"es_ES\" \/>\n<meta property=\"og:type\" content=\"article\" \/>\n<meta property=\"og:title\" content=\"Calendario PEC inicial - P\u00e1gina Oficial de la EOI de M\u00e1laga ::Los idiomas ponen el mundo a tus pies::\" \/>\n<meta property=\"og:description\" content=\"[vc_row][vc_column][vc_column_text css=\u00bb\u00bb]Las fechas y horarios de las pruebas escritas son los definitivos. Los fechas y horarios de las pruebas orales podr\u00e1n verse aumentados por necesidades del centro. Ser\u00e1n definitivos una vez concluya la matriculaci\u00f3n y la confirmaci\u00f3n de la participaci\u00f3n.[\/vc_column_text][vc_empty_space][\/vc_column][\/vc_row][vc_row][vc_column width=\u00bb1\/3&#8243;][\/vc_column][vc_column width=\u00bb1\/3&#8243;][vc_btn title=\u00bbAcceso al calendario\u00bb color=\u00bbinfo\u00bb css=\u00bb\u00bb link=\u00bburl:https%3A%2F%2Fwww.eoimalaga.com%2Fweb%2Fwp-content%2Fuploads%2F2026%2F03%2FCuadrante-general-fechas-PEC-MAY-JUN26.pdf|title:Ver\u00bb][\/vc_column][vc_column width=\u00bb1\/3&#8243;][\/vc_column][\/vc_row]\" \/>\n<meta property=\"og:url\" content=\"https:\/\/www.eoimalaga.com\/web\/calendario-pec-inicial\/\" \/>\n<meta property=\"og:site_name\" content=\"P\u00e1gina Oficial de la EOI de M\u00e1laga ::Los idiomas ponen el mundo a tus pies::\" \/>\n<meta name=\"twitter:card\" content=\"summary_large_image\" \/>\n<meta name=\"twitter:label1\" content=\"Tiempo de lectura\" \/>\n\t<meta name=\"twitter:data1\" content=\"1 minuto\" \/>\n<script type=\"application\/ld+json\" class=\"yoast-schema-graph\">{\"@context\":\"https:\/\/schema.org\",\"@graph\":[{\"@type\":\"WebPage\",\"@id\":\"https:\/\/www.eoimalaga.com\/web\/calendario-pec-inicial\/\",\"url\":\"https:\/\/www.eoimalaga.com\/web\/calendario-pec-inicial\/\",\"name\":\"Calendario PEC inicial - P\u00e1gina Oficial de la EOI de M\u00e1laga ::Los idiomas ponen el mundo a tus pies::\",\"isPartOf\":{\"@id\":\"https:\/\/www.eoimalaga.com\/web\/#website\"},\"datePublished\":\"2026-04-13T11:05:40+00:00\",\"breadcrumb\":{\"@id\":\"https:\/\/www.eoimalaga.com\/web\/calendario-pec-inicial\/#breadcrumb\"},\"inLanguage\":\"es\",\"potentialAction\":[{\"@type\":\"ReadAction\",\"target\":[\"https:\/\/www.eoimalaga.com\/web\/calendario-pec-inicial\/\"]}]},{\"@type\":\"BreadcrumbList\",\"@id\":\"https:\/\/www.eoimalaga.com\/web\/calendario-pec-inicial\/#breadcrumb\",\"itemListElement\":[{\"@type\":\"ListItem\",\"position\":1,\"name\":\"Home\",\"item\":\"https:\/\/www.eoimalaga.com\/web\/\"},{\"@type\":\"ListItem\",\"position\":2,\"name\":\"Calendario PEC inicial\"}]},{\"@type\":\"WebSite\",\"@id\":\"https:\/\/www.eoimalaga.com\/web\/#website\",\"url\":\"https:\/\/www.eoimalaga.com\/web\/\",\"name\":\"P\u00e1gina Oficial de la EOI de M\u00e1laga ::Los idiomas ponen el mundo a tus pies::\",\"description\":\"EOI M\u00e1laga\",\"potentialAction\":[{\"@type\":\"SearchAction\",\"target\":{\"@type\":\"EntryPoint\",\"urlTemplate\":\"https:\/\/www.eoimalaga.com\/web\/?s={search_term_string}\"},\"query-input\":{\"@type\":\"PropertyValueSpecification\",\"valueRequired\":true,\"valueName\":\"search_term_string\"}}],\"inLanguage\":\"es\"}]}<\/script>\n<!-- \/ Yoast SEO plugin. -->","yoast_head_json":{"title":"Calendario PEC inicial - P\u00e1gina Oficial de la EOI de M\u00e1laga ::Los idiomas ponen el mundo a tus pies::","robots":{"index":"index","follow":"follow","max-snippet":"max-snippet:-1","max-image-preview":"max-image-preview:large","max-video-preview":"max-video-preview:-1"},"canonical":"https:\/\/www.eoimalaga.com\/web\/calendario-pec-inicial\/","og_locale":"es_ES","og_type":"article","og_title":"Calendario PEC inicial - P\u00e1gina Oficial de la EOI de M\u00e1laga ::Los idiomas ponen el mundo a tus pies::","og_description":"[vc_row][vc_column][vc_column_text css=\u00bb\u00bb]Las fechas y horarios de las pruebas escritas son los definitivos. Los fechas y horarios de las pruebas orales podr\u00e1n verse aumentados por necesidades del centro. Ser\u00e1n definitivos una vez concluya la matriculaci\u00f3n y la confirmaci\u00f3n de la participaci\u00f3n.[\/vc_column_text][vc_empty_space][\/vc_column][\/vc_row][vc_row][vc_column width=\u00bb1\/3&#8243;][\/vc_column][vc_column width=\u00bb1\/3&#8243;][vc_btn title=\u00bbAcceso al calendario\u00bb color=\u00bbinfo\u00bb css=\u00bb\u00bb link=\u00bburl:https%3A%2F%2Fwww.eoimalaga.com%2Fweb%2Fwp-content%2Fuploads%2F2026%2F03%2FCuadrante-general-fechas-PEC-MAY-JUN26.pdf|title:Ver\u00bb][\/vc_column][vc_column width=\u00bb1\/3&#8243;][\/vc_column][\/vc_row]","og_url":"https:\/\/www.eoimalaga.com\/web\/calendario-pec-inicial\/","og_site_name":"P\u00e1gina Oficial de la EOI de M\u00e1laga ::Los idiomas ponen el mundo a tus pies::","twitter_card":"summary_large_image","twitter_misc":{"Tiempo de lectura":"1 minuto"},"schema":{"@context":"https:\/\/schema.org","@graph":[{"@type":"WebPage","@id":"https:\/\/www.eoimalaga.com\/web\/calendario-pec-inicial\/","url":"https:\/\/www.eoimalaga.com\/web\/calendario-pec-inicial\/","name":"Calendario PEC inicial - P\u00e1gina Oficial de la EOI de M\u00e1laga ::Los idiomas ponen el mundo a tus pies::","isPartOf":{"@id":"https:\/\/www.eoimalaga.com\/web\/#website"},"datePublished":"2026-04-13T11:05:40+00:00","breadcrumb":{"@id":"https:\/\/www.eoimalaga.com\/web\/calendario-pec-inicial\/#breadcrumb"},"inLanguage":"es","potentialAction":[{"@type":"ReadAction","target":["https:\/\/www.eoimalaga.com\/web\/calendario-pec-inicial\/"]}]},{"@type":"BreadcrumbList","@id":"https:\/\/www.eoimalaga.com\/web\/calendario-pec-inicial\/#breadcrumb","itemListElement":[{"@type":"ListItem","position":1,"name":"Home","item":"https:\/\/www.eoimalaga.com\/web\/"},{"@type":"ListItem","position":2,"name":"Calendario PEC inicial"}]},{"@type":"WebSite","@id":"https:\/\/www.eoimalaga.com\/web\/#website","url":"https:\/\/www.eoimalaga.com\/web\/","name":"P\u00e1gina Oficial de la EOI de M\u00e1laga ::Los idiomas ponen el mundo a tus pies::","description":"EOI M\u00e1laga","potentialAction":[{"@type":"SearchAction","target":{"@type":"EntryPoint","urlTemplate":"https:\/\/www.eoimalaga.com\/web\/?s={search_term_string}"},"query-input":{"@type":"PropertyValueSpecification","valueRequired":true,"valueName":"search_term_string"}}],"inLanguage":"es"}]}},"_links":{"self":[{"href":"https:\/\/www.eoimalaga.com\/web\/wp-json\/wp\/v2\/pages\/23139","targetHints":{"allow":["GET"]}}],"collection":[{"href":"https:\/\/www.eoimalaga.com\/web\/wp-json\/wp\/v2\/pages"}],"about":[{"href":"https:\/\/www.eoimalaga.com\/web\/wp-json\/wp\/v2\/types\/page"}],"author":[{"embeddable":true,"href":"https:\/\/www.eoimalaga.com\/web\/wp-json\/wp\/v2\/users\/12"}],"replies":[{"embeddable":true,"href":"https:\/\/www.eoimalaga.com\/web\/wp-json\/wp\/v2\/comments?post=23139"}],"version-history":[{"count":5,"href":"https:\/\/www.eoimalaga.com\/web\/wp-json\/wp\/v2\/pages\/23139\/revisions"}],"predecessor-version":[{"id":23144,"href":"https:\/\/www.eoimalaga.com\/web\/wp-json\/wp\/v2\/pages\/23139\/revisions\/23144"}],"wp:attachment":[{"href":"https:\/\/www.eoimalaga.com\/web\/wp-json\/wp\/v2\/media?parent=23139"}],"wp:term":[{"taxonomy":"category","embeddable":true,"href":"https:\/\/www.eoimalaga.com\/web\/wp-json\/wp\/v2\/categories?post=23139"},{"taxonomy":"post_tag","embeddable":true,"href":"https:\/\/www.eoimalaga.com\/web\/wp-json\/wp\/v2\/tags?post=23139"}],"curies":[{"name":"wp","href":"https:\/\/api.w.org\/{rel}","templated":true}]}}

<div class="wpb-content-wrapper"><p>[vc_row][vc_column][vc_column_text css=»»]Las fechas y horarios de las pruebas escritas son los definitivos.</p>
<p>Los fechas y horarios de las pruebas orales podrán verse aumentados por necesidades del centro. Serán definitivos una vez concluya la matriculación y la confirmación de la participación.[/vc_column_text][vc_empty_space][/vc_column][/vc_row][vc_row][vc_column width=»1/3&#8243;][/vc_column][vc_column width=»1/3&#8243;][vc_btn title=»Acceso al calendario» color=»info» css=»» link=»url:https%3A%2F%2Fwww.eoimalaga.com%2Fweb%2Fwp-content%2Fuploads%2F2026%2F03%2FCuadrante-general-fechas-PEC-MAY-JUN26.pdf|title:Ver»][/vc_column][vc_column width=»1/3&#8243;][/vc_column][/vc_row]</p>
</div>

<p>[vc_row][vc_column][vc_column_text css=»»]Las fechas y horarios de las pruebas escritas son los definitivos. Los fechas y horarios de las pruebas orales podrán verse aumentados por necesidades del centro. Serán definitivos una vez concluya la matriculación y la confirmación de la participación.[/vc_column_text][vc_empty_space][/vc_column][/vc_row][vc_row][vc_column width=»1/3&#8243;][/vc_column][vc_column width=»1/3&#8243;][vc_btn title=»Acceso al calendario» color=»info» css=»» link=»url:https%3A%2F%2Fwww.eoimalaga.com%2Fweb%2Fwp-content%2Fuploads%2F2026%2F03%2FCuadrante-general-fechas-PEC-MAY-JUN26.pdf|title:Ver»][/vc_column][vc_column width=»1/3&#8243;][/vc_column][/vc_row]</p>

<!-- This site is optimized with the Yoast SEO plugin v26.5 - https://yoast.com/wordpress/plugins/seo/ -->
<title>Calendario PEC inicial - Página Oficial de la EOI de Málaga ::Los idiomas ponen el mundo a tus pies::</title>
<meta name="robots" content="index, follow, max-snippet:-1, max-image-preview:large, max-video-preview:-1" />
<link rel="canonical" href="https://www.eoimalaga.com/web/calendario-pec-inicial/" />
<meta property="og:locale" content="es_ES" />
<meta property="og:type" content="article" />
<meta property="og:title" content="Calendario PEC inicial - Página Oficial de la EOI de Málaga ::Los idiomas ponen el mundo a tus pies::" />
<meta property="og:description" content="[vc_row][vc_column][vc_column_text css=»»]Las fechas y horarios de las pruebas escritas son los definitivos. Los fechas y horarios de las pruebas orales podrán verse aumentados por necesidades del centro. Serán definitivos una vez concluya la matriculación y la confirmación de la participación.[/vc_column_text][vc_empty_space][/vc_column][/vc_row][vc_row][vc_column width=»1/3&#8243;][/vc_column][vc_column width=»1/3&#8243;][vc_btn title=»Acceso al calendario» color=»info» css=»» link=»url:https%3A%2F%2Fwww.eoimalaga.com%2Fweb%2Fwp-content%2Fuploads%2F2026%2F03%2FCuadrante-general-fechas-PEC-MAY-JUN26.pdf|title:Ver»][/vc_column][vc_column width=»1/3&#8243;][/vc_column][/vc_row]" />
<meta property="og:url" content="https://www.eoimalaga.com/web/calendario-pec-inicial/" />
<meta property="og:site_name" content="Página Oficial de la EOI de Málaga ::Los idiomas ponen el mundo a tus pies::" />
<meta name="twitter:card" content="summary_large_image" />
<meta name="twitter:label1" content="Tiempo de lectura" />
	<meta name="twitter:data1" content="1 minuto" />
<script type="application/ld+json" class="yoast-schema-graph">{"@context":"https://schema.org","@graph":[{"@type":"WebPage","@id":"https://www.eoimalaga.com/web/calendario-pec-inicial/","url":"https://www.eoimalaga.com/web/calendario-pec-inicial/","name":"Calendario PEC inicial - Página Oficial de la EOI de Málaga ::Los idiomas ponen el mundo a tus pies::","isPartOf":{"@id":"https://www.eoimalaga.com/web/#website"},"datePublished":"2026-04-13T11:05:40+00:00","breadcrumb":{"@id":"https://www.eoimalaga.com/web/calendario-pec-inicial/#breadcrumb"},"inLanguage":"es","potentialAction":[{"@type":"ReadAction","target":["https://www.eoimalaga.com/web/calendario-pec-inicial/"]}]},{"@type":"BreadcrumbList","@id":"https://www.eoimalaga.com/web/calendario-pec-inicial/#breadcrumb","itemListElement":[{"@type":"ListItem","position":1,"name":"Home","item":"https://www.eoimalaga.com/web/"},{"@type":"ListItem","position":2,"name":"Calendario PEC inicial"}]},{"@type":"WebSite","@id":"https://www.eoimalaga.com/web/#website","url":"https://www.eoimalaga.com/web/","name":"Página Oficial de la EOI de Málaga ::Los idiomas ponen el mundo a tus pies::","description":"EOI Málaga","potentialAction":[{"@type":"SearchAction","target":{"@type":"EntryPoint","urlTemplate":"https://www.eoimalaga.com/web/?s={search_term_string}"},"query-input":{"@type":"PropertyValueSpecification","valueRequired":true,"valueName":"search_term_string"}}],"inLanguage":"es"}]}</script>
<!-- / Yoast SEO plugin. -->

Calendario PEC inicial - Página Oficial de la EOI de Málaga ::Los idiomas ponen el mundo a tus pies::

[vc_row][vc_column][vc_column_text css=»»]Las fechas y horarios de las pruebas escritas son los definitivos. Los fechas y horarios de las pruebas orales podrán verse aumentados por necesidades del centro. Serán definitivos una vez concluya la matriculación y la confirmación de la participación.[/vc_column_text][vc_empty_space][/vc_column][/vc_row][vc_row][vc_column width=»1/3&#8243;][/vc_column][vc_column width=»1/3&#8243;][vc_btn title=»Acceso al calendario» color=»info» css=»» link=»url:https%3A%2F%2Fwww.eoimalaga.com%2Fweb%2Fwp-content%2Fuploads%2F2026%2F03%2FCuadrante-general-fechas-PEC-MAY-JUN26.pdf|title:Ver»][/vc_column][vc_column width=»1/3&#8243;][/vc_column][/vc_row]

Página Oficial de la EOI de Málaga ::Los idiomas ponen el mundo a tus pies::

EOI Málaga
