{"id":14470,"date":"2022-03-21T20:35:03","date_gmt":"2022-03-21T18:35:03","guid":{"rendered":"https:\/\/www.eoimalaga.com\/web\/?page_id=14470"},"modified":"2022-04-20T08:59:20","modified_gmt":"2022-04-20T06:59:20","slug":"miercoles20","status":"publish","type":"page","link":"https:\/\/www.eoimalaga.com\/web\/miercoles20\/","title":{"rendered":"miercoles20"},"content":{"rendered":"<div class=\"wpb-content-wrapper\"><p>[vc_row][vc_column][vc_single_image image=\u00bb14391&#8243; img_size=\u00bblarge\u00bb add_caption=\u00bbyes\u00bb alignment=\u00bbcenter\u00bb][\/vc_column][\/vc_row][vc_row][vc_column][vc_column_text]<\/p>\n<h1 style=\"text-align: center;\">MI\u00c9RCOLES, D\u00cdA 20 ABRIL<\/h1>\n<h4 style=\"text-align: center;\">Actividades organizadas por departamento<\/h4>\n<p>[\/vc_column_text][vc_column_text]<\/p>\n<p style=\"text-align: center;\"><strong>Descarga el programa completo del d\u00eda <a href=\"https:\/\/www.eoimalaga.com\/web\/wp-content\/uploads\/2022\/04\/miercoles_v3.jpg\" target=\"_blank\" rel=\"noopener noreferrer\">aqu\u00ed<\/a>.<\/strong><\/p>\n<p>[\/vc_column_text][\/vc_column][\/vc_row][vc_row gap=\u00bb5&#8243;][vc_column width=\u00bb1\/3&#8243;][vc_hoverbox image=\u00bb14397&#8243; primary_title=\u00bb\u00bb hover_title=\u00bbConferencia\u00bb]<b>Taller del qigong Baduanjin. (<\/b><span style=\"font-weight: 400;\">Actividad en espa\u00f1ol)\u00a0<\/span><\/p>\n<p><span style=\"font-weight: 400;\">Se recomienda usar ropa deportiva y zapatos c\u00f3modos.<\/span><\/p>\n<p><strong>HORA<\/strong>: <span style=\"font-weight: 400;\">10.30 &#8211; 11.30<\/span><\/p>\n<p><strong>LUGAR<\/strong>: Jard\u00edn EOI[\/vc_hoverbox][\/vc_column][vc_column width=\u00bb1\/3&#8243;][vc_hoverbox image=\u00bb14402&#8243; primary_title=\u00bb\u00bb hover_title=\u00bbCharla\u00bb]<b><i>Napoli: come Lei non c\u2019\u00e8 nessuna<\/i><\/b><span style=\"font-weight: 400;\">, Simone Negrin<\/span><\/p>\n<p><strong>HORA<\/strong>: 11.30 -13.30<\/p>\n<p><strong>LUGAR<\/strong>: Sal\u00f3n de actos[\/vc_hoverbox][\/vc_column][vc_column width=\u00bb1\/3&#8243;][vc_hoverbox image=\u00bb14400&#8243; primary_title=\u00bb\u00bb hover_title=\u00bbTaller\u00bb]<strong>Taller de bailes griegos<\/strong> a cargo de Thanasis Malefioudakis.<br \/>\n(Actividad en espa\u00f1ol)<\/p>\n<p><strong>HORA<\/strong>: 16.30 &#8211; 18.30<\/p>\n<p><strong>LUGAR: <\/strong>Sal\u00f3n de actos[\/vc_hoverbox][\/vc_column][\/vc_row][vc_row][vc_column][vc_empty_space height=\u00bb17px\u00bb][\/vc_column][\/vc_row][vc_row gap=\u00bb5&#8243;][vc_column width=\u00bb1\/3&#8243;][vc_hoverbox image=\u00bb14401&#8243; primary_title=\u00bb\u00bb hover_title=\u00bbCharla\u00bb]<b><i>Encounter with the writer Selma Tufail,\u00a0<\/i><\/b><i>author of Con Yanci, When Chickens Fly and Other Tales<\/i><\/p>\n<p><strong>HORA:<\/strong> 17.30 &#8211; 19.00<\/p>\n<p><strong>LUGAR:<\/strong> B24[\/vc_hoverbox][\/vc_column][vc_column width=\u00bb1\/3&#8243;][vc_hoverbox image=\u00bb14406&#8243; primary_title=\u00bb\u00bb hover_title=\u00bbTaller\u00bb]<b><i>Caligraf\u00eda rusa: trazo a trazo.<\/i><\/b><i><span style=\"font-weight: 400;\">\u00a0<\/span><\/i><span style=\"font-weight: 400;\">con Svetlana Dalaloyan Shakhbazyan.\u00a0<\/span><\/p>\n<p><span style=\"font-weight: 400;\">(Actividad en espa\u00f1ol)<\/span><\/p>\n<p><strong>HORA:<\/strong> 17.30.20 &#8211; 20.00<\/p>\n<p><strong>LUGAR:<\/strong> B02[\/vc_hoverbox][\/vc_column][vc_column width=\u00bb1\/3&#8243;][vc_hoverbox image=\u00bb14395&#8243; primary_title=\u00bb\u00bb hover_title=\u00bbFiesta\u00bb]<strong>Eine Reise nach \u00d6sterreich<\/strong>. Tarde austriaca en el jard\u00edn.<\/p>\n<p><strong>HORA<\/strong>: 17.30-20.00<\/p>\n<p><strong>LUGAR:<\/strong> Jard\u00edn EOI[\/vc_hoverbox][\/vc_column][\/vc_row][vc_row][vc_column][vc_empty_space height=\u00bb17px\u00bb][\/vc_column][\/vc_row][vc_row gap=\u00bb5&#8243;][vc_column width=\u00bb1\/3&#8243;][vc_hoverbox image=\u00bb14400&#8243; primary_title=\u00bb\u00bb hover_title=\u00bbCharla\u00bb]<strong>La Cat\u00e1strofe de Asia Menor y el intercambio de poblaciones entre Grecia y Turqu\u00eda<\/strong>. Prof. Carmona Zabala (UMA).<br \/>\n(Actividad en espa\u00f1ol)<\/p>\n<p><strong>HORA<\/strong>: 18.30 &#8211; 20.00<\/p>\n<p><strong>LUGAR: <\/strong>Sal\u00f3n de actos[\/vc_hoverbox][\/vc_column][vc_column width=\u00bb1\/3&#8243;][vc_hoverbox image=\u00bb14399&#8243; primary_title=\u00bb\u00bb hover_title=\u00bbClub de lectura\u00bb]<strong><em>La plus secr\u00e8te m\u00e9moire des hommes<\/em>. Mohammed Mbougar Sarr.<\/strong><\/p>\n<p>Con Laura Gal\u00e1n y Gilbert Haffner<\/p>\n<p><strong>HORA:<\/strong> 19.30 &#8211; 21.30<\/p>\n<p><strong>LUGAR:<\/strong> B03[\/vc_hoverbox][\/vc_column][vc_column width=\u00bb1\/3&#8243;][\/vc_column][\/vc_row]<\/p>\n<\/div>","protected":false},"excerpt":{"rendered":"<p>[vc_row][vc_column][vc_single_image image=\u00bb14391&#8243; img_size=\u00bblarge\u00bb add_caption=\u00bbyes\u00bb alignment=\u00bbcenter\u00bb][\/vc_column][\/vc_row][vc_row][vc_column][vc_column_text] MI\u00c9RCOLES, D\u00cdA 20 ABRIL Actividades organizadas por departamento [\/vc_column_text][vc_column_text] Descarga el programa completo del d\u00eda aqu\u00ed. [\/vc_column_text][\/vc_column][\/vc_row][vc_row gap=\u00bb5&#8243;][vc_column width=\u00bb1\/3&#8243;][vc_hoverbox image=\u00bb14397&#8243; primary_title=\u00bb\u00bb hover_title=\u00bbConferencia\u00bb]Taller del qigong Baduanjin. (Actividad en espa\u00f1ol)\u00a0 Se recomienda usar ropa deportiva y zapatos c\u00f3modos. HORA: 10.30 &#8211; 11.30 LUGAR: Jard\u00edn EOI[\/vc_hoverbox][\/vc_column][vc_column width=\u00bb1\/3&#8243;][vc_hoverbox image=\u00bb14402&#8243; primary_title=\u00bb\u00bb hover_title=\u00bbCharla\u00bb]Napoli: come Lei non [&hellip;]<\/p>\n","protected":false},"author":12,"featured_media":0,"parent":0,"menu_order":0,"comment_status":"closed","ping_status":"closed","template":"","meta":{"inline_featured_image":false,"footnotes":""},"categories":[91],"tags":[],"class_list":["post-14470","page","type-page","status-publish","hentry","category-50aniversario"],"yoast_head":"<!-- This site is optimized with the Yoast SEO plugin v26.5 - https:\/\/yoast.com\/wordpress\/plugins\/seo\/ -->\n<title>miercoles20 - P\u00e1gina Oficial de la EOI de M\u00e1laga ::Los idiomas ponen el mundo a tus pies::<\/title>\n<meta name=\"robots\" content=\"index, follow, max-snippet:-1, max-image-preview:large, max-video-preview:-1\" \/>\n<link rel=\"canonical\" href=\"https:\/\/www.eoimalaga.com\/web\/miercoles20\/\" \/>\n<meta property=\"og:locale\" content=\"es_ES\" \/>\n<meta property=\"og:type\" content=\"article\" \/>\n<meta property=\"og:title\" content=\"miercoles20 - P\u00e1gina Oficial de la EOI de M\u00e1laga ::Los idiomas ponen el mundo a tus pies::\" \/>\n<meta property=\"og:description\" content=\"[vc_row][vc_column][vc_single_image image=\u00bb14391&#8243; img_size=\u00bblarge\u00bb add_caption=\u00bbyes\u00bb alignment=\u00bbcenter\u00bb][\/vc_column][\/vc_row][vc_row][vc_column][vc_column_text] MI\u00c9RCOLES, D\u00cdA 20 ABRIL Actividades organizadas por departamento [\/vc_column_text][vc_column_text] Descarga el programa completo del d\u00eda aqu\u00ed. [\/vc_column_text][\/vc_column][\/vc_row][vc_row gap=\u00bb5&#8243;][vc_column width=\u00bb1\/3&#8243;][vc_hoverbox image=\u00bb14397&#8243; primary_title=\u00bb\u00bb hover_title=\u00bbConferencia\u00bb]Taller del qigong Baduanjin. (Actividad en espa\u00f1ol)\u00a0 Se recomienda usar ropa deportiva y zapatos c\u00f3modos. HORA: 10.30 &#8211; 11.30 LUGAR: Jard\u00edn EOI[\/vc_hoverbox][\/vc_column][vc_column width=\u00bb1\/3&#8243;][vc_hoverbox image=\u00bb14402&#8243; primary_title=\u00bb\u00bb hover_title=\u00bbCharla\u00bb]Napoli: come Lei non [&hellip;]\" \/>\n<meta property=\"og:url\" content=\"https:\/\/www.eoimalaga.com\/web\/miercoles20\/\" \/>\n<meta property=\"og:site_name\" content=\"P\u00e1gina Oficial de la EOI de M\u00e1laga ::Los idiomas ponen el mundo a tus pies::\" \/>\n<meta property=\"article:modified_time\" content=\"2022-04-20T06:59:20+00:00\" \/>\n<meta name=\"twitter:card\" content=\"summary_large_image\" \/>\n<meta name=\"twitter:label1\" content=\"Tiempo de lectura\" \/>\n\t<meta name=\"twitter:data1\" content=\"2 minutos\" \/>\n<script type=\"application\/ld+json\" class=\"yoast-schema-graph\">{\"@context\":\"https:\/\/schema.org\",\"@graph\":[{\"@type\":\"WebPage\",\"@id\":\"https:\/\/www.eoimalaga.com\/web\/miercoles20\/\",\"url\":\"https:\/\/www.eoimalaga.com\/web\/miercoles20\/\",\"name\":\"miercoles20 - P\u00e1gina Oficial de la EOI de M\u00e1laga ::Los idiomas ponen el mundo a tus pies::\",\"isPartOf\":{\"@id\":\"https:\/\/www.eoimalaga.com\/web\/#website\"},\"datePublished\":\"2022-03-21T18:35:03+00:00\",\"dateModified\":\"2022-04-20T06:59:20+00:00\",\"breadcrumb\":{\"@id\":\"https:\/\/www.eoimalaga.com\/web\/miercoles20\/#breadcrumb\"},\"inLanguage\":\"es\",\"potentialAction\":[{\"@type\":\"ReadAction\",\"target\":[\"https:\/\/www.eoimalaga.com\/web\/miercoles20\/\"]}]},{\"@type\":\"BreadcrumbList\",\"@id\":\"https:\/\/www.eoimalaga.com\/web\/miercoles20\/#breadcrumb\",\"itemListElement\":[{\"@type\":\"ListItem\",\"position\":1,\"name\":\"Home\",\"item\":\"https:\/\/www.eoimalaga.com\/web\/\"},{\"@type\":\"ListItem\",\"position\":2,\"name\":\"miercoles20\"}]},{\"@type\":\"WebSite\",\"@id\":\"https:\/\/www.eoimalaga.com\/web\/#website\",\"url\":\"https:\/\/www.eoimalaga.com\/web\/\",\"name\":\"P\u00e1gina Oficial de la EOI de M\u00e1laga ::Los idiomas ponen el mundo a tus pies::\",\"description\":\"EOI M\u00e1laga\",\"potentialAction\":[{\"@type\":\"SearchAction\",\"target\":{\"@type\":\"EntryPoint\",\"urlTemplate\":\"https:\/\/www.eoimalaga.com\/web\/?s={search_term_string}\"},\"query-input\":{\"@type\":\"PropertyValueSpecification\",\"valueRequired\":true,\"valueName\":\"search_term_string\"}}],\"inLanguage\":\"es\"}]}<\/script>\n<!-- \/ Yoast SEO plugin. -->","yoast_head_json":{"title":"miercoles20 - P\u00e1gina Oficial de la EOI de M\u00e1laga ::Los idiomas ponen el mundo a tus pies::","robots":{"index":"index","follow":"follow","max-snippet":"max-snippet:-1","max-image-preview":"max-image-preview:large","max-video-preview":"max-video-preview:-1"},"canonical":"https:\/\/www.eoimalaga.com\/web\/miercoles20\/","og_locale":"es_ES","og_type":"article","og_title":"miercoles20 - P\u00e1gina Oficial de la EOI de M\u00e1laga ::Los idiomas ponen el mundo a tus pies::","og_description":"[vc_row][vc_column][vc_single_image image=\u00bb14391&#8243; img_size=\u00bblarge\u00bb add_caption=\u00bbyes\u00bb alignment=\u00bbcenter\u00bb][\/vc_column][\/vc_row][vc_row][vc_column][vc_column_text] MI\u00c9RCOLES, D\u00cdA 20 ABRIL Actividades organizadas por departamento [\/vc_column_text][vc_column_text] Descarga el programa completo del d\u00eda aqu\u00ed. [\/vc_column_text][\/vc_column][\/vc_row][vc_row gap=\u00bb5&#8243;][vc_column width=\u00bb1\/3&#8243;][vc_hoverbox image=\u00bb14397&#8243; primary_title=\u00bb\u00bb hover_title=\u00bbConferencia\u00bb]Taller del qigong Baduanjin. (Actividad en espa\u00f1ol)\u00a0 Se recomienda usar ropa deportiva y zapatos c\u00f3modos. HORA: 10.30 &#8211; 11.30 LUGAR: Jard\u00edn EOI[\/vc_hoverbox][\/vc_column][vc_column width=\u00bb1\/3&#8243;][vc_hoverbox image=\u00bb14402&#8243; primary_title=\u00bb\u00bb hover_title=\u00bbCharla\u00bb]Napoli: come Lei non [&hellip;]","og_url":"https:\/\/www.eoimalaga.com\/web\/miercoles20\/","og_site_name":"P\u00e1gina Oficial de la EOI de M\u00e1laga ::Los idiomas ponen el mundo a tus pies::","article_modified_time":"2022-04-20T06:59:20+00:00","twitter_card":"summary_large_image","twitter_misc":{"Tiempo de lectura":"2 minutos"},"schema":{"@context":"https:\/\/schema.org","@graph":[{"@type":"WebPage","@id":"https:\/\/www.eoimalaga.com\/web\/miercoles20\/","url":"https:\/\/www.eoimalaga.com\/web\/miercoles20\/","name":"miercoles20 - P\u00e1gina Oficial de la EOI de M\u00e1laga ::Los idiomas ponen el mundo a tus pies::","isPartOf":{"@id":"https:\/\/www.eoimalaga.com\/web\/#website"},"datePublished":"2022-03-21T18:35:03+00:00","dateModified":"2022-04-20T06:59:20+00:00","breadcrumb":{"@id":"https:\/\/www.eoimalaga.com\/web\/miercoles20\/#breadcrumb"},"inLanguage":"es","potentialAction":[{"@type":"ReadAction","target":["https:\/\/www.eoimalaga.com\/web\/miercoles20\/"]}]},{"@type":"BreadcrumbList","@id":"https:\/\/www.eoimalaga.com\/web\/miercoles20\/#breadcrumb","itemListElement":[{"@type":"ListItem","position":1,"name":"Home","item":"https:\/\/www.eoimalaga.com\/web\/"},{"@type":"ListItem","position":2,"name":"miercoles20"}]},{"@type":"WebSite","@id":"https:\/\/www.eoimalaga.com\/web\/#website","url":"https:\/\/www.eoimalaga.com\/web\/","name":"P\u00e1gina Oficial de la EOI de M\u00e1laga ::Los idiomas ponen el mundo a tus pies::","description":"EOI M\u00e1laga","potentialAction":[{"@type":"SearchAction","target":{"@type":"EntryPoint","urlTemplate":"https:\/\/www.eoimalaga.com\/web\/?s={search_term_string}"},"query-input":{"@type":"PropertyValueSpecification","valueRequired":true,"valueName":"search_term_string"}}],"inLanguage":"es"}]}},"_links":{"self":[{"href":"https:\/\/www.eoimalaga.com\/web\/wp-json\/wp\/v2\/pages\/14470","targetHints":{"allow":["GET"]}}],"collection":[{"href":"https:\/\/www.eoimalaga.com\/web\/wp-json\/wp\/v2\/pages"}],"about":[{"href":"https:\/\/www.eoimalaga.com\/web\/wp-json\/wp\/v2\/types\/page"}],"author":[{"embeddable":true,"href":"https:\/\/www.eoimalaga.com\/web\/wp-json\/wp\/v2\/users\/12"}],"replies":[{"embeddable":true,"href":"https:\/\/www.eoimalaga.com\/web\/wp-json\/wp\/v2\/comments?post=14470"}],"version-history":[{"count":23,"href":"https:\/\/www.eoimalaga.com\/web\/wp-json\/wp\/v2\/pages\/14470\/revisions"}],"predecessor-version":[{"id":15003,"href":"https:\/\/www.eoimalaga.com\/web\/wp-json\/wp\/v2\/pages\/14470\/revisions\/15003"}],"wp:attachment":[{"href":"https:\/\/www.eoimalaga.com\/web\/wp-json\/wp\/v2\/media?parent=14470"}],"wp:term":[{"taxonomy":"category","embeddable":true,"href":"https:\/\/www.eoimalaga.com\/web\/wp-json\/wp\/v2\/categories?post=14470"},{"taxonomy":"post_tag","embeddable":true,"href":"https:\/\/www.eoimalaga.com\/web\/wp-json\/wp\/v2\/tags?post=14470"}],"curies":[{"name":"wp","href":"https:\/\/api.w.org\/{rel}","templated":true}]}}