{"version":"1.0","provider_name":"P\u00e1gina Oficial de la EOI de M\u00e1laga ::Los idiomas ponen el mundo a tus pies::","provider_url":"https:\/\/www.eoimalaga.com\/web","title":"CIMA-ARTE-C1.1-2O24 - P\u00e1gina Oficial de la EOI de M\u00e1laga ::Los idiomas ponen el mundo a tus pies::","type":"rich","width":600,"height":338,"html":"<blockquote class=\"wp-embedded-content\" data-secret=\"UPu9jetpob\"><a href=\"https:\/\/www.eoimalaga.com\/web\/cima-arte-c1-1-2o24\/\">CIMA-ARTE-C1.1-2O24<\/a><\/blockquote><iframe sandbox=\"allow-scripts\" security=\"restricted\" src=\"https:\/\/www.eoimalaga.com\/web\/cima-arte-c1-1-2o24\/embed\/#?secret=UPu9jetpob\" width=\"600\" height=\"338\" title=\"\u00abCIMA-ARTE-C1.1-2O24\u00bb \u2014 P\u00e1gina Oficial de la EOI de M\u00e1laga ::Los idiomas ponen el mundo a tus pies::\" data-secret=\"UPu9jetpob\" frameborder=\"0\" marginwidth=\"0\" marginheight=\"0\" scrolling=\"no\" class=\"wp-embedded-content\"><\/iframe><script type=\"text\/javascript\">\n\/* <![CDATA[ *\/\n\/*! This file is auto-generated *\/\n!function(d,l){\"use strict\";l.querySelector&&d.addEventListener&&\"undefined\"!=typeof URL&&(d.wp=d.wp||{},d.wp.receiveEmbedMessage||(d.wp.receiveEmbedMessage=function(e){var t=e.data;if((t||t.secret||t.message||t.value)&&!\/[^a-zA-Z0-9]\/.test(t.secret)){for(var s,r,n,a=l.querySelectorAll('iframe[data-secret=\"'+t.secret+'\"]'),o=l.querySelectorAll('blockquote[data-secret=\"'+t.secret+'\"]'),c=new RegExp(\"^https?:$\",\"i\"),i=0;i<o.length;i++)o[i].style.display=\"none\";for(i=0;i<a.length;i++)s=a[i],e.source===s.contentWindow&&(s.removeAttribute(\"style\"),\"height\"===t.message?(1e3<(r=parseInt(t.value,10))?r=1e3:~~r<200&&(r=200),s.height=r):\"link\"===t.message&&(r=new URL(s.getAttribute(\"src\")),n=new URL(t.value),c.test(n.protocol))&&n.host===r.host&&l.activeElement===s&&(d.top.location.href=t.value))}},d.addEventListener(\"message\",d.wp.receiveEmbedMessage,!1),l.addEventListener(\"DOMContentLoaded\",function(){for(var e,t,s=l.querySelectorAll(\"iframe.wp-embedded-content\"),r=0;r<s.length;r++)(t=(e=s[r]).getAttribute(\"data-secret\"))||(t=Math.random().toString(36).substring(2,12),e.src+=\"#?secret=\"+t,e.setAttribute(\"data-secret\",t)),e.contentWindow.postMessage({message:\"ready\",secret:t},\"*\")},!1)))}(window,document);\n\/* ]]> *\/\n<\/script>\n","description":"[vc_row][vc_column][vc_column_text css=\u00bb\u00bb] CURSO 24\/25 [\/vc_column_text][\/vc_column][\/vc_row][vc_row content_placement=\u00bbmiddle\u00bb][vc_column width=\u00bb1\/3&#8243;][vc_column_text][\/vc_column_text][\/vc_column][vc_column width=\u00bb1\/3&#8243;][vc_empty_space][vc_column_text] Arte y Cultura [\/vc_column_text][\/vc_column][vc_column width=\u00bb1\/3&#8243;][vc_empty_space][vc_column_text] C1.1 [\/vc_column_text][\/vc_column][\/vc_row][vc_row][vc_column][vc_empty_space][\/vc_column][\/vc_row][vc_row][vc_column width=\u00bb1\/2&#8243;][vc_images_carousel images=\u00bb21075,21083,21082,21084,21073,21072,21070,21069,21067,21062,21061,21081,21063,21064&#8243; img_size=\u00bbmedium\u00bb css=\u00bb\u00bb][\/vc_column][vc_column width=\u00bb1\/2&#8243;][vc_column_text css=\u00bb\u00bb]En una emblem\u00e1tica calle del casco antiguo el alumnado de C1.1 de ingl\u00e9s de las 17.15, CAPE C2, y alumnado de Ana N\u00fa\u00f1ez y Blanca Lara visitamos el Museo del Vidrio y Cristal, el 28 [&hellip;]","thumbnail_url":"https:\/\/www.eoimalaga.com\/web\/wp-content\/uploads\/2024\/01\/Logo-CIMA_max-calidad.png","thumbnail_width":1744,"thumbnail_height":810}

Página Oficial de la EOI de Málaga ::Los idiomas ponen el mundo a tus pies::

CIMA-ARTE-C1.1-2O24 - Página Oficial de la EOI de Málaga ::Los idiomas ponen el mundo a tus pies::

<blockquote class="wp-embedded-content" data-secret="UPu9jetpob"><a href="https://www.eoimalaga.com/web/cima-arte-c1-1-2o24/">CIMA-ARTE-C1.1-2O24</a></blockquote><iframe sandbox="allow-scripts" security="restricted" src="https://www.eoimalaga.com/web/cima-arte-c1-1-2o24/embed/#?secret=UPu9jetpob" width="600" height="338" title="«CIMA-ARTE-C1.1-2O24» — Página Oficial de la EOI de Málaga ::Los idiomas ponen el mundo a tus pies::" data-secret="UPu9jetpob" frameborder="0" marginwidth="0" marginheight="0" scrolling="no" class="wp-embedded-content"></iframe><script type="text/javascript">
/* <![CDATA[ */
/*! This file is auto-generated */
!function(d,l){"use strict";l.querySelector&&d.addEventListener&&"undefined"!=typeof URL&&(d.wp=d.wp||{},d.wp.receiveEmbedMessage||(d.wp.receiveEmbedMessage=function(e){var t=e.data;if((t||t.secret||t.message||t.value)&&!/[^a-zA-Z0-9]/.test(t.secret)){for(var s,r,n,a=l.querySelectorAll('iframe[data-secret="'+t.secret+'"]'),o=l.querySelectorAll('blockquote[data-secret="'+t.secret+'"]'),c=new RegExp("^https?:$","i"),i=0;i<o.length;i++)o[i].style.display="none";for(i=0;i<a.length;i++)s=a[i],e.source===s.contentWindow&&(s.removeAttribute("style"),"height"===t.message?(1e3<(r=parseInt(t.value,10))?r=1e3:~~r<200&&(r=200),s.height=r):"link"===t.message&&(r=new URL(s.getAttribute("src")),n=new URL(t.value),c.test(n.protocol))&&n.host===r.host&&l.activeElement===s&&(d.top.location.href=t.value))}},d.addEventListener("message",d.wp.receiveEmbedMessage,!1),l.addEventListener("DOMContentLoaded",function(){for(var e,t,s=l.querySelectorAll("iframe.wp-embedded-content"),r=0;r<s.length;r++)(t=(e=s[r]).getAttribute("data-secret"))||(t=Math.random().toString(36).substring(2,12),e.src+="#?secret="+t,e.setAttribute("data-secret",t)),e.contentWindow.postMessage({message:"ready",secret:t},"*")},!1)))}(window,document);
/* ]]> */
</script>

[vc_row][vc_column][vc_column_text css=»»] CURSO 24/25 [/vc_column_text][/vc_column][/vc_row][vc_row content_placement=»middle»][vc_column width=»1/3&#8243;][vc_column_text][/vc_column_text][/vc_column][vc_column width=»1/3&#8243;][vc_empty_space][vc_column_text] Arte y Cultura [/vc_column_text][/vc_column][vc_column width=»1/3&#8243;][vc_empty_space][vc_column_text] C1.1 [/vc_column_text][/vc_column][/vc_row][vc_row][vc_column][vc_empty_space][/vc_column][/vc_row][vc_row][vc_column width=»1/2&#8243;][vc_images_carousel images=»21075,21083,21082,21084,21073,21072,21070,21069,21067,21062,21061,21081,21063,21064&#8243; img_size=»medium» css=»»][/vc_column][vc_column width=»1/2&#8243;][vc_column_text css=»»]En una emblemática calle del casco antiguo el alumnado de C1.1 de inglés de las 17.15, CAPE C2, y alumnado de Ana Núñez y Blanca Lara visitamos el Museo del Vidrio y Cristal, el 28 [&hellip;]
