{"id":8547,"date":"2021-05-04T08:57:21","date_gmt":"2021-05-04T07:57:21","guid":{"rendered":"https:\/\/www.eoimalaga.com\/apps\/?page_id=8547"},"modified":"2026-04-27T16:36:17","modified_gmt":"2026-04-27T15:36:17","slug":"preinscrip_distancia","status":"publish","type":"page","link":"https:\/\/www.eoimalaga.com\/apps\/preinscrip\/preinscrip_distancia\/","title":{"rendered":"preinscrip_distancia"},"content":{"rendered":"<div class=\"wpb-content-wrapper\"><p>[vc_row content_placement=\u00bbmiddle\u00bb][vc_column width=\u00bb1\/4&#8243;][vc_column_text]<a href=\"https:\/\/www.eoimalaga.com\/web\/\" target=\"_blank\" rel=\"noopener noreferrer\"><img loading=\"lazy\" decoding=\"async\" class=\"aligncenter wp-image-8950\" src=\"https:\/\/www.eoimalaga.com\/apps\/wp-content\/uploads\/2022\/04\/imageedit_2_7034298555.png\" alt=\"\" width=\"180\" height=\"183\" \/><\/a>[\/vc_column_text][\/vc_column][vc_column width=\u00bb3\/4&#8243;][vc_column_text css=\u00bb.vc_custom_1777303832758{background-color: #403a3a !important;}\u00bb]1<\/p>\n<h1><\/h1>\n<h1 style=\"text-align: center;\"><span style=\"color: #ffffff;\">Escuela Oficial de Idiomas de M\u00c1LAGA<\/span><\/h1>\n<h1 style=\"text-align: center;\"><span style=\"color: #ffffff; font-size: 18pt;\">SOLICITUD DE PLAZA: <span style=\"color: #edbf47;\">Modalidad A DISTANCIA <\/span><\/span><\/h1>\n<h1 style=\"text-align: center;\"><span style=\"font-size: 18pt; color: #ffffff;\">1 &#8211; 20 DE MAYO de 2026<\/span><\/h1>\n<p>1[\/vc_column_text][\/vc_column][\/vc_row][vc_row][vc_column][vc_column_text css=\u00bb\u00bb]<\/p>\n<ul>\n<li style=\"text-align: justify;\"><span style=\"font-size: 13pt;\">Modalidad especialmente dirigida al alumnado adulto que no pueda asistir a clase presencial. <\/span><\/li>\n<li style=\"text-align: justify;\"><span style=\"font-size: 13pt;\">La modalidad es \u00edntegramente telem\u00e1tica. M\u00e1s informaci\u00f3n en <a href=\"https:\/\/www.eoimalaga.com\/web\/adistancia\/\" target=\"_blank\" rel=\"noopener noreferrer\">nuestra web<\/a> y en la <a href=\"https:\/\/www.juntadeandalucia.es\/educacion\/portales\/web\/educacion\/w\/a-distancia-1?redirect=%2Feducacion%2Fportales%2Fweb%2Feducacion%2Falumnado%2Fidiomas%2Fmodalidades-de-ensenanza\" target=\"_blank\" rel=\"noopener noreferrer\">p\u00e1gina<\/a> de la Consejer\u00eda de Educaci\u00f3n de la Junta de Andaluc\u00eda.<\/span><\/li>\n<li><span style=\"font-size: 13pt;\"><span style=\"font-size: 13pt;\">La Consejer\u00eda de Educaci\u00f3n oferta los siguientes idiomas y niveles:<\/span><\/span>\n<ul>\n<li><span style=\"font-size: 13pt;\">alem\u00e1n: A1-B2.2<\/span><\/li>\n<li><span style=\"font-size: 13pt;\">franc\u00e9s: A1-B2.2<\/span><\/li>\n<li><span style=\"font-size: 13pt;\">ingl\u00e9s: A1-C2<\/span><\/li>\n<li><span style=\"font-size: 13pt;\">portugu\u00e9s: A1, A2<\/span><\/li>\n<\/ul>\n<\/li>\n<li style=\"text-align: justify;\"><span style=\"font-size: 13pt;\">Desde nuestro centro se coordinan las ense\u00f1anzas de alem\u00e1n (B1, B2.1, B2.2), chino (A1, A2, B1).<\/span><\/li>\n<\/ul>\n<p>[\/vc_column_text][\/vc_column][\/vc_row][vc_row][vc_column][vc_tta_tour style=\u00bboutline\u00bb color=\u00bborange\u00bb active_section=\u00bb1&#8243;][vc_tta_section title=\u00bbPlazos\u00bb tab_id=\u00bb1745923488274-6efa7143-e259&#8243;][vc_column_text css=\u00bb\u00bb]<\/p>\n<p class=\"Estilo40 Estilo29 Estilo39\" style=\"text-align: center;\" align=\"center\"><span style=\"font-size: 24pt; color: #edbf47;\"><strong>SOLICITUD DE PLAZA\u00a0<\/strong><\/span><\/p>\n<p class=\"Estilo40\" style=\"text-align: center;\" align=\"center\"><span style=\"font-size: 24pt;\">1 &#8211; 20 de MAYO de 2026<\/span><\/p>\n<p>[\/vc_column_text][\/vc_tta_section][vc_tta_section title=\u00bbInstrucciones previas\u00bb tab_id=\u00bb1745923488308-60a0af04-ae8b\u00bb][vc_column_text css=\u00bb\u00bb]<span style=\"color: #ff9900;\"><strong>\u00bfQui\u00e9n tiene la obligatoriedad de solicitar plaza en ense\u00f1anza a distancia?<\/strong><\/span><\/p>\n<ul>\n<li>Todo el alumnado del centro ya matriculado durante el actual curso 2025\/26 en la modalidad a distancia que desee matricularse de nuevo en esta modalidad en 2026\/27 , tiene la obligatoriedad de volver a solicitar plaza para el curso 2026\/27.<\/li>\n<\/ul>\n<p><span style=\"color: #ff9900;\"><strong>\u00bfQui\u00e9n puede solicitar plaza en ense\u00f1anza a distancia?<\/strong><\/span><\/p>\n<ul>\n<li>Alumnado del centro ya matriculado durante el actual curso 2025\/26 en otra modalidad (presencial, CAL o semipresencial) y que quiera cambiar para el curso 2026\/27 a la modalidad a distancia en los niveles ofertados.<\/li>\n<li>Alumnado andaluz con inter\u00e9s en cursar los niveles ofertados.<\/li>\n<\/ul>\n<p><span style=\"color: #ff9900;\"><strong>Normativa vigente para alumnado con necesidades educativas especiales.<\/strong><\/span><\/p>\n<p><a href=\"https:\/\/www.eoimalaga.com\/web\/dofei\/\">El alumnado con necesidades educativas especiales debe consultar la siguiente informaci\u00f3n<\/a>.<\/p>\n<p class=\"Estilo29 Estilo39\"><span style=\"color: #ff9900;\"><strong>Atenci\u00f3n, a tener en cuenta:<\/strong><\/span><\/p>\n<ul>\n<li>Deber\u00e1 solicitar plaza a trav\u00e9s de la <a href=\"https:\/\/www.juntadeandalucia.es\/educacion\/secretariavirtual\/accesoTramite\/224\/\" target=\"_blank\" rel=\"noopener noreferrer\">Secretar\u00eda Virtual<\/a> y seguir los pasos marcados.<\/li>\n<li><span class=\"Estilo17\">S\u00f3lo podr\u00e1 presentar: <\/span>\n<ul>\n<li class=\"Estilo29 Estilo39\"><strong><span class=\"Estilo17\">una \u00fanica solicitud.<\/span><\/strong><\/li>\n<li class=\"Estilo29 Estilo39\"><strong><span class=\"Estilo17\">en un \u00fanico idioma, curso, modalidad y turno de los ofertados.<\/span><\/strong><\/li>\n<li class=\"Estilo29 Estilo39\"><span class=\"Estilo17\">y <strong>en una \u00fanica escuela.<\/strong><\/span><\/li>\n<\/ul>\n<\/li>\n<li><span class=\"Estilo17\">Este tr\u00e1mite es <strong>s\u00f3lo<\/strong> una solicitud de plaza, <strong>NO una matr\u00edcula<\/strong>. <\/span>\n<ul>\n<li><span class=\"Estilo17\"><strong>Sabr\u00e1 si est\u00e1 admitido<\/strong> en la fecha prevista en \u00abPublicaci\u00f3n de listas de admitidos y no admitidos\u00bb del calendario de actuaci\u00f3n,<\/span><\/li>\n<\/ul>\n<\/li>\n<li><span class=\"Estilo17\">Deber\u00e1 realizar su matr\u00edcula <strong>en las fechas de julio<\/strong> anunciadas en el <strong>calendario de actuaci\u00f3n<\/strong><\/span><\/li>\n<li><span class=\"Estilo17\"><strong>Si no realiza su matr\u00edcula en julio<\/strong>,\u00a0 <strong>no podemos garantizarle una plaza<\/strong> en septiembre, y en cualquier caso, en septiembre tendr\u00e1 prioridad el alumnado del centro que:<\/span>\n<ul>\n<li><span class=\"Estilo17\"> no haya superado el curso en junio, apruebe las partes pendientes del examen y promocione al curso superior.<\/span><\/li>\n<li>no haya superado el curso en junio, no apruebe o no se presente a las partes pendientes del examen y repita el mismo curso.<\/li>\n<\/ul>\n<\/li>\n<li><span class=\"Estilo17\">Si ya es alumno\/a del centro y q<strong>uiere cambiar de modalidad (Presencial- Semipresencial<\/strong> ) para el curso pr\u00f3ximo, <strong>debe presentar su solicitud de plaza para la nueva modalidad ahora.<\/strong><\/span><\/li>\n<\/ul>\n<p>[\/vc_column_text][\/vc_tta_section][vc_tta_section title=\u00bbOferta de plazas\u00bb tab_id=\u00bb1745923488343-4df4386c-8dca\u00bb][vc_column_text css=\u00bb\u00bb]<\/p>\n<p class=\"Estilo40\"><span style=\"color: #ff9900;\"><strong>Idiomas que se imparten desde la EOI M\u00e1laga<\/strong><\/span><\/p>\n<table style=\"height: 165px; width: 94.1209%; background-color: ##005168;\" border=\"2\" cellspacing=\"2\">\n<tbody>\n<tr style=\"height: 10px;\" bgcolor=\"#FFFF99\">\n<td style=\"width: 11.5318%; height: 10px;\" height=\"61\">\n<div class=\"Estilo55\" align=\"center\"><strong>IDIOMA<\/strong><\/div>\n<\/td>\n<td style=\"width: 8.60585%; height: 10px;\">\n<div class=\"Estilo55\" align=\"center\">\n<p><strong><span style=\"font-size: 10pt;\">B\u00e1sico <\/span><span style=\"font-size: 10pt;\">A1<\/span><\/strong><\/p>\n<\/div>\n<\/td>\n<td style=\"width: 9.83947%; height: 10px;\">\n<div class=\"Estilo55\" align=\"center\">\n<p><strong><span style=\"font-size: 10pt;\">B\u00e1sico <\/span><span style=\"font-size: 10pt;\">A2<\/span><\/strong><\/p>\n<\/div>\n<\/td>\n<td style=\"width: 13.2242%; height: 10px;\">\n<p class=\"Estilo71\" align=\"center\"><strong><span style=\"font-size: 10pt;\">Intermedio\u00a0<\/span><span style=\"font-size: 10pt;\">B1<\/span><\/strong><\/p>\n<\/td>\n<td style=\"width: 14.4578%; height: 10px;\">\n<div class=\"Estilo55\" align=\"center\">\n<p><strong><span style=\"font-size: 10pt;\">Intermedio\u00a0<\/span><span style=\"font-size: 10pt;\">B2-1<\/span><\/strong><\/p>\n<\/div>\n<\/td>\n<td style=\"width: 14.8021%; height: 10px;\">\n<p class=\"Estilo55\" align=\"center\"><strong><span style=\"font-size: 10pt;\">Intermedio\u00a0<\/span><span style=\"font-size: 10pt;\">B2-2<\/span><\/strong><\/p>\n<\/td>\n<td style=\"width: 12.7367%; height: 10px;\">\n<div class=\"Estilo55\" align=\"center\">\n<p><strong><span style=\"font-size: 10pt;\">Avanzado\u00a0<\/span><span style=\"font-size: 10pt;\">C1-1<\/span><\/strong><\/p>\n<\/div>\n<\/td>\n<td style=\"width: 26.0099%; height: 10px;\">\n<div class=\"Estilo55\" align=\"center\">\n<p><strong><span style=\"font-size: 10pt;\">Avanzado\u00a0<\/span><span style=\"font-size: 10pt;\">C1-2<\/span><\/strong><\/p>\n<\/div>\n<\/td>\n<\/tr>\n<tr style=\"height: 21px;\">\n<td style=\"width: 11.5318%; height: 21px; background-color: #7030a0; text-align: center;\" bgcolor=\"#FF0000\"><span style=\"color: #ffffff;\"><strong>Chino<\/strong><\/span><\/td>\n<td style=\"width: 8.60585%; height: 21px; text-align: center;\">50<\/td>\n<td style=\"width: 9.83947%; height: 21px; text-align: center;\">25<\/td>\n<td style=\"width: 13.2242%; height: 21px; text-align: center;\">15<\/td>\n<td style=\"width: 14.4578%; height: 21px; text-align: center;\">&#8211;<\/td>\n<td style=\"width: 14.8021%; height: 21px; text-align: center;\">&#8211;<\/td>\n<td style=\"width: 12.7367%; height: 21px; text-align: center;\">\n<div class=\"Estilo71\" align=\"center\">&#8211;<\/div>\n<\/td>\n<td style=\"width: 26.0099%; height: 21px; text-align: center;\">\u00a0&#8211;<\/td>\n<\/tr>\n<tr style=\"height: 21px;\">\n<td style=\"width: 11.5318%; height: 21px; background-color: #005168; text-align: center;\" bgcolor=\"#0000FF\"><strong><span class=\"Estilo48\" style=\"color: #ffffff;\">Alem\u00e1n<\/span><\/strong><\/td>\n<td style=\"width: 8.60585%; height: 21px; text-align: center;\">&#8211;<\/td>\n<td style=\"width: 9.83947%; height: 21px; text-align: center;\">&#8211;<\/td>\n<td style=\"width: 13.2242%; height: 21px; text-align: center;\">40<\/td>\n<td style=\"width: 14.4578%; height: 21px; text-align: center;\">30<\/td>\n<td style=\"width: 14.8021%; height: 21px; text-align: center;\">20<\/td>\n<td style=\"width: 12.7367%; height: 21px; text-align: center;\">\n<div class=\"Estilo81\" align=\"center\">&#8211;<\/div>\n<\/td>\n<td style=\"width: 26.0099%; height: 21px; text-align: center;\">\u00a0&#8211;<\/td>\n<\/tr>\n<\/tbody>\n<\/table>\n<p><span style=\"color: #ff9900;\"><strong>Otros idiomas\u00a0<\/strong><\/span><\/p>\n<p><span style=\"font-size: 12pt;\">La Junta de Andaluc\u00eda oferta adem\u00e1s franc\u00e9s, ingl\u00e9s y portugu\u00e9s. <\/span><\/p>\n<p><span style=\"font-size: 12pt;\">Dichos idiomas se coordinan desde otros centros, pero el proceso de admisi\u00f3n es el mismo y pueden optar a esas plazas todos las personas interesadas sea cual sea su localidad de residencia.<\/span>[\/vc_column_text][\/vc_tta_section][vc_tta_section title=\u00bbRequisitos\u00bb tab_id=\u00bb1745923488374-7efd39be-c8a6&#8243;][vc_column_text css=\u00bb\u00bb]<\/p>\n<p class=\"Estilo40\"><span style=\"color: #ff9900;\"><strong>Requisitos<\/strong><\/span><\/p>\n<p class=\"Estilo63\"><span style=\"color: #ff9900;\"><em>3.1. Requisitos generales<\/em><\/span><\/p>\n<ul>\n<li>Para acceder a la modalidad\u00a0<strong>a distancia<\/strong> se requerir\u00e1 ser mayor de 18 a\u00f1os o cumplirlos en el a\u00f1o natural en que comience el curso acad\u00e9mico y adem\u00e1s tener la <a href=\"https:\/\/app.congreso.es\/consti\/estatutos\/estatutos.jsp?com=63&amp;tipo=2&amp;ini=1&amp;fin=11&amp;ini_sub=1&amp;fin_sub=1\" target=\"_blank\" rel=\"noopener\"><strong>condici\u00f3n de andaluz<\/strong><\/a>\u00a0(tener la vecindad administrativa, es decir, estar empadronado en cualquier municipio de Andaluc\u00eda) o la\u00a0<strong>condici\u00f3n de andaluz en el extranjero,<\/strong>\u00a0seg\u00fan lo recogido en el <a href=\"https:\/\/app.congreso.es\/consti\/estatutos\/estatutos.jsp?com=63&amp;tipo=2&amp;ini=1&amp;fin=11&amp;ini_sub=1&amp;fin_sub=1\" target=\"_blank\" rel=\"noopener\">art\u00edculo 6 del Estatuto de Autonom\u00eda para Andaluc\u00eda<\/a>.<\/li>\n<li>Excepcionalmente podr\u00e1n acceder las personas mayores de diecis\u00e9is a\u00f1os que se encuentren en alguna de las siguientes circunstancias:\n<ul>\n<li>Ser persona trabajadora por cuenta propia o ajena que no puedan acudir a los centros educativos en modalidad presencial.<\/li>\n<li>Ser deportista de rendimiento de Andaluc\u00eda o de alto rendimiento o alto nivel.<\/li>\n<li>Encontrarse en situaci\u00f3n personal extraordinaria de enfermedad, discapacidad, o cualquier otra situaci\u00f3n que impida cursar ense\u00f1anzas en modalidad presencial.<\/li>\n<\/ul>\n<\/li>\n<\/ul>\n<p class=\"Estilo17\" align=\"justify\"><span style=\"color: #ff9900;\"><em><span class=\"Estilo55\">3.2. Requisitos acad\u00e9micos <\/span><\/em><\/span><\/p>\n<p class=\"Estilo69\" align=\"justify\"><a href=\"https:\/\/www.eoimalaga.com\/apps\/central\/requiacad\/requiacad_distancia\/\" target=\"_blank\" rel=\"noopener noreferrer\">Consulte los requisitos correspondientes al idioma y nivel para el que solicita plaza.<\/a><\/p>\n<p>Esta acreditaci\u00f3n acad\u00e9mica debe adjuntarla a su solicitud en la Secretar\u00eda Virtual.[\/vc_column_text][\/vc_tta_section][vc_tta_section title=\u00bbDocumentaci\u00f3n\u00bb tab_id=\u00bb1745923488406-390fa8db-8a40&#8243;][vc_column_text]<\/p>\n<p class=\"Estilo40\"><span style=\"color: #ff9900;\"><strong>Documentaci\u00f3n<\/strong><\/span><\/p>\n<p>Recuerde que si est\u00e1 interesado en acceder a un curso superior a A1 tiene que estar en posesi\u00f3n de ciertos <a href=\"https:\/\/www.eoimalaga.com\/apps\/central\/requiacad\/requiacad_distancia\/\" target=\"_blank\" rel=\"noopener noreferrer\">requisitos acad\u00e9micos<\/a> o realizar una Prueba Inicial de Clasificaci\u00f3n (PIC).<\/p>\n<p>Las pruebas PIC s\u00f3lo las realizar\u00e1n los solicitantes admitidos. Las fechas se anunciar\u00e1n antes del inicio del proceso de matriculaci\u00f3n.[\/vc_column_text][\/vc_tta_section][vc_tta_section title=\u00bbCriterios de admisi\u00f3n\u00bb tab_id=\u00bb1745923488436-37e3a4a7-d3d1&#8243;][vc_column_text]<span style=\"color: #ff9900;\"><strong>Criterios de admisi\u00f3n <\/strong><\/span><\/p>\n<p>Si no podemos ofrecer plazas suficientes para atender todas las solicitudes, se aplicar\u00e1n estas prioridades establecidas en el art\u00edculo 20 del citado Decreto 359\/2011, de 7 de diciembre:<\/p>\n<ul style=\"list-style-type: disc;\">\n<li>Las plazas escolares se adjudicar\u00e1n en funci\u00f3n de la menor renta anual per c\u00e1pita de la unidad familiar a la que pertenezca el alumno o alumna.<\/li>\n<li>Se reserva el 5% de las plazas ofertadas para personas discapacitadas con al menos un 33% diagnosticado.<\/li>\n<\/ul>\n<p>[\/vc_column_text][\/vc_tta_section][vc_tta_section title=\u00bbAcreditaci\u00f3n de m\u00e9ritos\u00bb tab_id=\u00bb1745923488470-6379dfb3-adbf\u00bb][vc_column_text]<\/p>\n<p class=\"Estilo40\"><span style=\"color: #ff9900;\"><strong>Acreditaci\u00f3n de los criterios de admisi\u00f3n<\/strong><\/span><\/p>\n<p>Siga los pasos indicados en la <a href=\"https:\/\/www.juntadeandalucia.es\/educacion\/secretariavirtual\/accesoTramite\/224\/\" target=\"_blank\" rel=\"noopener noreferrer\">Secretar\u00eda Virtual<\/a> para acreditar su situaci\u00f3n.[\/vc_column_text][\/vc_tta_section][vc_tta_section title=\u00bbEntrega de la documentaci\u00f3n\u00bb tab_id=\u00bb1745923488499-be05bb48-60cf\u00bb][vc_column_text css=\u00bb\u00bb]<\/p>\n<p class=\"Estilo40\"><span style=\"color: #ff9900;\"><strong>Entrega de la documentaci\u00f3n<\/strong><\/span><\/p>\n<p style=\"text-align: left;\" align=\"justify\">La documentaci\u00f3n para la modalidad a distancia debe subirse entre el 1 y el 20 de mayo a la <a href=\"https:\/\/www.juntadeandalucia.es\/educacion\/secretariavirtual\/accesoTramite\/224\/\" target=\"_blank\" rel=\"noopener\">Secretar\u00eda Virtual<\/a>.<\/p>\n<p>[\/vc_column_text][\/vc_tta_section][\/vc_tta_tour][\/vc_column][\/vc_row]<\/p>\n<\/div>","protected":false},"excerpt":{"rendered":"<p>[vc_row content_placement=\u00bbmiddle\u00bb][vc_column width=\u00bb1\/4&#8243;][vc_column_text][\/vc_column_text][\/vc_column][vc_column width=\u00bb3\/4&#8243;][vc_column_text css=\u00bb.vc_custom_1777303832758{background-color: #403a3a !important;}\u00bb]1 Escuela Oficial de Idiomas de M\u00c1LAGA SOLICITUD DE PLAZA: Modalidad A DISTANCIA 1 &#8211; 20 DE MAYO de 2026 1[\/vc_column_text][\/vc_column][\/vc_row][vc_row][vc_column][vc_column_text css=\u00bb\u00bb] Modalidad especialmente dirigida al alumnado adulto que no pueda asistir a clase presencial. La modalidad es \u00edntegramente telem\u00e1tica. M\u00e1s informaci\u00f3n en nuestra web y en la p\u00e1gina [&hellip;]<\/p>\n","protected":false},"author":12,"featured_media":0,"parent":7503,"menu_order":0,"comment_status":"closed","ping_status":"closed","template":"","meta":{"footnotes":""},"class_list":["post-8547","page","type-page","status-publish","hentry"],"_links":{"self":[{"href":"https:\/\/www.eoimalaga.com\/apps\/wp-json\/wp\/v2\/pages\/8547","targetHints":{"allow":["GET"]}}],"collection":[{"href":"https:\/\/www.eoimalaga.com\/apps\/wp-json\/wp\/v2\/pages"}],"about":[{"href":"https:\/\/www.eoimalaga.com\/apps\/wp-json\/wp\/v2\/types\/page"}],"author":[{"embeddable":true,"href":"https:\/\/www.eoimalaga.com\/apps\/wp-json\/wp\/v2\/users\/12"}],"replies":[{"embeddable":true,"href":"https:\/\/www.eoimalaga.com\/apps\/wp-json\/wp\/v2\/comments?post=8547"}],"version-history":[{"count":58,"href":"https:\/\/www.eoimalaga.com\/apps\/wp-json\/wp\/v2\/pages\/8547\/revisions"}],"predecessor-version":[{"id":10524,"href":"https:\/\/www.eoimalaga.com\/apps\/wp-json\/wp\/v2\/pages\/8547\/revisions\/10524"}],"up":[{"embeddable":true,"href":"https:\/\/www.eoimalaga.com\/apps\/wp-json\/wp\/v2\/pages\/7503"}],"wp:attachment":[{"href":"https:\/\/www.eoimalaga.com\/apps\/wp-json\/wp\/v2\/media?parent=8547"}],"curies":[{"name":"wp","href":"https:\/\/api.w.org\/{rel}","templated":true}]}}