{"id":7245,"date":"2019-05-02T11:14:17","date_gmt":"2019-05-02T10:14:17","guid":{"rendered":"http:\/\/www.eoimalaga.com\/apps\/?page_id=7245"},"modified":"2023-12-22T13:34:38","modified_gmt":"2023-12-22T12:34:38","slug":"meritos_desempleado","status":"publish","type":"page","link":"https:\/\/www.eoimalaga.com\/apps\/meritos_desempleado\/","title":{"rendered":"meritos_desempleado"},"content":{"rendered":"<h3 class=\"Estilo52\"><strong>Acreditaci\u00f3n de la situaci\u00f3n de DESEMPLEADO.<\/strong><\/h3>\n<p class=\"Estilo17\" align=\"justify\">1. Se considerara que una persona est\u00e1 desempleada cuando no est\u00e9 realizando actividad laboral alguna, por cuenta propia o ajena, <strong>y est\u00e9 inscrito como demandante de empleo en cualquier oficina del Servicio Andaluz de Empleo<\/strong>.<\/p>\n<p class=\"Estilo17\" align=\"justify\">2. La persona solicitante deber\u00e1 aportar la correspondiente certificaci\u00f3n emitida por el Servicio Andaluz de Empleo en la que conste, expresamente, la fecha inicial de demanda de empleo y que contin\u00faa en la misma situaci\u00f3n en el momento de la emisi\u00f3n.<\/p>\n<div class=\"Estilo17\" align=\"justify\">\n<p>3. Los solicitantes deber\u00e1n marcar las casillas correspondientes en el apartado 4 del Impreso de solicitud.<\/p>\n<p>No obstante lo anterior, se advierte de que aquellas personas que en el momento de solicitar plaza no est\u00e9n en posesi\u00f3n de, como m\u00ednimo, el certificado de ESO (o equivalente en sistemas anteriores), ser\u00e1n autom\u00e1ticamente adscritas al grupo 5 de los relacionados en el punto 5. Criterios de admisi\u00f3n de este programa de ayuda.<\/p>\n<p>&nbsp;<\/p>\n<\/div>\n","protected":false},"excerpt":{"rendered":"<p>Acreditaci\u00f3n de la situaci\u00f3n de DESEMPLEADO. 1. Se considerara que una persona est\u00e1 desempleada cuando no est\u00e9 realizando actividad laboral alguna, por cuenta propia o ajena, y est\u00e9 inscrito como demandante de empleo en cualquier oficina del Servicio Andaluz de Empleo. 2. La persona solicitante deber\u00e1 aportar la correspondiente certificaci\u00f3n emitida por el Servicio Andaluz [&hellip;]<\/p>\n","protected":false},"author":11,"featured_media":0,"parent":0,"menu_order":0,"comment_status":"closed","ping_status":"closed","template":"","meta":{"footnotes":""},"class_list":["post-7245","page","type-page","status-publish","hentry"],"_links":{"self":[{"href":"https:\/\/www.eoimalaga.com\/apps\/wp-json\/wp\/v2\/pages\/7245","targetHints":{"allow":["GET"]}}],"collection":[{"href":"https:\/\/www.eoimalaga.com\/apps\/wp-json\/wp\/v2\/pages"}],"about":[{"href":"https:\/\/www.eoimalaga.com\/apps\/wp-json\/wp\/v2\/types\/page"}],"author":[{"embeddable":true,"href":"https:\/\/www.eoimalaga.com\/apps\/wp-json\/wp\/v2\/users\/11"}],"replies":[{"embeddable":true,"href":"https:\/\/www.eoimalaga.com\/apps\/wp-json\/wp\/v2\/comments?post=7245"}],"version-history":[{"count":5,"href":"https:\/\/www.eoimalaga.com\/apps\/wp-json\/wp\/v2\/pages\/7245\/revisions"}],"predecessor-version":[{"id":9682,"href":"https:\/\/www.eoimalaga.com\/apps\/wp-json\/wp\/v2\/pages\/7245\/revisions\/9682"}],"wp:attachment":[{"href":"https:\/\/www.eoimalaga.com\/apps\/wp-json\/wp\/v2\/media?parent=7245"}],"curies":[{"name":"wp","href":"https:\/\/api.w.org\/{rel}","templated":true}]}}

<h3 class="Estilo52"><strong>Acreditación de la situación de DESEMPLEADO.</strong></h3>
<p class="Estilo17" align="justify">1. Se considerara que una persona está desempleada cuando no esté realizando actividad laboral alguna, por cuenta propia o ajena, <strong>y esté inscrito como demandante de empleo en cualquier oficina del Servicio Andaluz de Empleo</strong>.</p>
<p class="Estilo17" align="justify">2. La persona solicitante deberá aportar la correspondiente certificación emitida por el Servicio Andaluz de Empleo en la que conste, expresamente, la fecha inicial de demanda de empleo y que continúa en la misma situación en el momento de la emisión.</p>
<div class="Estilo17" align="justify">
<p>3. Los solicitantes deberán marcar las casillas correspondientes en el apartado 4 del Impreso de solicitud.</p>
<p>No obstante lo anterior, se advierte de que aquellas personas que en el momento de solicitar plaza no estén en posesión de, como mínimo, el certificado de ESO (o equivalente en sistemas anteriores), serán automáticamente adscritas al grupo 5 de los relacionados en el punto 5. Criterios de admisión de este programa de ayuda.</p>
<p>&nbsp;</p>
</div>

<p>Acreditación de la situación de DESEMPLEADO. 1. Se considerara que una persona está desempleada cuando no esté realizando actividad laboral alguna, por cuenta propia o ajena, y esté inscrito como demandante de empleo en cualquier oficina del Servicio Andaluz de Empleo. 2. La persona solicitante deberá aportar la correspondiente certificación emitida por el Servicio Andaluz [&hellip;]</p>
