{"id":7243,"date":"2019-05-02T11:13:09","date_gmt":"2019-05-02T10:13:09","guid":{"rendered":"http:\/\/www.eoimalaga.com\/apps\/?page_id=7243"},"modified":"2025-12-19T11:41:44","modified_gmt":"2025-12-19T10:41:44","slug":"meritos_renta","status":"publish","type":"page","link":"https:\/\/www.eoimalaga.com\/apps\/meritos_renta\/","title":{"rendered":"meritos_renta"},"content":{"rendered":"<h3 align=\"justify\"><strong>Acreditaci\u00f3n de la RENTA ANUAL FAMILIAR<\/strong><\/h3>\n<p class=\"Estilo17\" align=\"justify\">1. La unidad familiar a tener en cuenta ser\u00e1 aquella a la que pertenec\u00eda el alumno o la alumna a fecha 31 de diciembre de 2024.<\/p>\n<p class=\"Estilo17\" align=\"justify\">2. La renta anual se obtendr\u00e1 por agregaci\u00f3n de las rentas de cada uno de los miembros de la unidad familiar que obtengan ingresos de cualquier naturaleza correspondientes al ejercicio fiscal al que se refiere el apartado anterior. La renta anual per c\u00e1pita de la unidad familiar se obtendr\u00e1 dividiendo la renta anual de la unidad familiar entre el n\u00famero de miembros que la componen.<\/p>\n<p class=\"Estilo17\" align=\"justify\">3. Previa autorizaci\u00f3n de los interesados, la informaci\u00f3n de car\u00e1cter tributario que se precise para la acreditaci\u00f3n de la renta anual de la unidad familiar ser\u00e1 suministrada directamente a la Consejer\u00eda competente en materia de educaci\u00f3n por la Administraci\u00f3n tributaria competente, a trav\u00e9s de medios inform\u00e1ticos o telem\u00e1ticos, en el marco general de colaboraci\u00f3n entre Administraciones en materia de suministro de informaci\u00f3n para finalidades no tributarias. Cuando a trav\u00e9s del indicado marco de colaboraci\u00f3n la Comunidad Aut\u00f3noma pueda disponer de dicha informaci\u00f3n, no se exigir\u00e1 a las personas interesadas que aporten individualmente certificaciones expedidas por la Administraci\u00f3n tributaria, ni la presentaci\u00f3n en original, copia o certificaci\u00f3n de sus declaraciones tributarias, debiendo presentar en su lugar declaraci\u00f3n responsable de que cumplen las obligaciones se\u00f1aladas, as\u00ed como autorizaci\u00f3n expresa para que la Administraci\u00f3n tributaria suministre la informaci\u00f3n.<\/p>\n<p class=\"Estilo17\" align=\"justify\">4. En caso de que la Administraci\u00f3n tributaria no disponga de la informaci\u00f3n de car\u00e1cter tributario que se precise para la acreditaci\u00f3n de la renta anual, la persona solicitante deber\u00e1 aportar una certificaci\u00f3n de haberes, declaraci\u00f3n responsable o cualquier otro documento acreditativo de cada una de las personas de la unidad familiar.<\/p>\n<p class=\"Estilo17\" align=\"justify\">5. Los solicitantes deber\u00e1n marcar la casilla correspondientes en el apartado 5 del Impreso de solicitud. Asimismo, deber\u00e1n obligatoriamente cumplimentar el apartado 3.5. donde se consignar\u00e1 el n\u00famero de miembros de la unidad familiar.<\/p>\n","protected":false},"excerpt":{"rendered":"<p>Acreditaci\u00f3n de la RENTA ANUAL FAMILIAR 1. La unidad familiar a tener en cuenta ser\u00e1 aquella a la que pertenec\u00eda el alumno o la alumna a fecha 31 de diciembre de 2024. 2. La renta anual se obtendr\u00e1 por agregaci\u00f3n de las rentas de cada uno de los miembros de la unidad familiar que obtengan [&hellip;]<\/p>\n","protected":false},"author":11,"featured_media":0,"parent":0,"menu_order":0,"comment_status":"closed","ping_status":"closed","template":"","meta":{"footnotes":""},"class_list":["post-7243","page","type-page","status-publish","hentry"],"_links":{"self":[{"href":"https:\/\/www.eoimalaga.com\/apps\/wp-json\/wp\/v2\/pages\/7243","targetHints":{"allow":["GET"]}}],"collection":[{"href":"https:\/\/www.eoimalaga.com\/apps\/wp-json\/wp\/v2\/pages"}],"about":[{"href":"https:\/\/www.eoimalaga.com\/apps\/wp-json\/wp\/v2\/types\/page"}],"author":[{"embeddable":true,"href":"https:\/\/www.eoimalaga.com\/apps\/wp-json\/wp\/v2\/users\/11"}],"replies":[{"embeddable":true,"href":"https:\/\/www.eoimalaga.com\/apps\/wp-json\/wp\/v2\/comments?post=7243"}],"version-history":[{"count":5,"href":"https:\/\/www.eoimalaga.com\/apps\/wp-json\/wp\/v2\/pages\/7243\/revisions"}],"predecessor-version":[{"id":10422,"href":"https:\/\/www.eoimalaga.com\/apps\/wp-json\/wp\/v2\/pages\/7243\/revisions\/10422"}],"wp:attachment":[{"href":"https:\/\/www.eoimalaga.com\/apps\/wp-json\/wp\/v2\/media?parent=7243"}],"curies":[{"name":"wp","href":"https:\/\/api.w.org\/{rel}","templated":true}]}}

<h3 align="justify"><strong>Acreditación de la RENTA ANUAL FAMILIAR</strong></h3>
<p class="Estilo17" align="justify">1. La unidad familiar a tener en cuenta será aquella a la que pertenecía el alumno o la alumna a fecha 31 de diciembre de 2024.</p>
<p class="Estilo17" align="justify">2. La renta anual se obtendrá por agregación de las rentas de cada uno de los miembros de la unidad familiar que obtengan ingresos de cualquier naturaleza correspondientes al ejercicio fiscal al que se refiere el apartado anterior. La renta anual per cápita de la unidad familiar se obtendrá dividiendo la renta anual de la unidad familiar entre el número de miembros que la componen.</p>
<p class="Estilo17" align="justify">3. Previa autorización de los interesados, la información de carácter tributario que se precise para la acreditación de la renta anual de la unidad familiar será suministrada directamente a la Consejería competente en materia de educación por la Administración tributaria competente, a través de medios informáticos o telemáticos, en el marco general de colaboración entre Administraciones en materia de suministro de información para finalidades no tributarias. Cuando a través del indicado marco de colaboración la Comunidad Autónoma pueda disponer de dicha información, no se exigirá a las personas interesadas que aporten individualmente certificaciones expedidas por la Administración tributaria, ni la presentación en original, copia o certificación de sus declaraciones tributarias, debiendo presentar en su lugar declaración responsable de que cumplen las obligaciones señaladas, así como autorización expresa para que la Administración tributaria suministre la información.</p>
<p class="Estilo17" align="justify">4. En caso de que la Administración tributaria no disponga de la información de carácter tributario que se precise para la acreditación de la renta anual, la persona solicitante deberá aportar una certificación de haberes, declaración responsable o cualquier otro documento acreditativo de cada una de las personas de la unidad familiar.</p>
<p class="Estilo17" align="justify">5. Los solicitantes deberán marcar la casilla correspondientes en el apartado 5 del Impreso de solicitud. Asimismo, deberán obligatoriamente cumplimentar el apartado 3.5. donde se consignará el número de miembros de la unidad familiar.</p>

<p>Acreditación de la RENTA ANUAL FAMILIAR 1. La unidad familiar a tener en cuenta será aquella a la que pertenecía el alumno o la alumna a fecha 31 de diciembre de 2024. 2. La renta anual se obtendrá por agregación de las rentas de cada uno de los miembros de la unidad familiar que obtengan [&hellip;]</p>
