{"id":7241,"date":"2019-05-02T11:11:45","date_gmt":"2019-05-02T10:11:45","guid":{"rendered":"http:\/\/www.eoimalaga.com\/apps\/?page_id=7241"},"modified":"2021-04-28T10:15:27","modified_gmt":"2021-04-28T09:15:27","slug":"meritos_discapacidad","status":"publish","type":"page","link":"https:\/\/www.eoimalaga.com\/apps\/meritos_discapacidad\/","title":{"rendered":"meritos_discapacidad"},"content":{"rendered":"<h3 class=\"Estilo52\"><strong>Acreditaci\u00f3n de la situaci\u00f3n de DISCAPACIDAD.<\/strong><\/h3>\n<p class=\"Estilo17\" align=\"justify\">1. Solo se podr\u00e1 acceder a la reserva de plazas para alumnado discapacitado cuando la persona solicitante tenga reconocido un grado de discapacidad igual o superior al 33%.<\/p>\n<p class=\"Estilo17\" align=\"justify\">2. La persona solicitante <strong>deber\u00e1 aportar el correspondiente certificado del dictamen sobre el grado de discapacidad <\/strong>emitido por el \u00f3rgano competente de la Administraci\u00f3n de la Junta de Andaluc\u00eda o, en su caso, de otras Administraciones P\u00fablicas.<\/p>\n<p class=\"Estilo17\" align=\"justify\">4. Los solicitantes deber\u00e1n marcar la casilla correspondientes en apartado 4 del impreso de solicitud.<\/p>\n","protected":false},"excerpt":{"rendered":"<p>Acreditaci\u00f3n de la situaci\u00f3n de DISCAPACIDAD. 1. Solo se podr\u00e1 acceder a la reserva de plazas para alumnado discapacitado cuando la persona solicitante tenga reconocido un grado de discapacidad igual o superior al 33%. 2. La persona solicitante deber\u00e1 aportar el correspondiente certificado del dictamen sobre el grado de discapacidad emitido por el \u00f3rgano competente [&hellip;]<\/p>\n","protected":false},"author":11,"featured_media":0,"parent":0,"menu_order":0,"comment_status":"closed","ping_status":"closed","template":"","meta":{"footnotes":""},"class_list":["post-7241","page","type-page","status-publish","hentry"],"_links":{"self":[{"href":"https:\/\/www.eoimalaga.com\/apps\/wp-json\/wp\/v2\/pages\/7241","targetHints":{"allow":["GET"]}}],"collection":[{"href":"https:\/\/www.eoimalaga.com\/apps\/wp-json\/wp\/v2\/pages"}],"about":[{"href":"https:\/\/www.eoimalaga.com\/apps\/wp-json\/wp\/v2\/types\/page"}],"author":[{"embeddable":true,"href":"https:\/\/www.eoimalaga.com\/apps\/wp-json\/wp\/v2\/users\/11"}],"replies":[{"embeddable":true,"href":"https:\/\/www.eoimalaga.com\/apps\/wp-json\/wp\/v2\/comments?post=7241"}],"version-history":[{"count":2,"href":"https:\/\/www.eoimalaga.com\/apps\/wp-json\/wp\/v2\/pages\/7241\/revisions"}],"predecessor-version":[{"id":8454,"href":"https:\/\/www.eoimalaga.com\/apps\/wp-json\/wp\/v2\/pages\/7241\/revisions\/8454"}],"wp:attachment":[{"href":"https:\/\/www.eoimalaga.com\/apps\/wp-json\/wp\/v2\/media?parent=7241"}],"curies":[{"name":"wp","href":"https:\/\/api.w.org\/{rel}","templated":true}]}}

<h3 class="Estilo52"><strong>Acreditación de la situación de DISCAPACIDAD.</strong></h3>
<p class="Estilo17" align="justify">1. Solo se podrá acceder a la reserva de plazas para alumnado discapacitado cuando la persona solicitante tenga reconocido un grado de discapacidad igual o superior al 33%.</p>
<p class="Estilo17" align="justify">2. La persona solicitante <strong>deberá aportar el correspondiente certificado del dictamen sobre el grado de discapacidad </strong>emitido por el órgano competente de la Administración de la Junta de Andalucía o, en su caso, de otras Administraciones Públicas.</p>
<p class="Estilo17" align="justify">4. Los solicitantes deberán marcar la casilla correspondientes en apartado 4 del impreso de solicitud.</p>

<p>Acreditación de la situación de DISCAPACIDAD. 1. Solo se podrá acceder a la reserva de plazas para alumnado discapacitado cuando la persona solicitante tenga reconocido un grado de discapacidad igual o superior al 33%. 2. La persona solicitante deberá aportar el correspondiente certificado del dictamen sobre el grado de discapacidad emitido por el órgano competente [&hellip;]</p>
