{"id":7236,"date":"2019-05-02T11:08:22","date_gmt":"2019-05-02T10:08:22","guid":{"rendered":"http:\/\/www.eoimalaga.com\/apps\/?page_id=7236"},"modified":"2024-05-02T10:01:00","modified_gmt":"2024-05-02T09:01:00","slug":"meritos_empleado","status":"publish","type":"page","link":"https:\/\/www.eoimalaga.com\/apps\/meritos_empleado\/","title":{"rendered":"meritos_empleado"},"content":{"rendered":"<h3 class=\"Estilo52\"><strong>Acreditaci\u00f3n de la situaci\u00f3n de EMPLEADO<\/strong><\/h3>\n<p class=\"Estilo17\" align=\"justify\">1. Se considerar\u00e1 que una persona est\u00e1 empleada cuando est\u00e9 realizando un trabajo remunerado, por cuenta propia o ajena.<\/p>\n<p class=\"Estilo17\" align=\"justify\">2. A efectos de la acreditaci\u00f3n de esta situaci\u00f3n, la persona solicitante presentar\u00e1 certificaci\u00f3n de estar dado de alta en la Seguridad Social o Mutualidad correspondiente, vida laboral o \u00faltima n\u00f3mina, haciendo constar en la fotocopia la leyenda \u201cEs copia fiel del original\u201d, con DNI, fecha y firma.<\/p>\n<div class=\"Estilo17\" align=\"justify\">3. Los solicitantes deber\u00e1n marcar la casilla correspondiente en el apartado 4 del <a href=\"\/EOI\/1_EOI\/Web%20y%20Moodle\/WebEOIMA\/Aplicaciones\/webs_preinscrip\/web_ORD\/docs\/SolicAdmisOrd2018.pdf\" target=\"_blank\" rel=\"noopener noreferrer\">Impreso de solicitud<\/a>.<\/div>\n<p class=\"Estilo17\">No obstante lo anterior, se advierte de que aquellas personas que en el momento de solicitar plaza no est\u00e9n en posesi\u00f3n de, como m\u00ednimo, el certificado de ESO (o equivalente en sistemas anteriores), ser\u00e1n autom\u00e1ticamente adscritas al grupo 5 de los relacionados en el punto 5. Criterios de admisi\u00f3n de este programa de ayuda.<\/p>\n","protected":false},"excerpt":{"rendered":"<p>Acreditaci\u00f3n de la situaci\u00f3n de EMPLEADO 1. Se considerar\u00e1 que una persona est\u00e1 empleada cuando est\u00e9 realizando un trabajo remunerado, por cuenta propia o ajena. 2. A efectos de la acreditaci\u00f3n de esta situaci\u00f3n, la persona solicitante presentar\u00e1 certificaci\u00f3n de estar dado de alta en la Seguridad Social o Mutualidad correspondiente, vida laboral o \u00faltima [&hellip;]<\/p>\n","protected":false},"author":11,"featured_media":0,"parent":0,"menu_order":0,"comment_status":"closed","ping_status":"closed","template":"","meta":{"footnotes":""},"class_list":["post-7236","page","type-page","status-publish","hentry"],"_links":{"self":[{"href":"https:\/\/www.eoimalaga.com\/apps\/wp-json\/wp\/v2\/pages\/7236","targetHints":{"allow":["GET"]}}],"collection":[{"href":"https:\/\/www.eoimalaga.com\/apps\/wp-json\/wp\/v2\/pages"}],"about":[{"href":"https:\/\/www.eoimalaga.com\/apps\/wp-json\/wp\/v2\/types\/page"}],"author":[{"embeddable":true,"href":"https:\/\/www.eoimalaga.com\/apps\/wp-json\/wp\/v2\/users\/11"}],"replies":[{"embeddable":true,"href":"https:\/\/www.eoimalaga.com\/apps\/wp-json\/wp\/v2\/comments?post=7236"}],"version-history":[{"count":5,"href":"https:\/\/www.eoimalaga.com\/apps\/wp-json\/wp\/v2\/pages\/7236\/revisions"}],"predecessor-version":[{"id":9845,"href":"https:\/\/www.eoimalaga.com\/apps\/wp-json\/wp\/v2\/pages\/7236\/revisions\/9845"}],"wp:attachment":[{"href":"https:\/\/www.eoimalaga.com\/apps\/wp-json\/wp\/v2\/media?parent=7236"}],"curies":[{"name":"wp","href":"https:\/\/api.w.org\/{rel}","templated":true}]}}

<h3 class="Estilo52"><strong>Acreditación de la situación de EMPLEADO</strong></h3>
<p class="Estilo17" align="justify">1. Se considerará que una persona está empleada cuando esté realizando un trabajo remunerado, por cuenta propia o ajena.</p>
<p class="Estilo17" align="justify">2. A efectos de la acreditación de esta situación, la persona solicitante presentará certificación de estar dado de alta en la Seguridad Social o Mutualidad correspondiente, vida laboral o última nómina, haciendo constar en la fotocopia la leyenda “Es copia fiel del original”, con DNI, fecha y firma.</p>
<div class="Estilo17" align="justify">3. Los solicitantes deberán marcar la casilla correspondiente en el apartado 4 del <a href="/EOI/1_EOI/Web%20y%20Moodle/WebEOIMA/Aplicaciones/webs_preinscrip/web_ORD/docs/SolicAdmisOrd2018.pdf" target="_blank" rel="noopener noreferrer">Impreso de solicitud</a>.</div>
<p class="Estilo17">No obstante lo anterior, se advierte de que aquellas personas que en el momento de solicitar plaza no estén en posesión de, como mínimo, el certificado de ESO (o equivalente en sistemas anteriores), serán automáticamente adscritas al grupo 5 de los relacionados en el punto 5. Criterios de admisión de este programa de ayuda.</p>

<p>Acreditación de la situación de EMPLEADO 1. Se considerará que una persona está empleada cuando esté realizando un trabajo remunerado, por cuenta propia o ajena. 2. A efectos de la acreditación de esta situación, la persona solicitante presentará certificación de estar dado de alta en la Seguridad Social o Mutualidad correspondiente, vida laboral o última [&hellip;]</p>
