{"id":6423,"date":"2018-11-09T12:49:05","date_gmt":"2018-11-09T11:49:05","guid":{"rendered":"http:\/\/www.eoimalaga.com\/apps\/?page_id=6423"},"modified":"2026-04-01T08:48:29","modified_gmt":"2026-04-01T07:48:29","slug":"matlib","status":"publish","type":"page","link":"https:\/\/www.eoimalaga.com\/apps\/matlib\/","title":{"rendered":"Matr\u00edcula libre"},"content":{"rendered":"<div class=\"wpb-content-wrapper\"><p>[vc_row][vc_column][vc_column_text css_animation=\u00bbleft-to-right\u00bb css=\u00bb\u00bb]<\/p>\n<table style=\"width: 1195.07px;\" border=\"0\">\n<tbody>\n<tr style=\"height: 123.898px;\">\n<td style=\"width: 175px; height: 123.898px; background-color: #ffffff; border-color: #ffffff; vertical-align: middle;\"><img loading=\"lazy\" decoding=\"async\" class=\"aligncenter wp-image-6426\" src=\"http:\/\/www.eoimalaga.com\/apps\/wp-content\/uploads\/2018\/11\/LogoEOI_small.jpg\" alt=\"\" width=\"144\" height=\"141\" \/><\/td>\n<td style=\"width: 1029.07px; height: 123.898px; background-color: #0487d4; border-color: #fcf7f7;\">\n<h2 style=\"text-align: center;\"><span style=\"color: #ffffff; font-size: 36pt;\">Escuela Oficial de Idiomas M\u00c1LAGA<\/span><\/h2>\n<h2 style=\"text-align: center;\"><span style=\"color: #ffffff; font-size: 24pt;\">Programa de ayuda para la MATR\u00cdCULA LIBRE<\/span><\/h2>\n<p><span style=\"color: #ffffff;\"><strong><span style=\"font-size: 18pt;\">\u00a0 \u00a0 \u00a0 \u00a0 \u00a0 \u00a0 \u00a0 \u00a0 \u00a0 \u00a0 \u00a0 \u00a0 \u00a0 \u00a0 \u00a0 \u00a0 \u00a0 \u00a0 \u00a0 \u00a0 \u00a0 \u00a0 \u00a0 \u00a0 \u00a0 1 &#8211; 15 de abril de 2026<\/span><\/strong><\/span><\/td>\n<\/tr>\n<\/tbody>\n<\/table>\n<p>[\/vc_column_text][\/vc_column][\/vc_row][vc_row][vc_column][vc_tta_tour style=\u00bbmodern\u00bb shape=\u00bbround\u00bb color=\u00bbsky\u00bb active_section=\u00bb1&#8243;][vc_tta_section title=\u00bbIMPORTANTE\u00bb tab_id=\u00bb1542274604402-2e415ce7-2a1d\u00bb][vc_column_text css=\u00bb\u00bb]<span style=\"color: #6cabe6;\"><strong><span style=\"font-size: 14pt;\">Lo que debe saber antes de matricularse.<\/span><\/strong><\/span><\/p>\n<p><strong>&#8211; <\/strong>La<strong> matr\u00edcula libre <\/strong>sirve para poder realizar<strong> pruebas de certificaci\u00f3n en idiomas.<\/strong><\/p>\n<p><strong>&#8211; <\/strong>El alumnado libre puede examinarse en esta modalidad todas las veces que desee, sin necesidad de solicitar admisi\u00f3n.<\/p>\n<p><strong>&#8211; Plazo de matr\u00edcula:<\/strong> <span class=\"Estilo11\">1 &#8211; 15 abril 2026.<\/span><\/p>\n<p><strong>&#8211; Edad m\u00ednima:<\/strong>\u00a0<span class=\"Estilo11\">16 a\u00f1os cumplidos a 31 de diciembre de 2025. <\/span>14 a\u00f1os para certificar un idioma diferente a la primera lengua extranjera cursada en la ense\u00f1anza obligatoria a 31 de diciembre de 2025.<\/p>\n<p>&#8211;<strong> Niveles ofertados<\/strong> para la matr\u00edcula libre (sin necesidad de acreditar haber superado ninguno de los niveles anteriores):<\/p>\n<ul>\n<li>B\u00e1sico A2<\/li>\n<li>Intermedio B1<\/li>\n<li>Intermedio B2<\/li>\n<li>Avanzado C1 <span style=\"color: #339966;\">(existente s\u00f3lo en Alem\u00e1n, Espa\u00f1ol, Franc\u00e9s, Ingl\u00e9s e Italiano) <\/span><\/li>\n<li>Avanzado C2 <span style=\"color: #339966;\">(existente s\u00f3lo en Ingl\u00e9s) <\/span><\/li>\n<li><span class=\"Estilo11\" style=\"color: #ff0000;\">No existen pruebas libres del Nivel B\u00e1sico 1, Intermedio B2-1 ni Avanzado C1-1.<\/span><\/li>\n<li><span style=\"color: #ff0000;\">En el mismo curso escolar, <strong>no<\/strong> se podr\u00e1 realizar matr\u00edcula libre<strong> en m\u00e1s de <\/strong><span class=\"Estilo11\"><strong>un nivel<\/strong> en el mismo idioma, ni ser a la vez alumno oficial de dicho idioma (salvo si es de un curso CAPE).<\/span><\/span><\/li>\n<\/ul>\n<p><strong>&#8211; Calendario y horario de ex\u00e1menes:<\/strong><\/p>\n<ul>\n<li>Los ex\u00e1menes se celebrar\u00e1n\u00a0seg\u00fan el <a href=\"https:\/\/www.eoimalaga.com\/web\/wp-content\/uploads\/2026\/03\/Cuadrante-general-fechas-PEC-MAY-JUN26.pdf\" target=\"_blank\" rel=\"noopener\">calendario<\/a> establecido por la Consejer\u00eda de Educaci\u00f3n de la Junta de Andaluc\u00eda:\n<ul>\n<li>a finales de <strong>mayo<\/strong> y principios de <strong>junio <\/strong>(convocatoria ordinaria)<\/li>\n<li>y en <strong>septiembre <\/strong>(convocatoria extraordinaria)<\/li>\n<\/ul>\n<\/li>\n<\/ul>\n<ul>\n<li>Las fechas son <strong>inamovibles<\/strong>. La EOI de M\u00e1laga publicar\u00e1 en breve tanto en la web \u00abPruebas de certificaci\u00f3n\u00bb como en los tablones las fechas de los ex\u00e1menes orales.<\/li>\n<li>Si desea matricularse para examinarse <strong>en m\u00e1s de un idioma<\/strong>, tenga en cuenta<strong> las posibles coincidencias en fecha y turno de pruebas escritas y orales<\/strong>. Si hubiera alguna coincidencia en pruebas escritas y orales entre los\u00a0 idiomas, deber\u00e1 contactar con el departamento cuya prueba oral coincida con otra prueba, indicando dicha circunstancia.<\/li>\n<li><strong><span style=\"color: #0000ff;\"><a style=\"color: #0000ff;\" href=\"https:\/\/www.eoimalaga.com\/web\/pruebas-especificas-de-certificacion\/\" target=\"_blank\" rel=\"noopener noreferrer\">En este enlace<\/a><\/span><\/strong> tendr\u00e1 toda la informaci\u00f3n actualizada a las pruebas de certificaci\u00f3n.<\/li>\n<\/ul>\n<p>&#8211;<strong> Alumnado YA matriculado en el curso 2025\/2026 en<\/strong> <strong> modalidades oficiales (presencial, semipresencial, distancia)<\/strong><\/p>\n<ul>\n<li><strong>No<\/strong> podr\u00e1n formalizar <strong>matr\u00edcula<\/strong> <strong>libre<\/strong> <strong>en el mismo idioma<\/strong> que est\u00e1n cursando oficialmente.<\/li>\n<li>Si decide formalizar matr\u00edcula libre, <strong>deber\u00e1 anular su matr\u00edcula oficial antes de formalizar matr\u00edcula en r\u00e9gimen libre<\/strong>, con nuevo pago de tasas.<\/li>\n<\/ul>\n<p><strong>&#8211; Alumnado con discapacidad acreditada: <\/strong><\/p>\n<ul>\n<li>Si necesita una adaptaci\u00f3n para realizar el examen, deber\u00e1 <a href=\"https:\/\/www.eoimalaga.com\/web_docs\/DOFEIE\/ANEXO-A.2.pdf\" target=\"_blank\" rel=\"noopener\">descargar la <strong>solicitud<\/strong><\/a><strong>\u00a0de adaptaci\u00f3n\u00a0<\/strong>que deber\u00e1 cumplimentar y entregar junto al impreso de matr\u00edcula.<\/li>\n<li>La EOI la remitir\u00e1 a la Consejer\u00eda de Educaci\u00f3n para su resoluci\u00f3n (en cumplimiento de la Resoluci\u00f3n de 9 de marzo de 2026, de la Direcci\u00f3n General de Ordenaci\u00f3n Educativa )<\/li>\n<\/ul>\n<p><span style=\"color: #ff0000;\"><strong>&#8211; Nota importante: <\/strong><span class=\"Estilo27\">Cualquier anomal\u00eda, falsificaci\u00f3n o falta de documentaci\u00f3n supondr\u00e1 la nulidad de la matr\u00edcula.<\/span><\/span>[\/vc_column_text][\/vc_tta_section][vc_tta_section title=\u00bb1. Instrucciones generales\u00bb tab_id=\u00bb1541786394438-7b14d0ee-879f\u00bb][vc_column_text css=\u00bb\u00bb]<\/p>\n<p align=\"justify\"><span style=\"font-size: 14pt; color: #6cabe6;\"><strong>1. Instrucciones generales<\/strong><\/span><\/p>\n<p>Aconsejamos entregar toda la documentaci\u00f3n v\u00eda telem\u00e1tica a trav\u00e9s de la Secretar\u00eda Virtual de la Junta de Andaluc\u00eda.<\/p>\n<p>No obstante, si opta por la entrega presencial en nuestro centro, rogamos grape todos los documentos en el orden que se enumeran a continuaci\u00f3n.<\/p>\n<p><strong>Documentaci\u00f3n que debe presentar de forma telem\u00e1tica o presencial<span style=\"font-size: 14px;\">:<\/span><\/strong><\/p>\n<ul>\n<li class=\"Estilo24\">Impreso de matr\u00edcula libre.<\/li>\n<li class=\"Estilo24\">Tal\u00f3n de Cargo Modelo 046 (<span class=\"Estilo28\">ejemplar para la administraci\u00f3n<\/span>) o justificante de estar exento del pago en los siguientes casos:\n<ul>\n<li>T\u00edtulo de Familia Numerosa <strong>actualizado.<\/strong><\/li>\n<li class=\"Estilo24\">Acreditaci\u00f3n de haber sufrido da\u00f1os personales como consecuencia de actos terroristas.<\/li>\n<li>Acreditaci\u00f3n de haber sufrido violencia de g\u00e9nero.<\/li>\n<li>Acreditaci\u00f3n de discapacidad, en un grado igual o superior al 33 %.<\/li>\n<\/ul>\n<\/li>\n<li class=\"Estilo24\">Fotocopia del DNI, Pasaporte*, Libro de familia** o NIE.\n<ul>\n<li class=\"Estilo24\">* <span class=\"Estilo11\"><span class=\"Estilo24\">Aquellas personas que <strong>no<\/strong> posean <strong>nacionalidad espa\u00f1ola<\/strong> deber\u00e1n presentar<\/span>\u00a0<strong>tanto el pasaporte como el NIE<\/strong>,<strong> si tuvieran tambi\u00e9n este \u00faltimo.<\/strong><\/span><\/li>\n<li>** Si la <strong>matr\u00edcula libre es para un\/a menor,<\/strong> ser\u00e1 necesario aportar adem\u00e1s el <strong>DNI de uno de sus padres o tutores legales y libro de familia.<\/strong><\/li>\n<\/ul>\n<\/li>\n<li>Si es su caso:\n<ul>\n<li>Documento acreditativo de que se le ha concedido la simultaneidad, en caso de ser alumno\/a oficial en otro idioma en otra EOI de Andaluc\u00eda.<\/li>\n<li class=\"Estilo24\"><a href=\"https:\/\/www.eoimalaga.com\/web_docs\/DOFEIE\/ANEXO-A.2.pdf\" target=\"_blank\" rel=\"noopener\">Solicitud de\u00a0<span class=\"Estilo11\">adaptaci\u00f3n por discapacidad<\/span><\/a>, acompa\u00f1ada de la correspondiente certificaci\u00f3n oficial.<\/li>\n<\/ul>\n<\/li>\n<\/ul>\n<p>[\/vc_column_text][\/vc_tta_section][vc_tta_section title=\u00bb2. Impreso de matr\u00edcula\u00bb tab_id=\u00bb1742806667821-7070d45c-5dc5&#8243;][vc_column_text css=\u00bb\u00bb]<\/p>\n<p align=\"justify\"><span style=\"font-size: 14pt; color: #6cabe6;\"><strong>2.Impreso de matr\u00edcula<\/strong><\/span><\/p>\n<p><span style=\"color: #ff0000;\"><span style=\"color: #008000;\"><strong>Telem\u00e1ticamente<\/strong><\/span>\u00a0<\/span>a trav\u00e9s de la\u00a0<a href=\"https:\/\/secretariavirtual.juntadeandalucia.es\/secretariavirtual\/\"><strong>Secretar\u00eda Virtua<\/strong><strong>l<\/strong><\/a>. Puede hacerlo con cl@ve, certificado digital o clave iAnde (puede obtenerla <a href=\"https:\/\/www.youtube.com\/shorts\/HH2ClIFphWI\" target=\"_blank\" rel=\"noopener\">siguiendo estos pasos,<\/a> o en el centro escolar p\u00fablico m\u00e1s cercano a su casa person\u00e1ndose con su DNI).<\/p>\n<ul>\n<li><strong>Rellene<\/strong>\u00a0y compruebe los datos de la solicitud.<\/li>\n<li>Adjunte, <strong>en caso de que fuese necesaria<\/strong>, la documentaci\u00f3n que figura en el apartado instrucciones generales.<\/li>\n<\/ul>\n<ul>\n<li style=\"list-style-type: none;\"><\/li>\n<\/ul>\n<p><span style=\"color: #008000;\">IMPORTANTE:<\/span><\/p>\n<ul>\n<li>Si tiene alg\u00fan problema al realizar su tr\u00e1mite a trav\u00e9s de la Secretar\u00eda Virtual, puede llamar al tel\u00e9fono de atenci\u00f3n al ciudadano: <strong>900848000<\/strong>\u00a0(<strong>opci\u00f3n 2<\/strong>, escolarizaci\u00f3n).<\/li>\n<\/ul>\n<p>&nbsp;<\/p>\n<p><span style=\"color: #008000;\"><strong>Presencialmente<\/strong><\/span>, si desea entregarlo personalmente en nuestro centro en <a href=\"https:\/\/www.eoimalaga.com\/web\/horario\/\" target=\"_blank\" rel=\"noopener\">horario<\/a> de Secretar\u00eda.<\/p>\n<ul class=\"Estilo24\">\n<li class=\"Estilo26\">Rellene el <a href=\"https:\/\/www.eoimalaga.com\/apps\/wp-content\/uploads\/2026\/03\/2_matlib_form_rev.pdf\" target=\"_blank\" rel=\"noopener\">Impreso de Matr\u00edcula.<\/a><\/li>\n<li>Imprima el impreso de matr\u00edcula relleno y f\u00edrmelo.<\/li>\n<li>Haga una fotocopia de su impreso de matr\u00edcula firmado para conservarlo como resguardo.<\/li>\n<li>Adjunte, <strong>en caso de que fuese necesaria<\/strong>, la documentaci\u00f3n que figura en el apartado instrucciones generales.<\/li>\n<\/ul>\n<ul>\n<li style=\"list-style-type: none;\"><\/li>\n<\/ul>\n<p class=\"Estilo11\" align=\"justify\"><span style=\"color: #008000;\">IMPORTANTE:<\/span><\/p>\n<ul class=\"Estilo27\">\n<li>\n<p align=\"justify\">Los interesados que deseen matricularse en m\u00e1s de un idioma deber\u00e1n cumplimentar<strong> un impreso de matr\u00edcula por cada idioma<\/strong>, pero un<strong> \u00fanico tal\u00f3n de cargo<\/strong> con el importe total.<\/p>\n<\/li>\n<\/ul>\n<p>[\/vc_column_text][\/vc_tta_section][vc_tta_section title=\u00bb3. Pago de las tasas\u00bb tab_id=\u00bb1541786535817-5283b844-885a\u00bb][vc_column_text css=\u00bb\u00bb]<\/p>\n<p align=\"justify\"><span style=\"font-size: 14pt; color: #6cabe6;\"><strong>3. Pago de tasas<\/strong><\/span><\/p>\n<p><span style=\"font-weight: 400;\">El Tal\u00f3n de Cargo 046 es el impreso que debe usar para realizar el ingreso de las tasas. Al realizar su matr\u00edcula por Secretar\u00eda Virtual, esta calcula el importe; y usted puede pagar con tarjeta bancaria.<\/span><\/p>\n<ul>\n<li style=\"font-weight: 400;\" aria-level=\"1\"><b>Guarde en su ordenador el pdf generado tras el pago.<\/b><\/li>\n<\/ul>\n<p><strong>IMPORTANTE:<\/strong><\/p>\n<p><span style=\"font-weight: 400;\">Si no dispone de tarjeta, puede imprimir la carta de pago y abonar la tasa en una <\/span><a href=\"https:\/\/www.juntadeandalucia.es\/haciendayadministracionpublica\/ov\/marcos\/entidades_credito_y_ahorro.htm\"><span style=\"font-weight: 400;\">entidad bancaria<\/span><\/a><span style=\"font-weight: 400;\">. En ese caso, deber\u00e1 traer toda la documentaci\u00f3n impresa a la escuela en <\/span><a href=\"https:\/\/www.eoimalaga.com\/web\/horario\/\"><span style=\"font-weight: 400;\">horario<\/span><\/a><span style=\"font-weight: 400;\"> de atenci\u00f3n al p\u00fablico.<\/span><\/p>\n<p>&nbsp;<\/p>\n<p><span style=\"font-weight: 400;\">Para rellenar correctamente el Tal\u00f3n de Cargo 046 y <\/span><span style=\"font-weight: 400;\">entregarlo presencialmente<\/span><span style=\"font-weight: 400;\">, consulte la siguiente documentaci\u00f3n:<\/span><\/p>\n<ul>\n<li style=\"font-weight: 400;\" aria-level=\"1\"><a href=\"https:\/\/www.juntadeandalucia.es\/economiayhacienda\/apl\/surweb\/modelos\/modelo046\/046.jsp\"><span style=\"font-weight: 400;\">Rellene el Tal\u00f3n de Cargo Modelo 046<\/span><\/a><span style=\"font-weight: 400;\"> v\u00eda web.<\/span><\/li>\n<li style=\"font-weight: 400;\" aria-level=\"1\"><a href=\"http:\/\/www.eoimalaga.com\/web\/tasas-de-matricula\/\"><span style=\"font-weight: 400;\">Cuadro de tasas para la matr\u00edcula libre.<\/span><\/a><\/li>\n<li style=\"font-weight: 400;\" aria-level=\"1\"><a href=\"https:\/\/view.genial.ly\/6299c25aa162bf00183eb4a9\"><span style=\"font-weight: 400;\">Explicaci\u00f3n de c\u00f3mo rellenar el Tal\u00f3n de Cargo Modelo 046.<\/span><\/a><\/li>\n<li style=\"font-weight: 400;\" aria-level=\"1\"><b>Guarde en su ordenador el pdf generado tras el pago (debe contener el c\u00f3digo de verificaci\u00f3n bancaria) <\/b><b>e imprima los tres ejemplares: entidad bancaria, administraci\u00f3n e interesado.<\/b><b>\u00a0<\/b><\/li>\n<\/ul>\n<p>&nbsp;<\/p>\n<p><b>IMPORTANTE:<\/b><\/p>\n<ul>\n<li style=\"font-weight: 400;\" aria-level=\"1\"><span style=\"font-weight: 400;\">C\u00f3mo \u00abrescatar\u00bb su carta de pago si le da error el pago con tarjeta: siga <a href=\"https:\/\/www.eoimalaga.com\/apps\/wp-content\/uploads\/2026\/03\/ERROR-CARTA-DE-PAGO-CON-TARJETA_REV.pdf\" target=\"_blank\" rel=\"noopener\">estos pasos.<\/a><\/span><\/li>\n<\/ul>\n<div align=\"justify\"><\/div>\n<p>[\/vc_column_text][\/vc_tta_section][vc_tta_section title=\u00bb4. Entrega\u00bb tab_id=\u00bb1541786550384-84e054f0-9334&#8243;][vc_column_text css=\u00bb\u00bb]<\/p>\n<p align=\"justify\"><span style=\"font-size: 14pt; color: #6cabe6;\"><strong>4. Entrega<\/strong><\/span><\/p>\n<ul>\n<li>La entrega de la matr\u00edcula se hace a trav\u00e9s de la <strong><span style=\"color: #0000ff;\">Secretar\u00eda Virtual<\/span><\/strong>.<\/li>\n<\/ul>\n<p>Si no pudiese realizarla a trav\u00e9s de la Secretar\u00eda Virtual, la matr\u00edcula se puede entregar:<\/p>\n<ul>\n<li>Presencialmente en la<strong><span style=\"color: #0000ff;\"> Secretar\u00eda de nuestra escuela<\/span><\/strong><b> <\/b>en\u00a0<a href=\"https:\/\/www.eoimalaga.com\/web\/horario\/\" target=\"_blank\" rel=\"noopener\">horario<\/a>* de atenci\u00f3n al p\u00fablico con las tasas ya pagadas y toda la documentaci\u00f3n rellena. Puede hacerlo cualquier persona en nombre del interesado\/a, sin necesidad de autorizaci\u00f3n expresa.<\/li>\n<li>Presencialmente en los buzones habilitados en el hall de nuestra escuela entre 9:00 y 21:00 h, con toda la documentaci\u00f3n necesaria.<\/li>\n<li>Enviando toda la documentaci\u00f3n por <span style=\"color: #0000ff;\"><strong>correo postal certificado<\/strong><\/span> a nuestro centro, siempre con la solicitud y su copia sellada en correos con la fecha de env\u00edo hasta el 15 de abril antes de introducirla en el sobre. De esta manera puede conservar su copia como resguardo.<\/li>\n<\/ul>\n<p>*M\u00e1s informaci\u00f3n:<\/p>\n<ul>\n<li>Secretar\u00eda abre de 9:30 a 13:00h de lunes a viernes salvo festivos. El 6 de abril el centro est\u00e1 cerrado.<\/li>\n<li>Contacte v\u00eda email con oficina@eoimalaga.com para consultas administrativas sobre la matr\u00edcula libre. (Para consultas relacionadas con los aspectos pedag\u00f3gicos de las PEC, contacte con el departamento).<\/li>\n<\/ul>\n<p><span style=\"color: #ff0000;\"><strong>Sus resguardos son:<\/strong><\/span><\/p>\n<ul>\n<li><span style=\"color: #ff0000;\">La copia del impreso de matr\u00edcula.<\/span><\/li>\n<li><span style=\"color: #ff0000;\"><span class=\"Estilo28\">Ejemplar para el interesado del Tal\u00f3n de Cargo.<\/span><\/span><\/li>\n<\/ul>\n<p>[\/vc_column_text][\/vc_tta_section][vc_tta_section title=\u00bbSecretar\u00eda Virtual\u00bb tab_id=\u00bb1742893241235-e46cd7c4-63c8&#8243;][vc_column_text css=\u00bb\u00bb]<\/p>\n<p align=\"justify\"><span style=\"font-size: 14pt; color: #6cabe6;\"><strong>Secretar\u00eda Virtual<\/strong><\/span><\/p>\n<p>Puede hacer su matr\u00edcula libre a trav\u00e9s de la<span style=\"color: #3366ff;\"><a href=\"https:\/\/secretariavirtual.juntadeandalucia.es\/secretariavirtual\/accesoTramite\/204\/\" target=\"_blank\" rel=\"noopener\"> Secretar\u00eda Virtual<\/a> <span style=\"color: #000000;\">de la Junta de Andaluc\u00eda. <\/span><\/span>[\/vc_column_text][\/vc_tta_section][vc_tta_section title=\u00bbInformaci\u00f3n sobre las Pruebas\u00bb tab_id=\u00bb1593500247812-6ea69692-b9f7&#8243;][vc_column_text]Encontrar\u00e1 toda la informaci\u00f3n relativa a las <a href=\"https:\/\/www.eoimalaga.com\/web\/pruebas-especificas-de-certificacion\/\" target=\"_blank\" rel=\"noopener noreferrer\">Pruebas espec\u00edficas de certificaci\u00f3n<\/a> en la web de la EOI M\u00e1laga.[\/vc_column_text][\/vc_tta_section][\/vc_tta_tour][\/vc_column][\/vc_row]<\/p>\n<\/div>","protected":false},"excerpt":{"rendered":"<p>[vc_row][vc_column][vc_column_text css_animation=\u00bbleft-to-right\u00bb css=\u00bb\u00bb] Escuela Oficial de Idiomas M\u00c1LAGA Programa de ayuda para la MATR\u00cdCULA LIBRE \u00a0 \u00a0 \u00a0 \u00a0 \u00a0 \u00a0 \u00a0 \u00a0 \u00a0 \u00a0 \u00a0 \u00a0 \u00a0 \u00a0 \u00a0 \u00a0 \u00a0 \u00a0 \u00a0 \u00a0 \u00a0 \u00a0 \u00a0 \u00a0 \u00a0 1 &#8211; 15 de abril de 2026 [\/vc_column_text][\/vc_column][\/vc_row][vc_row][vc_column][vc_tta_tour style=\u00bbmodern\u00bb shape=\u00bbround\u00bb color=\u00bbsky\u00bb active_section=\u00bb1&#8243;][vc_tta_section title=\u00bbIMPORTANTE\u00bb tab_id=\u00bb1542274604402-2e415ce7-2a1d\u00bb][vc_column_text css=\u00bb\u00bb]Lo [&hellip;]<\/p>\n","protected":false},"author":11,"featured_media":0,"parent":0,"menu_order":0,"comment_status":"closed","ping_status":"closed","template":"","meta":{"footnotes":""},"class_list":["post-6423","page","type-page","status-publish","hentry"],"_links":{"self":[{"href":"https:\/\/www.eoimalaga.com\/apps\/wp-json\/wp\/v2\/pages\/6423","targetHints":{"allow":["GET"]}}],"collection":[{"href":"https:\/\/www.eoimalaga.com\/apps\/wp-json\/wp\/v2\/pages"}],"about":[{"href":"https:\/\/www.eoimalaga.com\/apps\/wp-json\/wp\/v2\/types\/page"}],"author":[{"embeddable":true,"href":"https:\/\/www.eoimalaga.com\/apps\/wp-json\/wp\/v2\/users\/11"}],"replies":[{"embeddable":true,"href":"https:\/\/www.eoimalaga.com\/apps\/wp-json\/wp\/v2\/comments?post=6423"}],"version-history":[{"count":171,"href":"https:\/\/www.eoimalaga.com\/apps\/wp-json\/wp\/v2\/pages\/6423\/revisions"}],"predecessor-version":[{"id":10478,"href":"https:\/\/www.eoimalaga.com\/apps\/wp-json\/wp\/v2\/pages\/6423\/revisions\/10478"}],"wp:attachment":[{"href":"https:\/\/www.eoimalaga.com\/apps\/wp-json\/wp\/v2\/media?parent=6423"}],"curies":[{"name":"wp","href":"https:\/\/api.w.org\/{rel}","templated":true}]}}