{"id":10062,"date":"2025-04-22T12:38:37","date_gmt":"2025-04-22T11:38:37","guid":{"rendered":"https:\/\/www.eoimalaga.com\/apps\/?page_id=10062"},"modified":"2026-04-22T20:30:08","modified_gmt":"2026-04-22T19:30:08","slug":"requiacad_cape_fra","status":"publish","type":"page","link":"https:\/\/www.eoimalaga.com\/apps\/requiacad_cape_fra\/","title":{"rendered":"requiacad_cape_fra"},"content":{"rendered":"<div class=\"wpb-content-wrapper\"><p>[vc_row content_placement=\u00bbmiddle\u00bb][vc_column width=\u00bb1\/4&#8243;][vc_column_text css=\u00bb\u00bb]<a href=\"https:\/\/www.eoimalaga.com\/apps\/wp-content\/uploads\/2022\/05\/imageedit_6_7015555720.jpg\"><img loading=\"lazy\" decoding=\"async\" class=\"aligncenter wp-image-9102\" src=\"https:\/\/www.eoimalaga.com\/apps\/wp-content\/uploads\/2022\/05\/imageedit_6_7015555720-300x288.jpg\" alt=\"\" width=\"120\" height=\"115\" srcset=\"https:\/\/www.eoimalaga.com\/apps\/wp-content\/uploads\/2022\/05\/imageedit_6_7015555720-300x288.jpg 300w, https:\/\/www.eoimalaga.com\/apps\/wp-content\/uploads\/2022\/05\/imageedit_6_7015555720-1024x984.jpg 1024w, https:\/\/www.eoimalaga.com\/apps\/wp-content\/uploads\/2022\/05\/imageedit_6_7015555720-768x738.jpg 768w, https:\/\/www.eoimalaga.com\/apps\/wp-content\/uploads\/2022\/05\/imageedit_6_7015555720.jpg 1134w\" sizes=\"auto, (max-width: 120px) 100vw, 120px\" \/><\/a><\/p>\n<p style=\"text-align: center;\"><span style=\"color: #00bcff;\"><strong><span style=\"font-size: 18pt;\">CAPE<\/span><\/strong><\/span><\/p>\n<p style=\"text-align: center;\"><span style=\"color: #00bcff;\"><strong><span style=\"font-size: 18pt;\">FRANC\u00c9S<\/span><\/strong><\/span><\/p>\n<p>[\/vc_column_text][\/vc_column][vc_column width=\u00bb3\/4&#8243;][vc_column_text css=\u00bb\u00bb]<\/p>\n<p style=\"text-align: center;\"><span style=\"color: #00bcff;\"><strong><span style=\"font-size: 24pt;\">Requisitos acad\u00e9micos <\/span><\/strong><\/span><\/p>\n<p style=\"text-align: center;\"><span style=\"color: #00bcff;\"><strong><span style=\"font-size: 18pt;\">Acceso a niveles superiores a B\u00e1sico 1<\/span><\/strong><\/span><\/p>\n<p>[\/vc_column_text][vc_column_text]<\/p>\n<ul>\n<li class=\"Estilo57\"><span style=\"color: #000000;\">Aseg\u00farese de que est\u00e1 en posesi\u00f3n de la cualificaci\u00f3n exigida para acceder al nivel de que se trate.<\/span><\/li>\n<li class=\"Estilo57\"><span style=\"color: #000000;\">No se admite ninguna otra cualificaci\u00f3n aparte de la especificada en este programa.<\/span><\/li>\n<li class=\"Estilo45\"><span style=\"color: #000000;\"><span class=\"Estilo58\">No realice solicitud de plaza si no cumple los requisitos exigidos<\/span> <span class=\"Estilo49\">en el momento de la matr\u00edcula<\/span>.<\/span><\/li>\n<li class=\"Estilo55\"><span style=\"color: #000000;\">Si se obtuviera la plaza y no se justificasen los requisitos, la matr\u00edcula quedar\u00eda invalidada.<\/span><\/li>\n<\/ul>\n<p>[\/vc_column_text][\/vc_column][\/vc_row][vc_row][vc_column][vc_tta_tabs style=\u00bboutline\u00bb color=\u00bbsky\u00bb active_section=\u00bb1&#8243;][vc_tta_section title=\u00bbCAPE A2 (Actualizaci\u00f3n ling\u00fc\u00edstica)\u00bb tab_id=\u00bb1543228444359-88ff9d4e-17a7&#8243;][vc_column_text css=\u00bb\u00bb]<strong>Franc\u00e9s CAPE A2 (Actualizaci\u00f3n ling\u00fc\u00edstica)<\/strong><\/p>\n<ul>\n<li>Debe tener al menos\u00a0<strong>16 A\u00d1OS<\/strong> cumplidos a 31 de diciembre de 2026.<\/li>\n<li>Estar en posesi\u00f3n del certificado de al menos Nivel B\u00e1sico A1 o superar la prueba inicial de clasificaci\u00f3n (PIC).<\/li>\n<\/ul>\n<p><a href=\"https:\/\/docs.google.com\/forms\/d\/e\/1FAIpQLSc7nGMc1GsuvUEnLweUK8wMIQhg2j2_-DGZUAuT24oACm51wA\/viewform\" target=\"_blank\" rel=\"noopener\"><strong>Acceder a la PIC<\/strong><\/a>[\/vc_column_text][\/vc_tta_section][vc_tta_section title=\u00bbCAPE B1 (Actualizaci\u00f3n ling\u00fc\u00edstica)\u00bb tab_id=\u00bb1776845921637-1ec3fb5e-7e89&#8243;][vc_column_text css=\u00bb\u00bb]<strong>Franc\u00e9s CAPE B1 (Aspectos socioculturales)<\/strong><\/p>\n<ul>\n<li>Debe tener al menos\u00a0<strong>16 A\u00d1OS<\/strong> cumplidos a 31 de diciembre de 2026.<\/li>\n<li>Estar en posesi\u00f3n del certificado de al menos Nivel B\u00e1sico A2 o superar la\u00a0prueba inicial de clasificaci\u00f3n (PIC).<\/li>\n<\/ul>\n<p><a href=\"https:\/\/docs.google.com\/forms\/d\/e\/1FAIpQLSe5p9AqyHfZS6okbn2OKY8IOiTLDDWWHIeHbGsRcAZ25pE09g\/viewform\" target=\"_blank\" rel=\"noopener\"><strong>Acceder a la PIC<\/strong><\/a>[\/vc_column_text][\/vc_tta_section][vc_tta_section title=\u00bbCAPE B2.2 (Aspectos socioculturales)\u00bb tab_id=\u00bb1543228444451-2d3ddec7-ee94&#8243;][vc_column_text css=\u00bb\u00bb]<span style=\"color: #000000;\"><strong>Franc\u00e9s CAPE B2.2<\/strong><\/span><\/p>\n<ul>\n<li>Debe tener al menos\u00a0<strong>16 A\u00d1OS<\/strong> cumplidos a 31 de diciembre de 2026.<\/li>\n<li>Estar en posesi\u00f3n del certificado de al menos Nivel Intermedio B2.1\u00a0 o superar la prueba inicial de clasificaci\u00f3n (PIC).<\/li>\n<\/ul>\n<p><a href=\"https:\/\/docs.google.com\/forms\/d\/e\/1FAIpQLSe0bKXqEq6P8LYAliPVXrz9gizITAsRk2GCHa73gzVRUMNwMQ\/viewform\" target=\"_blank\" rel=\"noopener\"><strong>Acceder a la PIC<\/strong><\/a>[\/vc_column_text][\/vc_tta_section][\/vc_tta_tabs][\/vc_column][\/vc_row]<\/p>\n<\/div>","protected":false},"excerpt":{"rendered":"<p>[vc_row content_placement=\u00bbmiddle\u00bb][vc_column width=\u00bb1\/4&#8243;][vc_column_text css=\u00bb\u00bb] CAPE FRANC\u00c9S [\/vc_column_text][\/vc_column][vc_column width=\u00bb3\/4&#8243;][vc_column_text css=\u00bb\u00bb] Requisitos acad\u00e9micos Acceso a niveles superiores a B\u00e1sico 1 [\/vc_column_text][vc_column_text] Aseg\u00farese de que est\u00e1 en posesi\u00f3n de la cualificaci\u00f3n exigida para acceder al nivel de que se trate. No se admite ninguna otra cualificaci\u00f3n aparte de la especificada en este programa. No realice solicitud de plaza [&hellip;]<\/p>\n","protected":false},"author":12,"featured_media":0,"parent":0,"menu_order":0,"comment_status":"closed","ping_status":"closed","template":"","meta":{"footnotes":""},"class_list":["post-10062","page","type-page","status-publish","hentry"],"_links":{"self":[{"href":"https:\/\/www.eoimalaga.com\/apps\/wp-json\/wp\/v2\/pages\/10062","targetHints":{"allow":["GET"]}}],"collection":[{"href":"https:\/\/www.eoimalaga.com\/apps\/wp-json\/wp\/v2\/pages"}],"about":[{"href":"https:\/\/www.eoimalaga.com\/apps\/wp-json\/wp\/v2\/types\/page"}],"author":[{"embeddable":true,"href":"https:\/\/www.eoimalaga.com\/apps\/wp-json\/wp\/v2\/users\/12"}],"replies":[{"embeddable":true,"href":"https:\/\/www.eoimalaga.com\/apps\/wp-json\/wp\/v2\/comments?post=10062"}],"version-history":[{"count":8,"href":"https:\/\/www.eoimalaga.com\/apps\/wp-json\/wp\/v2\/pages\/10062\/revisions"}],"predecessor-version":[{"id":10496,"href":"https:\/\/www.eoimalaga.com\/apps\/wp-json\/wp\/v2\/pages\/10062\/revisions\/10496"}],"wp:attachment":[{"href":"https:\/\/www.eoimalaga.com\/apps\/wp-json\/wp\/v2\/media?parent=10062"}],"curies":[{"name":"wp","href":"https:\/\/api.w.org\/{rel}","templated":true}]}}

<div class="wpb-content-wrapper"><p>[vc_row content_placement=»middle»][vc_column width=»1/4&#8243;][vc_column_text css=»»]<a href="https://www.eoimalaga.com/apps/wp-content/uploads/2022/05/imageedit_6_7015555720.jpg"><img loading="lazy" decoding="async" class="aligncenter wp-image-9102" src="https://www.eoimalaga.com/apps/wp-content/uploads/2022/05/imageedit_6_7015555720-300x288.jpg" alt="" width="120" height="115" srcset="https://www.eoimalaga.com/apps/wp-content/uploads/2022/05/imageedit_6_7015555720-300x288.jpg 300w, https://www.eoimalaga.com/apps/wp-content/uploads/2022/05/imageedit_6_7015555720-1024x984.jpg 1024w, https://www.eoimalaga.com/apps/wp-content/uploads/2022/05/imageedit_6_7015555720-768x738.jpg 768w, https://www.eoimalaga.com/apps/wp-content/uploads/2022/05/imageedit_6_7015555720.jpg 1134w" sizes="auto, (max-width: 120px) 100vw, 120px" /></a></p>
<p style="text-align: center;"><span style="color: #00bcff;"><strong><span style="font-size: 18pt;">CAPE</span></strong></span></p>
<p style="text-align: center;"><span style="color: #00bcff;"><strong><span style="font-size: 18pt;">FRANCÉS</span></strong></span></p>
<p>[/vc_column_text][/vc_column][vc_column width=»3/4&#8243;][vc_column_text css=»»]</p>
<p style="text-align: center;"><span style="color: #00bcff;"><strong><span style="font-size: 24pt;">Requisitos académicos </span></strong></span></p>
<p style="text-align: center;"><span style="color: #00bcff;"><strong><span style="font-size: 18pt;">Acceso a niveles superiores a Básico 1</span></strong></span></p>
<p>[/vc_column_text][vc_column_text]</p>
<ul>
<li class="Estilo57"><span style="color: #000000;">Asegúrese de que está en posesión de la cualificación exigida para acceder al nivel de que se trate.</span></li>
<li class="Estilo57"><span style="color: #000000;">No se admite ninguna otra cualificación aparte de la especificada en este programa.</span></li>
<li class="Estilo45"><span style="color: #000000;"><span class="Estilo58">No realice solicitud de plaza si no cumple los requisitos exigidos</span> <span class="Estilo49">en el momento de la matrícula</span>.</span></li>
<li class="Estilo55"><span style="color: #000000;">Si se obtuviera la plaza y no se justificasen los requisitos, la matrícula quedaría invalidada.</span></li>
</ul>
<p>[/vc_column_text][/vc_column][/vc_row][vc_row][vc_column][vc_tta_tabs style=»outline» color=»sky» active_section=»1&#8243;][vc_tta_section title=»CAPE A2 (Actualización lingüística)» tab_id=»1543228444359-88ff9d4e-17a7&#8243;][vc_column_text css=»»]<strong>Francés CAPE A2 (Actualización lingüística)</strong></p>
<ul>
<li>Debe tener al menos <strong>16 AÑOS</strong> cumplidos a 31 de diciembre de 2026.</li>
<li>Estar en posesión del certificado de al menos Nivel Básico A1 o superar la prueba inicial de clasificación (PIC).</li>
</ul>
<p><a href="https://docs.google.com/forms/d/e/1FAIpQLSc7nGMc1GsuvUEnLweUK8wMIQhg2j2_-DGZUAuT24oACm51wA/viewform" target="_blank" rel="noopener"><strong>Acceder a la PIC</strong></a>[/vc_column_text][/vc_tta_section][vc_tta_section title=»CAPE B1 (Actualización lingüística)» tab_id=»1776845921637-1ec3fb5e-7e89&#8243;][vc_column_text css=»»]<strong>Francés CAPE B1 (Aspectos socioculturales)</strong></p>
<ul>
<li>Debe tener al menos <strong>16 AÑOS</strong> cumplidos a 31 de diciembre de 2026.</li>
<li>Estar en posesión del certificado de al menos Nivel Básico A2 o superar la prueba inicial de clasificación (PIC).</li>
</ul>
<p><a href="https://docs.google.com/forms/d/e/1FAIpQLSe5p9AqyHfZS6okbn2OKY8IOiTLDDWWHIeHbGsRcAZ25pE09g/viewform" target="_blank" rel="noopener"><strong>Acceder a la PIC</strong></a>[/vc_column_text][/vc_tta_section][vc_tta_section title=»CAPE B2.2 (Aspectos socioculturales)» tab_id=»1543228444451-2d3ddec7-ee94&#8243;][vc_column_text css=»»]<span style="color: #000000;"><strong>Francés CAPE B2.2</strong></span></p>
<ul>
<li>Debe tener al menos <strong>16 AÑOS</strong> cumplidos a 31 de diciembre de 2026.</li>
<li>Estar en posesión del certificado de al menos Nivel Intermedio B2.1  o superar la prueba inicial de clasificación (PIC).</li>
</ul>
<p><a href="https://docs.google.com/forms/d/e/1FAIpQLSe0bKXqEq6P8LYAliPVXrz9gizITAsRk2GCHa73gzVRUMNwMQ/viewform" target="_blank" rel="noopener"><strong>Acceder a la PIC</strong></a>[/vc_column_text][/vc_tta_section][/vc_tta_tabs][/vc_column][/vc_row]</p>
</div>

<p>[vc_row content_placement=»middle»][vc_column width=»1/4&#8243;][vc_column_text css=»»] CAPE FRANCÉS [/vc_column_text][/vc_column][vc_column width=»3/4&#8243;][vc_column_text css=»»] Requisitos académicos Acceso a niveles superiores a Básico 1 [/vc_column_text][vc_column_text] Asegúrese de que está en posesión de la cualificación exigida para acceder al nivel de que se trate. No se admite ninguna otra cualificación aparte de la especificada en este programa. No realice solicitud de plaza [&hellip;]</p>
